{"id":703730,"date":"2025-08-27T15:28:49","date_gmt":"2025-08-27T12:28:49","guid":{"rendered":"https:\/\/roveyayinevi.com.tr\/index.php\/urun\/kirim-savasi\/"},"modified":"2026-04-16T02:12:58","modified_gmt":"2026-04-15T23:12:58","slug":"kirim-savasi","status":"publish","type":"product","link":"https:\/\/roveyayinevi.com.tr\/index.php\/urun\/kirim-savasi\/","title":{"rendered":"K\u0131r\u0131m Sava\u015f\u0131"},"content":{"rendered":"<p>1853-1856 aras\u0131nda ger\u00e7ekle\u015fen K\u0131r\u0131m Sava\u015f\u0131n\u0131n tarihte pek \u00e7ok yank\u0131s\u0131 oldu: Hafif s\u00fcvari alay\u0131n\u0131n sald\u0131r\u0131s\u0131, Sivastopol ku\u015fatmas\u0131, Selimiye k\u0131\u015flas\u0131nda lambas\u0131yla dola\u015fan Florence Nightingale. <\/p>\n","protected":false},"excerpt":{"rendered":"<p>1853-1856 aras\u0131nda ger\u00e7ekle\u015fen K\u0131r\u0131m Sava\u015f\u0131n\u0131n tarihte pek \u00e7ok yank\u0131s\u0131 oldu: Hafif s\u00fcvari alay\u0131n\u0131n sald\u0131r\u0131s\u0131, Sivastopol ku\u015fatmas\u0131, Selimiye k\u0131\u015flas\u0131nda lambas\u0131yla dola\u015fan Florence Nightingale.<\/p>\n","protected":false},"featured_media":0,"template":"","meta":{"_monsterinsights_skip_tracking":false,"_monsterinsights_sitenote_active":false,"_monsterinsights_sitenote_note":"","_monsterinsights_sitenote_category":0},"product_brand":[],"product_cat":[12370,12304],"product_tag":[],"class_list":{"0":"post-703730","1":"product","2":"type-product","3":"status-publish","5":"product_cat-arastirma-inceleme","6":"product_cat-tarih","7":"pa_tur-kitap","8":"pa_yayinevi-alfa-yayinlari","9":"pa_yazar-clive-ponting","11":"first","12":"instock","13":"sale","14":"shipping-taxable","15":"purchasable","16":"product-type-simple"},"_links":{"self":[{"href":"https:\/\/roveyayinevi.com.tr\/index.php\/wp-json\/wp\/v2\/product\/703730","targetHints":{"allow":["GET"]}}],"collection":[{"href":"https:\/\/roveyayinevi.com.tr\/index.php\/wp-json\/wp\/v2\/product"}],"about":[{"href":"https:\/\/roveyayinevi.com.tr\/index.php\/wp-json\/wp\/v2\/types\/product"}],"wp:attachment":[{"href":"https:\/\/roveyayinevi.com.tr\/index.php\/wp-json\/wp\/v2\/media?parent=703730"}],"wp:term":[{"taxonomy":"product_brand","embeddable":true,"href":"https:\/\/roveyayinevi.com.tr\/index.php\/wp-json\/wp\/v2\/product_brand?post=703730"},{"taxonomy":"product_cat","embeddable":true,"href":"https:\/\/roveyayinevi.com.tr\/index.php\/wp-json\/wp\/v2\/product_cat?post=703730"},{"taxonomy":"product_tag","embeddable":true,"href":"https:\/\/roveyayinevi.com.tr\/index.php\/wp-json\/wp\/v2\/product_tag?post=703730"}],"curies":[{"name":"wp","href":"https:\/\/api.w.org\/{rel}","templated":true}]}}