{"id":703728,"date":"2025-08-27T15:28:48","date_gmt":"2025-08-27T12:28:48","guid":{"rendered":"https:\/\/roveyayinevi.com.tr\/index.php\/urun\/bilim-adamlarimiz-serisi-seydi-ali-reis\/"},"modified":"2026-04-16T02:12:58","modified_gmt":"2026-04-15T23:12:58","slug":"bilim-adamlarimiz-serisi-seydi-ali-reis","status":"publish","type":"product","link":"https:\/\/roveyayinevi.com.tr\/index.php\/urun\/bilim-adamlarimiz-serisi-seydi-ali-reis\/","title":{"rendered":"Bilim Adamlar\u0131m\u0131z Serisi: Seydi Ali Reis"},"content":{"rendered":"<p>16. y\u00fczy\u0131l\u0131n b\u00fcy\u00fck denizcilerinden biridir Seydi Ali Reis. Gerek babas\u0131, gerek b\u00fcy\u00fckbabas\u0131 bahriye m\u00fcste\u015far\u0131 olan bu denizci \u00e7ocu\u011fu, kaynaklarda yer alan bilgilere g\u00f6re 1498 y\u0131llar\u0131na do\u011fru \u0130stanbul&#8217;da do\u011fdu. 1522 y\u0131l\u0131nda Rodos\u2019un fethine deniz subay\u0131 olarak kat\u0131ld\u0131. Kaptan-\u0131 Derya Barbaros Hayrettin Pa\u015fa&#8217;n\u0131n yan\u0131nda yeti\u015fti. Kendisini \u00e7ok takdir eden Barbaros, cihan tarihinin en b\u00fcy\u00fck deniz vuru\u015fmalar\u0131ndan biri olan 1538 y\u0131l\u0131ndaki Preveze Sava\u015f\u0131\u2019nda, T\u00fcrk donanmas\u0131n\u0131n sol kanat amiralli\u011fini Seydi Ali Reis&#8217;e verdi. Seydi Ali Reis, en az amiralli\u011fi derecesinde co\u011frafya, matematik ve astronomi bilgini olmakla \u00fcnl\u00fcd\u00fcr. \ufffcTan\u0131t\u0131m Metni<\/p>\n","protected":false},"excerpt":{"rendered":"<p>16. y\u00fczy\u0131l\u0131n b\u00fcy\u00fck denizcilerinden biridir Seydi Ali Reis. Gerek babas\u0131, gerek b\u00fcy\u00fckbabas\u0131 bahriye m\u00fcste\u015far\u0131 olan bu denizci \u00e7ocu\u011fu, kaynaklarda yer alan bilgilere g\u00f6re 1498 y\u0131llar\u0131na do\u011fru<span class=\"excerpt-hellip\"> [\u2026]<\/span><\/p>\n","protected":false},"featured_media":0,"template":"","meta":{"_monsterinsights_skip_tracking":false,"_monsterinsights_sitenote_active":false,"_monsterinsights_sitenote_note":"","_monsterinsights_sitenote_category":0},"product_brand":[],"product_cat":[12370,12304],"product_tag":[],"class_list":{"0":"post-703728","1":"product","2":"type-product","3":"status-publish","5":"product_cat-arastirma-inceleme","6":"product_cat-tarih","7":"pa_tur-kitap","8":"pa_yayinevi-parola-yayinlari","9":"pa_yazar-ali-kuzu","11":"first","12":"instock","13":"sale","14":"shipping-taxable","15":"purchasable","16":"product-type-simple"},"_links":{"self":[{"href":"https:\/\/roveyayinevi.com.tr\/index.php\/wp-json\/wp\/v2\/product\/703728","targetHints":{"allow":["GET"]}}],"collection":[{"href":"https:\/\/roveyayinevi.com.tr\/index.php\/wp-json\/wp\/v2\/product"}],"about":[{"href":"https:\/\/roveyayinevi.com.tr\/index.php\/wp-json\/wp\/v2\/types\/product"}],"wp:attachment":[{"href":"https:\/\/roveyayinevi.com.tr\/index.php\/wp-json\/wp\/v2\/media?parent=703728"}],"wp:term":[{"taxonomy":"product_brand","embeddable":true,"href":"https:\/\/roveyayinevi.com.tr\/index.php\/wp-json\/wp\/v2\/product_brand?post=703728"},{"taxonomy":"product_cat","embeddable":true,"href":"https:\/\/roveyayinevi.com.tr\/index.php\/wp-json\/wp\/v2\/product_cat?post=703728"},{"taxonomy":"product_tag","embeddable":true,"href":"https:\/\/roveyayinevi.com.tr\/index.php\/wp-json\/wp\/v2\/product_tag?post=703728"}],"curies":[{"name":"wp","href":"https:\/\/api.w.org\/{rel}","templated":true}]}}