{"id":703723,"date":"2025-08-27T15:28:46","date_gmt":"2025-08-27T12:28:46","guid":{"rendered":"https:\/\/roveyayinevi.com.tr\/index.php\/urun\/sarki-soyle-dans-et\/"},"modified":"2026-04-16T02:12:58","modified_gmt":"2026-04-15T23:12:58","slug":"sarki-soyle-dans-et","status":"publish","type":"product","link":"https:\/\/roveyayinevi.com.tr\/index.php\/urun\/sarki-soyle-dans-et\/","title":{"rendered":"\u015eark\u0131 S\u00f6yle Dans Et"},"content":{"rendered":"<p>Platon &#8220;Oynar gibi ya\u015famal\u0131, oyunlar oynamal\u0131, \u015fark\u0131 s\u00f6ylemeli, dans etmeli. B\u00f6ylece tanr\u0131lar\u0131n g\u00f6nl\u00fc al\u0131nm\u0131\u015f olur ve insan kendini d\u00fc\u015fmanlar\u0131na kar\u015f\u0131 savunur, yar\u0131\u015fma kazan\u0131r.&#8221; diyordu &#8216;Yasalar&#8217;adl\u0131 eserinde. \u015eark\u0131lar s\u00f6ylenmeli, danslar edilmeli, oyunlar oynanmal\u0131, ac\u0131lar\u0131n yar\u0131\u015ft\u0131r\u0131ld\u0131\u011f\u0131 g\u00fcn\u00fcm\u00fczde bize ya\u015famay\u0131 hissettiren en saf, en \u00e7ocuk, en ger\u00e7ek, en kendimiz oldu\u011fumuz anlar\u0131 ya\u015famak ve \u00e7ocuklar\u0131m\u0131za ya\u015fatmak i\u00e7in&#8230;  &#8216;\u015eark\u0131 S\u00f6yle Dans Et&#8217; daha \u00f6nce bestelemi\u015f oldu\u011fum on \u015fark\u0131 \u00fczerine ya\u015fayarak \u00f6\u011frenmeye dayal\u0131 ders etkinliklerinden olu\u015fan bir kitapt\u0131r. Bu kitaptaki \u015fark\u0131 ve etkinliklerin a\u011f\u0131rl\u0131k noktas\u0131, \u00f6zellikle beden perk\u00fcsyonu ve beden b\u00f6l\u00fcmlerinin fark\u0131ndal\u0131\u011f\u0131n\u0131 artt\u0131rmaya y\u00f6neliktir. Ayr\u0131ca birbirine eklenerek artan dil ve hareket oyunlar\u0131 da bu kitapta s\u0131k\u00e7a yer almakta olup \u00e7ocuklarda beden ile matematik ili\u015fkisini ve kinestetik koordinasyonu artt\u0131rmay\u0131 hedeflemektedir. E\u011fitimciler kadar anne babalar\u0131nda bu kitaptaki oyunlar\u0131 evde \u00e7ocuklar\u0131yla oynamalar\u0131n\u0131n \u00e7ok yararl\u0131 olaca\u011f\u0131na inan\u0131yorum. <\/p>\n","protected":false},"excerpt":{"rendered":"<p>Platon &#8220;Oynar gibi ya\u015famal\u0131, oyunlar oynamal\u0131, \u015fark\u0131 s\u00f6ylemeli, dans etmeli. B\u00f6ylece tanr\u0131lar\u0131n g\u00f6nl\u00fc al\u0131nm\u0131\u015f olur ve insan kendini d\u00fc\u015fmanlar\u0131na kar\u015f\u0131 savunur, yar\u0131\u015fma kazan\u0131r.&#8221; diyordu &#8216;Yasalar&#8217;adl\u0131 eserinde.<span class=\"excerpt-hellip\"> [\u2026]<\/span><\/p>\n","protected":false},"featured_media":0,"template":"","meta":{"_monsterinsights_skip_tracking":false,"_monsterinsights_sitenote_active":false,"_monsterinsights_sitenote_note":"","_monsterinsights_sitenote_category":0},"product_brand":[],"product_cat":[12274,15842],"product_tag":[],"class_list":{"0":"post-703723","1":"product","2":"type-product","3":"status-publish","5":"product_cat-cocuk-ve-genclik-kitaplari","6":"product_cat-egitici-kitaplar","7":"pa_cilt-ciltsiz","8":"pa_tur-kitap","9":"pa_yayinevi-egiten-kitap","10":"pa_yazar-onur-erol","12":"first","13":"instock","14":"sale","15":"shipping-taxable","16":"purchasable","17":"product-type-simple"},"_links":{"self":[{"href":"https:\/\/roveyayinevi.com.tr\/index.php\/wp-json\/wp\/v2\/product\/703723","targetHints":{"allow":["GET"]}}],"collection":[{"href":"https:\/\/roveyayinevi.com.tr\/index.php\/wp-json\/wp\/v2\/product"}],"about":[{"href":"https:\/\/roveyayinevi.com.tr\/index.php\/wp-json\/wp\/v2\/types\/product"}],"wp:attachment":[{"href":"https:\/\/roveyayinevi.com.tr\/index.php\/wp-json\/wp\/v2\/media?parent=703723"}],"wp:term":[{"taxonomy":"product_brand","embeddable":true,"href":"https:\/\/roveyayinevi.com.tr\/index.php\/wp-json\/wp\/v2\/product_brand?post=703723"},{"taxonomy":"product_cat","embeddable":true,"href":"https:\/\/roveyayinevi.com.tr\/index.php\/wp-json\/wp\/v2\/product_cat?post=703723"},{"taxonomy":"product_tag","embeddable":true,"href":"https:\/\/roveyayinevi.com.tr\/index.php\/wp-json\/wp\/v2\/product_tag?post=703723"}],"curies":[{"name":"wp","href":"https:\/\/api.w.org\/{rel}","templated":true}]}}