{"id":703719,"date":"2025-08-27T15:28:45","date_gmt":"2025-08-27T12:28:45","guid":{"rendered":"https:\/\/roveyayinevi.com.tr\/index.php\/urun\/yeni-hayat\/"},"modified":"2026-04-16T02:12:58","modified_gmt":"2026-04-15T23:12:58","slug":"yeni-hayat","status":"publish","type":"product","link":"https:\/\/roveyayinevi.com.tr\/index.php\/urun\/yeni-hayat\/","title":{"rendered":"Yeni Hayat"},"content":{"rendered":"<p>G\u00f6kalp\u2019a g\u00f6re siyasi ink\u0131lap kolay oldu\u011fu halde sosyal ink\u0131l\u00e2b\u0131 ger\u00e7ekle\u015ftirmek d\u0131\u015far\u0131dan g\u00f6r\u00fcnd\u00fc\u011f\u00fc kadar kolay de\u011fildir. \u00c7\u00fcnk\u00fc sosyal ink\u0131lap, duygular\u0131n ilerlemesine ve y\u00fckselmesine ba\u011fl\u0131d\u0131r. Duygular as\u0131rlard\u0131r s\u00fcren toplumsal al\u0131\u015fkanl\u0131klara ba\u011fl\u0131 oldu\u011fu i\u00e7in, yeni duygular\u0131n ve hissedi\u015flerin yarat\u0131labilmesi i\u00e7in ciddi gayret gerekmektedir. \ufffcTan\u0131t\u0131m Metni<\/p>\n","protected":false},"excerpt":{"rendered":"<p>G\u00f6kalp\u2019a g\u00f6re siyasi ink\u0131lap kolay oldu\u011fu halde sosyal ink\u0131l\u00e2b\u0131 ger\u00e7ekle\u015ftirmek d\u0131\u015far\u0131dan g\u00f6r\u00fcnd\u00fc\u011f\u00fc kadar kolay de\u011fildir. \u00c7\u00fcnk\u00fc sosyal ink\u0131lap, duygular\u0131n ilerlemesine ve y\u00fckselmesine ba\u011fl\u0131d\u0131r. Duygular as\u0131rlard\u0131r s\u00fcren<span class=\"excerpt-hellip\"> [\u2026]<\/span><\/p>\n","protected":false},"featured_media":0,"template":"","meta":{"_monsterinsights_skip_tracking":false,"_monsterinsights_sitenote_active":false,"_monsterinsights_sitenote_note":"","_monsterinsights_sitenote_category":0},"product_brand":[],"product_cat":[12291,12509],"product_tag":[],"class_list":{"0":"post-703719","1":"product","2":"type-product","3":"status-publish","5":"product_cat-edebiyat","6":"product_cat-siir","7":"pa_cilt-ciltsiz","8":"pa_tur-kitap","9":"pa_yayinevi-otuken-nesriyat","10":"pa_yazar-ziya-gokalp","12":"first","13":"instock","14":"sale","15":"shipping-taxable","16":"purchasable","17":"product-type-simple"},"_links":{"self":[{"href":"https:\/\/roveyayinevi.com.tr\/index.php\/wp-json\/wp\/v2\/product\/703719","targetHints":{"allow":["GET"]}}],"collection":[{"href":"https:\/\/roveyayinevi.com.tr\/index.php\/wp-json\/wp\/v2\/product"}],"about":[{"href":"https:\/\/roveyayinevi.com.tr\/index.php\/wp-json\/wp\/v2\/types\/product"}],"wp:attachment":[{"href":"https:\/\/roveyayinevi.com.tr\/index.php\/wp-json\/wp\/v2\/media?parent=703719"}],"wp:term":[{"taxonomy":"product_brand","embeddable":true,"href":"https:\/\/roveyayinevi.com.tr\/index.php\/wp-json\/wp\/v2\/product_brand?post=703719"},{"taxonomy":"product_cat","embeddable":true,"href":"https:\/\/roveyayinevi.com.tr\/index.php\/wp-json\/wp\/v2\/product_cat?post=703719"},{"taxonomy":"product_tag","embeddable":true,"href":"https:\/\/roveyayinevi.com.tr\/index.php\/wp-json\/wp\/v2\/product_tag?post=703719"}],"curies":[{"name":"wp","href":"https:\/\/api.w.org\/{rel}","templated":true}]}}