{"id":703706,"date":"2025-08-27T15:28:40","date_gmt":"2025-08-27T12:28:40","guid":{"rendered":"https:\/\/roveyayinevi.com.tr\/index.php\/urun\/anne-adaylari-ve-hamileler-icin-karatay-diyeti\/"},"modified":"2026-04-16T02:12:57","modified_gmt":"2026-04-15T23:12:57","slug":"anne-adaylari-ve-hamileler-icin-karatay-diyeti","status":"publish","type":"product","link":"https:\/\/roveyayinevi.com.tr\/index.php\/urun\/anne-adaylari-ve-hamileler-icin-karatay-diyeti\/","title":{"rendered":"Anne Adaylar\u0131 ve Hamileler \u0130\u00e7in Karatay Diyeti"},"content":{"rendered":"<p>Prof. Canan Karatay bu kez anne baba adaylar\u0131, hamileler ve yeni do\u011fum yapm\u0131\u015f anneler i\u00e7in koruyucu hekimlik sanat\u0131n\u0131 konu\u015fturdu! Onun \u00f6nerileri, hamilelere hasta g\u00f6z\u00fcyle bakan, s\u00fcrekli tetkik, ultrason, \u015feker y\u00fcklemesi vazeden ve do\u011fal do\u011fuma \u2018riskli\u2019 yaftas\u0131 yap\u0131\u015ft\u0131r\u0131p sezaryene y\u00f6nlendiren end\u00fcstriyel t\u0131p\u2019tan farkl\u0131 elbette&#8230; Prof. Karatay\u2019a g\u00f6re hamilelik d\u00fcnyan\u0131n en do\u011fal, en g\u00fczel, en umutlu s\u00fcreci&#8230; Bu s\u00fcrece do\u011fru haz\u0131rlanmak, ya\u015fam bi\u00e7imini \u2018sa\u011fl\u0131kl\u0131\u2019 hale getirmek gerekiyor. Fazla kilo almamak, kandaki \u015feker\/ins\u00fclin de\u011ferlerini y\u00fckseltmemek, bunun i\u00e7in de d\u00fc\u015f\u00fck glisemik indeksli yiyeceklerle beslenmek gerekiyor. Prof. Karatay, bebe\u011fin h\u00fccrelerinin sa\u011fl\u0131kl\u0131 geli\u015fimi ve b\u00fct\u00fcnc\u00fcl bir anne-bebek sa\u011fl\u0131\u011f\u0131 i\u00e7in gerekli vitamin, mineral ve aminoasitleri tek tek s\u0131ral\u0131yor kitab\u0131nda. Bunlar\u0131 hangi besin kaynaklar\u0131ndan alabilece\u011finizi de&#8230; <\/p>\n","protected":false},"excerpt":{"rendered":"<p>Prof. Canan Karatay bu kez anne baba adaylar\u0131, hamileler ve yeni do\u011fum yapm\u0131\u015f anneler i\u00e7in koruyucu hekimlik sanat\u0131n\u0131 konu\u015fturdu! Onun \u00f6nerileri, hamilelere hasta g\u00f6z\u00fcyle bakan, s\u00fcrekli<span class=\"excerpt-hellip\"> [\u2026]<\/span><\/p>\n","protected":false},"featured_media":0,"template":"","meta":{"_monsterinsights_skip_tracking":false,"_monsterinsights_sitenote_active":false,"_monsterinsights_sitenote_note":"","_monsterinsights_sitenote_category":0},"product_brand":[],"product_cat":[13402,13365],"product_tag":[],"class_list":{"0":"post-703706","1":"product","2":"type-product","3":"status-publish","5":"product_cat-beslenme-ve-diyet","6":"product_cat-saglik","7":"pa_cilt-ciltsiz","8":"pa_tur-kitap","9":"pa_yayinevi-hayykitap","10":"pa_yazar-canan-efendigil-karatay","12":"first","13":"instock","14":"sale","15":"shipping-taxable","16":"purchasable","17":"product-type-simple"},"_links":{"self":[{"href":"https:\/\/roveyayinevi.com.tr\/index.php\/wp-json\/wp\/v2\/product\/703706","targetHints":{"allow":["GET"]}}],"collection":[{"href":"https:\/\/roveyayinevi.com.tr\/index.php\/wp-json\/wp\/v2\/product"}],"about":[{"href":"https:\/\/roveyayinevi.com.tr\/index.php\/wp-json\/wp\/v2\/types\/product"}],"wp:attachment":[{"href":"https:\/\/roveyayinevi.com.tr\/index.php\/wp-json\/wp\/v2\/media?parent=703706"}],"wp:term":[{"taxonomy":"product_brand","embeddable":true,"href":"https:\/\/roveyayinevi.com.tr\/index.php\/wp-json\/wp\/v2\/product_brand?post=703706"},{"taxonomy":"product_cat","embeddable":true,"href":"https:\/\/roveyayinevi.com.tr\/index.php\/wp-json\/wp\/v2\/product_cat?post=703706"},{"taxonomy":"product_tag","embeddable":true,"href":"https:\/\/roveyayinevi.com.tr\/index.php\/wp-json\/wp\/v2\/product_tag?post=703706"}],"curies":[{"name":"wp","href":"https:\/\/api.w.org\/{rel}","templated":true}]}}