{"id":703703,"date":"2025-08-27T15:28:39","date_gmt":"2025-08-27T12:28:39","guid":{"rendered":"https:\/\/roveyayinevi.com.tr\/index.php\/urun\/kent-sinif-iktidar\/"},"modified":"2026-04-16T02:12:57","modified_gmt":"2026-04-15T23:12:57","slug":"kent-sinif-iktidar","status":"publish","type":"product","link":"https:\/\/roveyayinevi.com.tr\/index.php\/urun\/kent-sinif-iktidar\/","title":{"rendered":"Kent, S\u0131n\u0131f, \u0130ktidar"},"content":{"rendered":"<p>Castells&#8217;in 1970&#8217;li y\u0131llar\u0131n sonlar\u0131na do\u011fru yazd\u0131\u011f\u0131 bu kitap bug\u00fcn hala g\u00fcncelli\u011fini korumaktad\u0131r. Yazar, \u00f6zellikle Fransa ve Amerika Birle\u015fik Devletleri&#8217;nde ortaya \u00e7\u0131kan kentsel m\u00fccadeleler ve bunlar\u0131n kentsel toplumsal hareketlere d\u00f6n\u00fc\u015fme potansiyeli \u00fczerine yapt\u0131\u011f\u0131 bu \u00e7al\u0131\u015fmas\u0131nda, kentlere ili\u015fkin doyurucu bir analizin ancak toplumsal s\u0131n\u0131f, siyaset ve iktidar aras\u0131ndaki ili\u015fkilerin kavranmas\u0131yla yap\u0131labilece\u011fini g\u00f6stermektedir. Castells, b\u00fct\u00fcn toplumsal gruplar\u0131n g\u00fcnl\u00fck ya\u015fam\u0131n\u0131n temelinde yer alan konut, e\u011fitim, sa\u011fl\u0131k, k\u00fclt\u00fcr, ticaret, ula\u015f\u0131m gibi ortak t\u00fcketim ara\u00e7lar\u0131 alan\u0131nda ikincil bir yap\u0131sal \u00e7eli\u015fkinin derinle\u015fmekte oldu\u011funu, toplumsal \u00f6rg\u00fctlenmede giderek \u00f6nem kazand\u0131\u011f\u0131n\u0131 ve bu \u00e7eli\u015fkinin toplumsal hareketler yoluyla bir de\u011fi\u015fim s\u00fcrecini ba\u015flatabilece\u011fini vurgulamaktad\u0131r. Castells, ortak t\u00fcketim alan\u0131nda derinle\u015fen \u00e7eli\u015fkilerin ve devletin bu alanda ya\u015fad\u0131\u011f\u0131 krizin, yaln\u0131zca i\u015f\u00e7i s\u0131n\u0131f\u0131n\u0131 de\u011fil, b\u00fct\u00fcn halk tabakalar\u0131n\u0131 etkiledi\u011fini ifade etmektedir; &#8220;Konut krizi i\u015f\u00e7i s\u0131n\u0131f\u0131n\u0131n \u00e7ok \u00f6tesine yay\u0131lmakta; toplu ula\u015f\u0131m krizi her g\u00fcn i\u015fe gitmek zorunda olan herkesi ilgilendirmekte; kre\u015flerin ve bak\u0131mevlerinin yoklu\u011fu b\u00fct\u00fcn kad\u0131nlar\u0131 etkilemektedir. Mekan\u0131n toplumsal ve i\u015flevsel olarak ayr\u0131\u015ft\u0131r\u0131lmas\u0131 yaln\u0131zca iktidar sahibi elitleri olu\u015fturan k\u00fc\u00e7\u00fck bir az\u0131nl\u0131\u011f\u0131n i\u015fine yaramakta; kirlenme ise b\u00fcy\u00fck \u00f6l\u00e7\u00fcde b\u00f6l\u00fcnmez bir sorun olu\u015fturmaktad\u0131r. Ancak bu kar\u015f\u0131tl\u0131klar toplumun b\u00fcy\u00fck bir k\u0131sm\u0131n\u0131 etkiliyorsa da, bunlar ka\u00e7\u0131n\u0131lmaz olarak &#8216;kent ortam\u0131na&#8217; \u00f6zg\u00fc &#8216;do\u011fal&#8217; sonu\u00e7lar de\u011fildir; tarihsel olarak tan\u0131mlanm\u0131\u015f toplumsal ili\u015fkiler taraf\u0131ndan belirlenirler. Bizimki gibi toplumlarda ortaya \u00e7\u0131kan \u00e7eli\u015fkiler, bu \u00f6zel bi\u00e7imiyle, \u00fcretim ve t\u00fcketimin kapitalist \u00f6rg\u00fctlenmesinden ve finans kapitalin hakim fraksiyonu etraf\u0131nda olu\u015fan iktidar blo\u011funun b\u00fcy\u00fck \u00f6l\u00e7\u00fcde egemen oldu\u011fu devlet m\u00fcdahalesinden kaynaklan\u0131rlar. (\u2026) Bu nedenle, kent ve iktidar aras\u0131ndaki ili\u015fki mevcut kentsel sorunsal\u0131n merkezinde yer almaktad\u0131r zira e\u011fer iktidar kenti bi\u00e7imlendiriyorsa, bunun ortaya \u00e7\u0131kard\u0131\u011f\u0131 hareketler de iktidar\u0131n d\u00f6n\u00fc\u015ft\u00fcr\u00fclmesinde stratejik bir rol oynayacakt\u0131r.&#8221; <\/p>\n","protected":false},"excerpt":{"rendered":"<p>Castells&#8217;in 1970&#8217;li y\u0131llar\u0131n sonlar\u0131na do\u011fru yazd\u0131\u011f\u0131 bu kitap bug\u00fcn hala g\u00fcncelli\u011fini korumaktad\u0131r. Yazar, \u00f6zellikle Fransa ve Amerika Birle\u015fik Devletleri&#8217;nde ortaya \u00e7\u0131kan kentsel m\u00fccadeleler ve bunlar\u0131n kentsel<span class=\"excerpt-hellip\"> [\u2026]<\/span><\/p>\n","protected":false},"featured_media":0,"template":"","meta":{"_monsterinsights_skip_tracking":false,"_monsterinsights_sitenote_active":false,"_monsterinsights_sitenote_note":"","_monsterinsights_sitenote_category":0},"product_brand":[],"product_cat":[12767,12324],"product_tag":[],"class_list":{"0":"post-703703","1":"product","2":"type-product","3":"status-publish","5":"product_cat-kentlesme-modernlesme","6":"product_cat-sosyoloji","7":"pa_tur-kitap","8":"pa_yayinevi-phoenix-yayinevi","9":"pa_yazar-manuel-castells","11":"first","12":"instock","13":"sale","14":"shipping-taxable","15":"purchasable","16":"product-type-simple"},"_links":{"self":[{"href":"https:\/\/roveyayinevi.com.tr\/index.php\/wp-json\/wp\/v2\/product\/703703","targetHints":{"allow":["GET"]}}],"collection":[{"href":"https:\/\/roveyayinevi.com.tr\/index.php\/wp-json\/wp\/v2\/product"}],"about":[{"href":"https:\/\/roveyayinevi.com.tr\/index.php\/wp-json\/wp\/v2\/types\/product"}],"wp:attachment":[{"href":"https:\/\/roveyayinevi.com.tr\/index.php\/wp-json\/wp\/v2\/media?parent=703703"}],"wp:term":[{"taxonomy":"product_brand","embeddable":true,"href":"https:\/\/roveyayinevi.com.tr\/index.php\/wp-json\/wp\/v2\/product_brand?post=703703"},{"taxonomy":"product_cat","embeddable":true,"href":"https:\/\/roveyayinevi.com.tr\/index.php\/wp-json\/wp\/v2\/product_cat?post=703703"},{"taxonomy":"product_tag","embeddable":true,"href":"https:\/\/roveyayinevi.com.tr\/index.php\/wp-json\/wp\/v2\/product_tag?post=703703"}],"curies":[{"name":"wp","href":"https:\/\/api.w.org\/{rel}","templated":true}]}}