{"id":703694,"date":"2025-08-27T15:28:35","date_gmt":"2025-08-27T12:28:35","guid":{"rendered":"https:\/\/roveyayinevi.com.tr\/index.php\/urun\/gunden-kalanlar\/"},"modified":"2026-04-16T02:12:57","modified_gmt":"2026-04-15T23:12:57","slug":"gunden-kalanlar","status":"publish","type":"product","link":"https:\/\/roveyayinevi.com.tr\/index.php\/urun\/gunden-kalanlar\/","title":{"rendered":"G\u00fcnden Kalanlar"},"content":{"rendered":"<p>Bir roman d\u00fc\u015f\u00fcn\u00fcn ki as\u0131l anlatt\u0131\u011f\u0131, tek bir sat\u0131r\u0131nda dahi ge\u00e7meyen duygular, umutlar, hayal k\u0131r\u0131kl\u0131klar\u0131, \u00f6zlemler olsun. Kazuo Ishiguro\u2019nun benzersiz tarz\u0131n\u0131 en iyi ortaya koydu\u011fu eserlerinden biri olan G\u00fcnden Kalanlar b\u00f6yle bir roman&#8230;\u0130ngiliz malikanelerinin ihti\u015fam\u0131n\u0131 yitirdi\u011fi d\u00f6nemin son b\u00fcy\u00fck ba\u015fu\u015faklar\u0131ndan biridir Stevens. Amerikal\u0131 yeni i\u015fvereninin arzulad\u0131\u011f\u0131 d\u00fczeni kurmak i\u00e7in birlikte \u00e7al\u0131\u015ft\u0131\u011f\u0131 eski kahyay\u0131 ziyaret etmeye karar verir ve \u0130ngiliz ta\u015fras\u0131nda bir yolculu\u011fa \u00e7\u0131kar. Yol boyunca kar\u015f\u0131la\u015ft\u0131\u011f\u0131 manzaralar\u0131n ve insanlar\u0131n yaratt\u0131\u011f\u0131 izlenimler an\u0131lar\u0131yla ve mesle\u011finin gereklerine dair d\u00fc\u015f\u00fcnceleriyle birle\u015ferek, \u00f6zenle bast\u0131rd\u0131\u011f\u0131 duygular\u0131n\u0131 ortaya sererken, hayat\u0131n\u0131 idealleri u\u011fruna harcayan Stevens basmakal\u0131p fikirleri ve saplant\u0131lar\u0131yla okurun kalbini fetheden e\u015fsiz bir kahramana d\u00f6n\u00fc\u015f\u00fcr.Dokunakl\u0131 bir dram\u0131n \u00f6z\u00fcndeki komi\u011fi okura ya\u015fatmay\u0131 ba\u015faran G\u00fcnden Kalanlar, edebiyat tarihinin k\u00f6\u015feta\u015flar\u0131ndan biri.\u201cKatman katman a\u00e7\u0131lan, b\u00fcy\u00fcleyici bir roman.\u201dThe New York Times\u201cOkuru fark ettirmeden sarsan, parlak bir roman.\u201dNewsweek\u201cBir yazar\u0131n varabilece\u011fi en y\u00fcksek mertebe&#8230; Hayranl\u0131k uyand\u0131racak derecede cesur ve b\u00fct\u00fcnl\u00fckl\u00fc bir anlat\u0131.\u201dThe New York Review of Books <\/p>\n","protected":false},"excerpt":{"rendered":"<p>Bir roman d\u00fc\u015f\u00fcn\u00fcn ki as\u0131l anlatt\u0131\u011f\u0131, tek bir sat\u0131r\u0131nda dahi ge\u00e7meyen duygular, umutlar, hayal k\u0131r\u0131kl\u0131klar\u0131, \u00f6zlemler olsun. Kazuo Ishiguro\u2019nun benzersiz tarz\u0131n\u0131 en iyi ortaya koydu\u011fu eserlerinden<span class=\"excerpt-hellip\"> [\u2026]<\/span><\/p>\n","protected":false},"featured_media":0,"template":"","meta":{"_monsterinsights_skip_tracking":false,"_monsterinsights_sitenote_active":false,"_monsterinsights_sitenote_note":"","_monsterinsights_sitenote_category":0},"product_brand":[],"product_cat":[12291,12711],"product_tag":[],"class_list":{"0":"post-703694","1":"product","2":"type-product","3":"status-publish","5":"product_cat-edebiyat","6":"product_cat-roman-oyku","7":"pa_cilt-ciltsiz","8":"pa_tur-kitap","9":"pa_yayinevi-yapi-kredi-yayinlari","10":"pa_yazar-kazuo-ishiguro","12":"first","13":"instock","14":"sale","15":"shipping-taxable","16":"purchasable","17":"product-type-simple"},"_links":{"self":[{"href":"https:\/\/roveyayinevi.com.tr\/index.php\/wp-json\/wp\/v2\/product\/703694","targetHints":{"allow":["GET"]}}],"collection":[{"href":"https:\/\/roveyayinevi.com.tr\/index.php\/wp-json\/wp\/v2\/product"}],"about":[{"href":"https:\/\/roveyayinevi.com.tr\/index.php\/wp-json\/wp\/v2\/types\/product"}],"wp:attachment":[{"href":"https:\/\/roveyayinevi.com.tr\/index.php\/wp-json\/wp\/v2\/media?parent=703694"}],"wp:term":[{"taxonomy":"product_brand","embeddable":true,"href":"https:\/\/roveyayinevi.com.tr\/index.php\/wp-json\/wp\/v2\/product_brand?post=703694"},{"taxonomy":"product_cat","embeddable":true,"href":"https:\/\/roveyayinevi.com.tr\/index.php\/wp-json\/wp\/v2\/product_cat?post=703694"},{"taxonomy":"product_tag","embeddable":true,"href":"https:\/\/roveyayinevi.com.tr\/index.php\/wp-json\/wp\/v2\/product_tag?post=703694"}],"curies":[{"name":"wp","href":"https:\/\/api.w.org\/{rel}","templated":true}]}}