{"id":703681,"date":"2025-08-27T15:28:29","date_gmt":"2025-08-27T12:28:29","guid":{"rendered":"https:\/\/roveyayinevi.com.tr\/index.php\/urun\/suriye-kurdistaninda-savas-ve-devrim\/"},"modified":"2026-04-16T02:12:57","modified_gmt":"2026-04-15T23:12:57","slug":"suriye-kurdistaninda-savas-ve-devrim","status":"publish","type":"product","link":"https:\/\/roveyayinevi.com.tr\/index.php\/urun\/suriye-kurdistaninda-savas-ve-devrim\/","title":{"rendered":"Suriye K\u00fcrdistan\u0131&#8217;nda Sava\u015f ve Devrim"},"content":{"rendered":"<p>Avusturyal\u0131 siyaset bilimci ve k\u00fclt\u00fcrel antropolog Thomas Schmidinger, \u201cMazlum Bagok K\u00fcrt Gazetecilik \u00d6d\u00fcl\u00fc\u201dn\u00fc kazanan bu kitab\u0131nda, Suriye K\u00fcrdistan\u0131\u2019n\u0131 anlat\u0131yor. \u00d6zellikle de son d\u00f6nemde sadece K\u00fcrt \u00f6zg\u00fcrl\u00fck m\u00fccadelesinin de\u011fil, ba\u015fta Suriyeliler olmak \u00fczere t\u00fcm d\u00fcnya halklar\u0131n\u0131n deh\u015fet ve \u00f6fkeyle tan\u0131k oldu\u011fu I \u015e\u0130D katliamlar\u0131na kar\u015f\u0131 m\u00fccadelenin de sembollerinden birine d\u00f6n\u00fc\u015fen R ojava\u2019y\u0131&#8230; \ufffcTan\u0131t\u0131m Metni<\/p>\n","protected":false},"excerpt":{"rendered":"<p>Avusturyal\u0131 siyaset bilimci ve k\u00fclt\u00fcrel antropolog Thomas Schmidinger, \u201cMazlum Bagok K\u00fcrt Gazetecilik \u00d6d\u00fcl\u00fc\u201dn\u00fc kazanan bu kitab\u0131nda, Suriye K\u00fcrdistan\u0131\u2019n\u0131 anlat\u0131yor. \u00d6zellikle de son d\u00f6nemde sadece K\u00fcrt \u00f6zg\u00fcrl\u00fck<span class=\"excerpt-hellip\"> [\u2026]<\/span><\/p>\n","protected":false},"featured_media":0,"template":"","meta":{"_monsterinsights_skip_tracking":false,"_monsterinsights_sitenote_active":false,"_monsterinsights_sitenote_note":"","_monsterinsights_sitenote_category":0},"product_brand":[],"product_cat":[12312,12304],"product_tag":[],"class_list":{"0":"post-703681","1":"product","2":"type-product","3":"status-publish","5":"product_cat-diger","6":"product_cat-tarih","7":"pa_cilt-ciltsiz","8":"pa_tur-kitap","9":"pa_yayinevi-yordam-kitap","10":"pa_yazar-thomas-schmidinger","12":"first","13":"instock","14":"sale","15":"shipping-taxable","16":"purchasable","17":"product-type-simple"},"_links":{"self":[{"href":"https:\/\/roveyayinevi.com.tr\/index.php\/wp-json\/wp\/v2\/product\/703681","targetHints":{"allow":["GET"]}}],"collection":[{"href":"https:\/\/roveyayinevi.com.tr\/index.php\/wp-json\/wp\/v2\/product"}],"about":[{"href":"https:\/\/roveyayinevi.com.tr\/index.php\/wp-json\/wp\/v2\/types\/product"}],"wp:attachment":[{"href":"https:\/\/roveyayinevi.com.tr\/index.php\/wp-json\/wp\/v2\/media?parent=703681"}],"wp:term":[{"taxonomy":"product_brand","embeddable":true,"href":"https:\/\/roveyayinevi.com.tr\/index.php\/wp-json\/wp\/v2\/product_brand?post=703681"},{"taxonomy":"product_cat","embeddable":true,"href":"https:\/\/roveyayinevi.com.tr\/index.php\/wp-json\/wp\/v2\/product_cat?post=703681"},{"taxonomy":"product_tag","embeddable":true,"href":"https:\/\/roveyayinevi.com.tr\/index.php\/wp-json\/wp\/v2\/product_tag?post=703681"}],"curies":[{"name":"wp","href":"https:\/\/api.w.org\/{rel}","templated":true}]}}