{"id":703669,"date":"2025-08-27T15:28:24","date_gmt":"2025-08-27T12:28:24","guid":{"rendered":"https:\/\/roveyayinevi.com.tr\/index.php\/urun\/eksilinanin-hayret-verici-maceralari-yikik-dokuk-kralligim\/"},"modified":"2026-04-16T02:12:57","modified_gmt":"2026-04-15T23:12:57","slug":"eksilinanin-hayret-verici-maceralari-yikik-dokuk-kralligim","status":"publish","type":"product","link":"https:\/\/roveyayinevi.com.tr\/index.php\/urun\/eksilinanin-hayret-verici-maceralari-yikik-dokuk-kralligim\/","title":{"rendered":"Ek\u015filina&#8217;n\u0131n Hayret Verici Maceralar\u0131 : Y\u0131k\u0131k D\u00f6k\u00fck Krall\u0131\u011f\u0131m"},"content":{"rendered":"<p>Evvel zaman i\u00e7inde, \u201cYa\u015fam bir tavakekidir,\u201d demi\u015f bir Peynir Generali. Bazen tuzlu bazense tatl\u0131\u2026 Oysa as\u0131l \u00f6nemli olan, tad\u0131 nas\u0131l olursa olsun bu tavakekinin de\u011ferini bilmekmi\u015f asl\u0131nda\u2026 \ufffcTan\u0131t\u0131m Metni<\/p>\n","protected":false},"excerpt":{"rendered":"<p>Evvel zaman i\u00e7inde, \u201cYa\u015fam bir tavakekidir,\u201d demi\u015f bir Peynir Generali. Bazen tuzlu bazense tatl\u0131\u2026 Oysa as\u0131l \u00f6nemli olan, tad\u0131 nas\u0131l olursa olsun bu tavakekinin de\u011ferini bilmekmi\u015f<span class=\"excerpt-hellip\"> [\u2026]<\/span><\/p>\n","protected":false},"featured_media":0,"template":"","meta":{"_monsterinsights_skip_tracking":false,"_monsterinsights_sitenote_active":false,"_monsterinsights_sitenote_note":"","_monsterinsights_sitenote_category":0},"product_brand":[],"product_cat":[12274,12284],"product_tag":[],"class_list":{"0":"post-703669","1":"product","2":"type-product","3":"status-publish","5":"product_cat-cocuk-ve-genclik-kitaplari","6":"product_cat-hikayeler","7":"pa_tur-kitap","8":"pa_yayinevi-tudem-yayinlari","9":"pa_yazar-finn-ole-heinrich","11":"first","12":"instock","13":"sale","14":"shipping-taxable","15":"purchasable","16":"product-type-simple"},"_links":{"self":[{"href":"https:\/\/roveyayinevi.com.tr\/index.php\/wp-json\/wp\/v2\/product\/703669","targetHints":{"allow":["GET"]}}],"collection":[{"href":"https:\/\/roveyayinevi.com.tr\/index.php\/wp-json\/wp\/v2\/product"}],"about":[{"href":"https:\/\/roveyayinevi.com.tr\/index.php\/wp-json\/wp\/v2\/types\/product"}],"wp:attachment":[{"href":"https:\/\/roveyayinevi.com.tr\/index.php\/wp-json\/wp\/v2\/media?parent=703669"}],"wp:term":[{"taxonomy":"product_brand","embeddable":true,"href":"https:\/\/roveyayinevi.com.tr\/index.php\/wp-json\/wp\/v2\/product_brand?post=703669"},{"taxonomy":"product_cat","embeddable":true,"href":"https:\/\/roveyayinevi.com.tr\/index.php\/wp-json\/wp\/v2\/product_cat?post=703669"},{"taxonomy":"product_tag","embeddable":true,"href":"https:\/\/roveyayinevi.com.tr\/index.php\/wp-json\/wp\/v2\/product_tag?post=703669"}],"curies":[{"name":"wp","href":"https:\/\/api.w.org\/{rel}","templated":true}]}}