{"id":703664,"date":"2025-08-27T15:28:22","date_gmt":"2025-08-27T12:28:22","guid":{"rendered":"https:\/\/roveyayinevi.com.tr\/index.php\/urun\/turkce-ogretimi-ve-tam-ogrenme\/"},"modified":"2026-04-16T02:12:57","modified_gmt":"2026-04-15T23:12:57","slug":"turkce-ogretimi-ve-tam-ogrenme","status":"publish","type":"product","link":"https:\/\/roveyayinevi.com.tr\/index.php\/urun\/turkce-ogretimi-ve-tam-ogrenme\/","title":{"rendered":"T\u00fcrk\u00e7e \u00d6\u011fretimi ve Tam \u00d6\u011frenme"},"content":{"rendered":"<p>Son y\u0131llarda tart\u0131\u015f\u0131lan tam \u00f6\u011frenme modeline g\u00f6re T\u00fcrk\u00e7e \u00d6\u011fretiminin nas\u0131l yap\u0131laca\u011f\u0131 uygulamal\u0131 \u00f6rneklerle g\u00f6sterilmi\u015ftir. Anadil \u00f6\u011fretiminin \u00f6nemi, tam \u00f6\u011frenme kuram\u0131 ve ilkeleri, T\u00fcrk\u00e7e \u00d6\u011fretimi program\u0131, tam \u00f6\u011frenme kuram\u0131na g\u00f6re haz\u0131rlanm\u0131\u015f ders planlar\u0131, okudu\u011funu anlama, yaz\u0131l\u0131 anlat\u0131m, kompozisyon de\u011ferlendirme \u00f6l\u00e7e\u011fi ve di\u011fer de\u011ferlendirme \u00f6l\u00e7ekleri kitapta yer alan \u00fcniteler aras\u0131ndad\u0131r.Bu \u00e7al\u0131\u015fma; S\u0131n\u0131f \u00d6\u011fretmeni ve T\u00fcrk\u00e7e \u00d6\u011fretmeni yeti\u015ftiren E\u011fitim Fak\u00fcltelerinin ilgili b\u00f6l\u00fcmlerine, master, doktora \u00f6\u011frencileri ve akademisyenlere y\u00f6nelik haz\u0131rlanm\u0131\u015f bir kaynakt\u0131r <\/p>\n","protected":false},"excerpt":{"rendered":"<p>Son y\u0131llarda tart\u0131\u015f\u0131lan tam \u00f6\u011frenme modeline g\u00f6re T\u00fcrk\u00e7e \u00d6\u011fretiminin nas\u0131l yap\u0131laca\u011f\u0131 uygulamal\u0131 \u00f6rneklerle g\u00f6sterilmi\u015ftir. Anadil \u00f6\u011fretiminin \u00f6nemi, tam \u00f6\u011frenme kuram\u0131 ve ilkeleri, T\u00fcrk\u00e7e \u00d6\u011fretimi program\u0131, tam<span class=\"excerpt-hellip\"> [\u2026]<\/span><\/p>\n","protected":false},"featured_media":0,"template":"","meta":{"_monsterinsights_skip_tracking":false,"_monsterinsights_sitenote_active":false,"_monsterinsights_sitenote_note":"","_monsterinsights_sitenote_category":0},"product_brand":[],"product_cat":[12312,12304],"product_tag":[],"class_list":{"0":"post-703664","1":"product","2":"type-product","3":"status-publish","5":"product_cat-diger","6":"product_cat-tarih","7":"pa_cilt-ciltsiz","8":"pa_tur-kitap","9":"pa_yayinevi-ani-yayincilik","10":"pa_yazar-sedat-sever","12":"first","13":"instock","14":"sale","15":"shipping-taxable","16":"purchasable","17":"product-type-simple"},"_links":{"self":[{"href":"https:\/\/roveyayinevi.com.tr\/index.php\/wp-json\/wp\/v2\/product\/703664","targetHints":{"allow":["GET"]}}],"collection":[{"href":"https:\/\/roveyayinevi.com.tr\/index.php\/wp-json\/wp\/v2\/product"}],"about":[{"href":"https:\/\/roveyayinevi.com.tr\/index.php\/wp-json\/wp\/v2\/types\/product"}],"wp:attachment":[{"href":"https:\/\/roveyayinevi.com.tr\/index.php\/wp-json\/wp\/v2\/media?parent=703664"}],"wp:term":[{"taxonomy":"product_brand","embeddable":true,"href":"https:\/\/roveyayinevi.com.tr\/index.php\/wp-json\/wp\/v2\/product_brand?post=703664"},{"taxonomy":"product_cat","embeddable":true,"href":"https:\/\/roveyayinevi.com.tr\/index.php\/wp-json\/wp\/v2\/product_cat?post=703664"},{"taxonomy":"product_tag","embeddable":true,"href":"https:\/\/roveyayinevi.com.tr\/index.php\/wp-json\/wp\/v2\/product_tag?post=703664"}],"curies":[{"name":"wp","href":"https:\/\/api.w.org\/{rel}","templated":true}]}}