{"id":703655,"date":"2025-08-27T15:28:18","date_gmt":"2025-08-27T12:28:18","guid":{"rendered":"https:\/\/roveyayinevi.com.tr\/index.php\/urun\/bilim-adamlarimiz-serisi-barbaros\/"},"modified":"2026-04-16T02:12:56","modified_gmt":"2026-04-15T23:12:56","slug":"bilim-adamlarimiz-serisi-barbaros","status":"publish","type":"product","link":"https:\/\/roveyayinevi.com.tr\/index.php\/urun\/bilim-adamlarimiz-serisi-barbaros\/","title":{"rendered":"Bilim Adamlar\u0131m\u0131z Serisi: Barbaros"},"content":{"rendered":"<p>Barbaros Hayreddin Pa\u015fa, 1478 y\u0131l\u0131 civarlar\u0131nda Midilli&#8217;de do\u011fdu. Aslen Vardar yenicesinden olan babas\u0131 Yakup A\u011fa, bir Osmanl\u0131 sipahisiydi ve 1461 y\u0131l\u0131nda Midilli&#8217;nin fethi s\u0131ras\u0131nda Fatih Sultan Mehmet ile birlikteydi. As\u0131l ad\u0131 H\u0131z\u0131r oldu\u011fu halde, Barbaros ve Hayreddin lakaplar\u0131yla tan\u0131n\u0131r. Bat\u0131l\u0131lar, havu\u00e7 rengine \u00e7alan k\u0131rm\u0131z\u0131 sakal\u0131ndan dolay\u0131, a\u011fabeyi Oru\u00e7&#8217;a verdikleri Barbarossa ad\u0131n\u0131 daha sonra H\u0131z\u0131r i\u00e7in de kulland\u0131klar\u0131ndan \u201cBarbaros\u201d diye tan\u0131nm\u0131\u015f, Hayreddin lakab\u0131n\u0131 ise kendisine Yavuz Sultan Selim takm\u0131\u015ft\u0131r. \ufffcTan\u0131t\u0131m Metni<\/p>\n","protected":false},"excerpt":{"rendered":"<p>Barbaros Hayreddin Pa\u015fa, 1478 y\u0131l\u0131 civarlar\u0131nda Midilli&#8217;de do\u011fdu. Aslen Vardar yenicesinden olan babas\u0131 Yakup A\u011fa, bir Osmanl\u0131 sipahisiydi ve 1461 y\u0131l\u0131nda Midilli&#8217;nin fethi s\u0131ras\u0131nda Fatih Sultan<span class=\"excerpt-hellip\"> [\u2026]<\/span><\/p>\n","protected":false},"featured_media":0,"template":"","meta":{"_monsterinsights_skip_tracking":false,"_monsterinsights_sitenote_active":false,"_monsterinsights_sitenote_note":"","_monsterinsights_sitenote_category":0},"product_brand":[],"product_cat":[13005,37328],"product_tag":[],"class_list":{"0":"post-703655","1":"product","2":"type-product","3":"status-publish","5":"product_cat-bilim-muhendislik","6":"product_cat-diger-bilim-muhendislik","7":"pa_tur-kitap","8":"pa_yayinevi-parola-yayinlari","9":"pa_yazar-ali-kuzu","11":"first","12":"instock","13":"sale","14":"shipping-taxable","15":"purchasable","16":"product-type-simple"},"_links":{"self":[{"href":"https:\/\/roveyayinevi.com.tr\/index.php\/wp-json\/wp\/v2\/product\/703655","targetHints":{"allow":["GET"]}}],"collection":[{"href":"https:\/\/roveyayinevi.com.tr\/index.php\/wp-json\/wp\/v2\/product"}],"about":[{"href":"https:\/\/roveyayinevi.com.tr\/index.php\/wp-json\/wp\/v2\/types\/product"}],"wp:attachment":[{"href":"https:\/\/roveyayinevi.com.tr\/index.php\/wp-json\/wp\/v2\/media?parent=703655"}],"wp:term":[{"taxonomy":"product_brand","embeddable":true,"href":"https:\/\/roveyayinevi.com.tr\/index.php\/wp-json\/wp\/v2\/product_brand?post=703655"},{"taxonomy":"product_cat","embeddable":true,"href":"https:\/\/roveyayinevi.com.tr\/index.php\/wp-json\/wp\/v2\/product_cat?post=703655"},{"taxonomy":"product_tag","embeddable":true,"href":"https:\/\/roveyayinevi.com.tr\/index.php\/wp-json\/wp\/v2\/product_tag?post=703655"}],"curies":[{"name":"wp","href":"https:\/\/api.w.org\/{rel}","templated":true}]}}

Bilim Adamlarımız Serisi: Barbaros

<p>Barbaros Hayreddin Paşa, 1478 yılı civarlarında Midilli&#8217;de doğdu. Aslen Vardar yenicesinden olan babası Yakup Ağa, bir Osmanlı sipahisiydi ve 1461 yılında Midilli&#8217;nin fethi sırasında Fatih Sultan Mehmet ile birlikteydi. Asıl adı Hızır olduğu halde, Barbaros ve Hayreddin lakaplarıyla tanınır. Batılılar, havuç rengine çalan kırmızı sakalından dolayı, ağabeyi Oruç&#8217;a verdikleri Barbarossa adını daha sonra Hızır için de kullandıklarından “Barbaros” diye tanınmış, Hayreddin lakabını ise kendisine Yavuz Sultan Selim takmıştır. ￼Tanıtım Metni</p>

<p>Barbaros Hayreddin Paşa, 1478 yılı civarlarında Midilli&#8217;de doğdu. Aslen Vardar yenicesinden olan babası Yakup Ağa, bir Osmanlı sipahisiydi ve 1461 yılında Midilli&#8217;nin fethi sırasında Fatih Sultan<span class="excerpt-hellip"> […]</span></p>
