{"id":703628,"date":"2025-08-27T15:27:23","date_gmt":"2025-08-27T12:27:23","guid":{"rendered":"https:\/\/roveyayinevi.com.tr\/index.php\/urun\/kisiligin-gelisimi\/"},"modified":"2026-04-16T02:12:56","modified_gmt":"2026-04-15T23:12:56","slug":"kisiligin-gelisimi","status":"publish","type":"product","link":"https:\/\/roveyayinevi.com.tr\/index.php\/urun\/kisiligin-gelisimi\/","title":{"rendered":"Ki\u015fili\u011fin Geli\u015fimi"},"content":{"rendered":"<p>Jung, ana ara\u015ft\u0131rma alanlar\u0131n\u0131 ideal yeti\u015fkin ki\u015fili\u011fi \u00fczerine yo\u011funla\u015ft\u0131rm\u0131\u015ft\u0131r ancak bu eserde \u00e7ocukluk psikolojisine e\u011filir. Ele ald\u0131\u011f\u0131 meseleler esas olarak e\u011fitim ve ki\u015fi olma sorunlar\u0131d\u0131r. Bunu yaparken, \u00e7ocuklukta g\u00f6r\u00fclmeye ba\u015flayan zeka, alg\u0131 ve duygu bozukluklar\u0131nda anne-babalar\u0131n ve e\u011fitimcilerin g\u00f6z ard\u0131 edilemez rol\u00fcne vurgu yapar. Jung, anne-babalar\u0131n ve e\u011fitimcilerin psikolojisinin \u00e7ocu\u011fun geli\u015fimi i\u00e7in hem olumlu hem de olumsuz getirilerinin olaca\u011f\u0131n\u0131 s\u00f6yler. Dolay\u0131s\u0131yla bu ki\u015filerin sadece e\u011fitmeyi bilen de\u011fil ayn\u0131 zamanda kendi ki\u015filiklerini de geli\u015ftirebilen insanlar olmas\u0131 gerekti\u011finin \u00fczerinde durur. \ufffc<\/p>\n","protected":false},"excerpt":{"rendered":"<p>Jung, ana ara\u015ft\u0131rma alanlar\u0131n\u0131 ideal yeti\u015fkin ki\u015fili\u011fi \u00fczerine yo\u011funla\u015ft\u0131rm\u0131\u015ft\u0131r ancak bu eserde \u00e7ocukluk psikolojisine e\u011filir. Ele ald\u0131\u011f\u0131 meseleler esas olarak e\u011fitim ve ki\u015fi olma sorunlar\u0131d\u0131r. Bunu<span class=\"excerpt-hellip\"> [\u2026]<\/span><\/p>\n","protected":false},"featured_media":0,"template":"","meta":{"_monsterinsights_skip_tracking":false,"_monsterinsights_sitenote_active":false,"_monsterinsights_sitenote_note":"","_monsterinsights_sitenote_category":0},"product_brand":[],"product_cat":[12358,12357],"product_tag":[],"class_list":{"0":"post-703628","1":"product","2":"type-product","3":"status-publish","5":"product_cat-genel-psikoloji","6":"product_cat-psikoloji","7":"pa_cilt-ciltsiz","8":"pa_tur-kitap","9":"pa_yayinevi-pinhan-yayincilik","10":"pa_yazar-carl-gustav-jung","12":"first","13":"instock","14":"sale","15":"shipping-taxable","16":"purchasable","17":"product-type-simple"},"_links":{"self":[{"href":"https:\/\/roveyayinevi.com.tr\/index.php\/wp-json\/wp\/v2\/product\/703628","targetHints":{"allow":["GET"]}}],"collection":[{"href":"https:\/\/roveyayinevi.com.tr\/index.php\/wp-json\/wp\/v2\/product"}],"about":[{"href":"https:\/\/roveyayinevi.com.tr\/index.php\/wp-json\/wp\/v2\/types\/product"}],"wp:attachment":[{"href":"https:\/\/roveyayinevi.com.tr\/index.php\/wp-json\/wp\/v2\/media?parent=703628"}],"wp:term":[{"taxonomy":"product_brand","embeddable":true,"href":"https:\/\/roveyayinevi.com.tr\/index.php\/wp-json\/wp\/v2\/product_brand?post=703628"},{"taxonomy":"product_cat","embeddable":true,"href":"https:\/\/roveyayinevi.com.tr\/index.php\/wp-json\/wp\/v2\/product_cat?post=703628"},{"taxonomy":"product_tag","embeddable":true,"href":"https:\/\/roveyayinevi.com.tr\/index.php\/wp-json\/wp\/v2\/product_tag?post=703628"}],"curies":[{"name":"wp","href":"https:\/\/api.w.org\/{rel}","templated":true}]}}