{"id":703616,"date":"2025-08-27T15:27:19","date_gmt":"2025-08-27T12:27:19","guid":{"rendered":"https:\/\/roveyayinevi.com.tr\/index.php\/urun\/kukla-devlet\/"},"modified":"2026-04-16T02:12:55","modified_gmt":"2026-04-15T23:12:55","slug":"kukla-devlet","status":"publish","type":"product","link":"https:\/\/roveyayinevi.com.tr\/index.php\/urun\/kukla-devlet\/","title":{"rendered":"Kukla Devlet"},"content":{"rendered":"<p>PKK\u2019y\u0131, Irak\u2019\u0131n kuzeyindeki geli\u015fmeleri, Irak\u2019\u0131, T\u00fcrkiye\u2019yi Kukla Devlet\u2019in kurulu\u015funa ortak edenlerin kimler oldu\u011funu ve ABD\u2019nin T\u00fcrkiye ve Irak i\u00e7in uygulad\u0131\u011f\u0131 5 a\u015famal\u0131 plan\u0131 \u00f6\u011frenmek istiyorsan\u0131z, bu kitab\u0131 okuyun. Gazeteci Fikret Akf\u0131rat, Kukla Devlet konusunda uzun y\u0131llara dayanan ara\u015ft\u0131rmalar\u0131n\u0131 bu kitapla ta\u00e7land\u0131r\u0131yor. Kitap ayn\u0131 zamanda, son 20 y\u0131l\u0131n yak\u0131n siyaset tarihine de \u0131\u015f\u0131k tutuyor. <\/p>\n","protected":false},"excerpt":{"rendered":"<p>PKK\u2019y\u0131, Irak\u2019\u0131n kuzeyindeki geli\u015fmeleri, Irak\u2019\u0131, T\u00fcrkiye\u2019yi Kukla Devlet\u2019in kurulu\u015funa ortak edenlerin kimler oldu\u011funu ve ABD\u2019nin T\u00fcrkiye ve Irak i\u00e7in uygulad\u0131\u011f\u0131 5 a\u015famal\u0131 plan\u0131 \u00f6\u011frenmek istiyorsan\u0131z, bu<span class=\"excerpt-hellip\"> [\u2026]<\/span><\/p>\n","protected":false},"featured_media":0,"template":"","meta":{"_monsterinsights_skip_tracking":false,"_monsterinsights_sitenote_active":false,"_monsterinsights_sitenote_note":"","_monsterinsights_sitenote_category":0},"product_brand":[],"product_cat":[13656,12337],"product_tag":[],"class_list":{"0":"post-703616","1":"product","2":"type-product","3":"status-publish","5":"product_cat-azinliklar-etnik-sorunlar","6":"product_cat-politika-siyaset","7":"pa_tur-kitap","8":"pa_yayinevi-kaynak-yayinlari","9":"pa_yazar-fikret-akfirat","11":"first","12":"instock","13":"sale","14":"shipping-taxable","15":"purchasable","16":"product-type-simple"},"_links":{"self":[{"href":"https:\/\/roveyayinevi.com.tr\/index.php\/wp-json\/wp\/v2\/product\/703616","targetHints":{"allow":["GET"]}}],"collection":[{"href":"https:\/\/roveyayinevi.com.tr\/index.php\/wp-json\/wp\/v2\/product"}],"about":[{"href":"https:\/\/roveyayinevi.com.tr\/index.php\/wp-json\/wp\/v2\/types\/product"}],"wp:attachment":[{"href":"https:\/\/roveyayinevi.com.tr\/index.php\/wp-json\/wp\/v2\/media?parent=703616"}],"wp:term":[{"taxonomy":"product_brand","embeddable":true,"href":"https:\/\/roveyayinevi.com.tr\/index.php\/wp-json\/wp\/v2\/product_brand?post=703616"},{"taxonomy":"product_cat","embeddable":true,"href":"https:\/\/roveyayinevi.com.tr\/index.php\/wp-json\/wp\/v2\/product_cat?post=703616"},{"taxonomy":"product_tag","embeddable":true,"href":"https:\/\/roveyayinevi.com.tr\/index.php\/wp-json\/wp\/v2\/product_tag?post=703616"}],"curies":[{"name":"wp","href":"https:\/\/api.w.org\/{rel}","templated":true}]}}