{"id":703594,"date":"2025-08-27T15:27:09","date_gmt":"2025-08-27T12:27:09","guid":{"rendered":"https:\/\/roveyayinevi.com.tr\/index.php\/urun\/metis-kucuk-filozoflar-serisi-04-karl-marxin-hayaleti\/"},"modified":"2026-04-16T02:12:40","modified_gmt":"2026-04-15T23:12:40","slug":"metis-kucuk-filozoflar-serisi-04-karl-marxin-hayaleti","status":"publish","type":"product","link":"https:\/\/roveyayinevi.com.tr\/index.php\/urun\/metis-kucuk-filozoflar-serisi-04-karl-marxin-hayaleti\/","title":{"rendered":"Metis K\u00fc\u00e7\u00fck Filozoflar Serisi 04 &#8211; Karl Marx&#8217;\u0131n Hayaleti"},"content":{"rendered":"<p>K\u00fc\u00e7\u00fck Filozoflar Dizisi, 8-12 ya\u015f \u00e7ocuklar\u0131 i\u00e7in filozoflar\u0131n hikayelerini anlatan \u00e7ok g\u00fczel resimlenmi\u015f kitaplardan olu\u015fuyor. Diziyle \u00e7ocuklar\u0131n felsefeye zevkli bir giri\u015f yapmalar\u0131n\u0131, kendi sorular\u0131n\u0131n pe\u015finden gitme al\u0131\u015fkanl\u0131\u011f\u0131 kazanmalar\u0131n\u0131 ama\u00e7l\u0131yoruz. Karl Marx\u2019\u0131n Hayaleti, K\u00fc\u00e7\u00fck Filozoflar dizisinin d\u00f6rd\u00fcnc\u00fc kitab\u0131. Merhaba, ben Karl Marx&#8230; Ne mi yap\u0131yorum bu \u00e7ar\u015faf\u0131n alt\u0131nda? Uzun hikayedir bu: S\u0131n\u0131f kavgas\u0131n\u0131n hikayesi. Ac\u0131kl\u0131 bir hikaye, ama hep birlikte sonunu tatl\u0131ya ba\u011flamaya, bir mutlu son yazmaya \u00e7al\u0131\u015faca\u011f\u0131z. Filozoflar \u015fimdiye kadar d\u00fcnyay\u0131 \u00e7e\u015fitli bi\u00e7imlerde yorumlamakla yetindiler, oysa \u00f6nemli olan onu de\u011fi\u015ftirmektir, diye yazan Marx, yaln\u0131zca bir filozof de\u011fil, ayn\u0131 zamanda bir eylem adam\u0131yd\u0131. \u00d6mr\u00fcn\u00fc kapitalizmin insan\u0131 nas\u0131l s\u00f6m\u00fcrd\u00fc\u011f\u00fcn\u00fc anlamaya ve a\u00e7\u0131klamaya, bu d\u00fczeni de\u011fi\u015ftirmeye adad\u0131. <\/p>\n","protected":false},"excerpt":{"rendered":"<p>K\u00fc\u00e7\u00fck Filozoflar Dizisi, 8-12 ya\u015f \u00e7ocuklar\u0131 i\u00e7in filozoflar\u0131n hikayelerini anlatan \u00e7ok g\u00fczel resimlenmi\u015f kitaplardan olu\u015fuyor. Diziyle \u00e7ocuklar\u0131n felsefeye zevkli bir giri\u015f yapmalar\u0131n\u0131, kendi sorular\u0131n\u0131n pe\u015finden gitme<span class=\"excerpt-hellip\"> [\u2026]<\/span><\/p>\n","protected":false},"featured_media":0,"template":"","meta":{"_monsterinsights_skip_tracking":false,"_monsterinsights_sitenote_active":false,"_monsterinsights_sitenote_note":"","_monsterinsights_sitenote_category":0},"product_brand":[],"product_cat":[12312,12304],"product_tag":[],"class_list":{"0":"post-703594","1":"product","2":"type-product","3":"status-publish","5":"product_cat-diger","6":"product_cat-tarih","7":"pa_cilt-ciltsiz","8":"pa_tur-kitap","9":"pa_yayinevi-metis-yayinlari","10":"pa_yazar-ronan-de-calan","12":"first","13":"instock","14":"sale","15":"shipping-taxable","16":"purchasable","17":"product-type-simple"},"_links":{"self":[{"href":"https:\/\/roveyayinevi.com.tr\/index.php\/wp-json\/wp\/v2\/product\/703594","targetHints":{"allow":["GET"]}}],"collection":[{"href":"https:\/\/roveyayinevi.com.tr\/index.php\/wp-json\/wp\/v2\/product"}],"about":[{"href":"https:\/\/roveyayinevi.com.tr\/index.php\/wp-json\/wp\/v2\/types\/product"}],"wp:attachment":[{"href":"https:\/\/roveyayinevi.com.tr\/index.php\/wp-json\/wp\/v2\/media?parent=703594"}],"wp:term":[{"taxonomy":"product_brand","embeddable":true,"href":"https:\/\/roveyayinevi.com.tr\/index.php\/wp-json\/wp\/v2\/product_brand?post=703594"},{"taxonomy":"product_cat","embeddable":true,"href":"https:\/\/roveyayinevi.com.tr\/index.php\/wp-json\/wp\/v2\/product_cat?post=703594"},{"taxonomy":"product_tag","embeddable":true,"href":"https:\/\/roveyayinevi.com.tr\/index.php\/wp-json\/wp\/v2\/product_tag?post=703594"}],"curies":[{"name":"wp","href":"https:\/\/api.w.org\/{rel}","templated":true}]}}