{"id":703592,"date":"2025-08-27T15:27:08","date_gmt":"2025-08-27T12:27:08","guid":{"rendered":"https:\/\/roveyayinevi.com.tr\/index.php\/urun\/kulleteyn\/"},"modified":"2026-04-16T02:12:40","modified_gmt":"2026-04-15T23:12:40","slug":"kulleteyn","status":"publish","type":"product","link":"https:\/\/roveyayinevi.com.tr\/index.php\/urun\/kulleteyn\/","title":{"rendered":"Kulleteyn"},"content":{"rendered":"<p>\u201cKulleteyn\u201d, \u201ciki kulle\u201d (yakla\u015f\u0131k 13 ton) su demek. Dura\u011fan bir suyun temiz (\u201ctahir\u201d) say\u0131labilmesi i\u00e7in \u015eaf i mezhebine g\u00f6re bu kadar olmas\u0131 yeterliydi. Daha az olamazd\u0131. Bu kadar oldu mu, i\u00e7inde ne bulunursa bulunsun \u201ctemiz\u201ddi art\u0131k; \u201cpislik\u201dlerle dolu bile olsa\u2026Doluydu zaten. \u0130lk g\u00f6r\u00fc\u015fte batakl\u0131k bile say\u0131labilirdi. Ama mademki \u015eeriat temiz demi\u015fti, temizdi. \u015eeriat neye pis diyorsa, pis olan da oydu. <\/p>\n","protected":false},"excerpt":{"rendered":"<p>\u201cKulleteyn\u201d, \u201ciki kulle\u201d (yakla\u015f\u0131k 13 ton) su demek. Dura\u011fan bir suyun temiz (\u201ctahir\u201d) say\u0131labilmesi i\u00e7in \u015eaf i mezhebine g\u00f6re bu kadar olmas\u0131 yeterliydi. Daha az olamazd\u0131.<span class=\"excerpt-hellip\"> [\u2026]<\/span><\/p>\n","protected":false},"featured_media":0,"template":"","meta":{"_monsterinsights_skip_tracking":false,"_monsterinsights_sitenote_active":false,"_monsterinsights_sitenote_note":"","_monsterinsights_sitenote_category":0},"product_brand":[],"product_cat":[12364],"product_tag":[],"class_list":{"0":"post-703592","1":"product","2":"type-product","3":"status-publish","5":"product_cat-genel-konular","6":"pa_cilt-ciltsiz","7":"pa_tur-kitap","8":"pa_yayinevi-kaynak-yayinlari","9":"pa_yazar-turan-dursun","11":"first","12":"instock","13":"sale","14":"shipping-taxable","15":"purchasable","16":"product-type-simple"},"_links":{"self":[{"href":"https:\/\/roveyayinevi.com.tr\/index.php\/wp-json\/wp\/v2\/product\/703592","targetHints":{"allow":["GET"]}}],"collection":[{"href":"https:\/\/roveyayinevi.com.tr\/index.php\/wp-json\/wp\/v2\/product"}],"about":[{"href":"https:\/\/roveyayinevi.com.tr\/index.php\/wp-json\/wp\/v2\/types\/product"}],"wp:attachment":[{"href":"https:\/\/roveyayinevi.com.tr\/index.php\/wp-json\/wp\/v2\/media?parent=703592"}],"wp:term":[{"taxonomy":"product_brand","embeddable":true,"href":"https:\/\/roveyayinevi.com.tr\/index.php\/wp-json\/wp\/v2\/product_brand?post=703592"},{"taxonomy":"product_cat","embeddable":true,"href":"https:\/\/roveyayinevi.com.tr\/index.php\/wp-json\/wp\/v2\/product_cat?post=703592"},{"taxonomy":"product_tag","embeddable":true,"href":"https:\/\/roveyayinevi.com.tr\/index.php\/wp-json\/wp\/v2\/product_tag?post=703592"}],"curies":[{"name":"wp","href":"https:\/\/api.w.org\/{rel}","templated":true}]}}