{"id":703580,"date":"2025-08-27T15:27:03","date_gmt":"2025-08-27T12:27:03","guid":{"rendered":"https:\/\/roveyayinevi.com.tr\/index.php\/urun\/sosyoloji-ve-felsefe\/"},"modified":"2026-04-16T02:12:40","modified_gmt":"2026-04-15T23:12:40","slug":"sosyoloji-ve-felsefe","status":"publish","type":"product","link":"https:\/\/roveyayinevi.com.tr\/index.php\/urun\/sosyoloji-ve-felsefe\/","title":{"rendered":"Sosyoloji ve Felsefe"},"content":{"rendered":"<p>Emile Durkheim\u2019\u0131n belirli makalelerini bir araya getiren bu kitap, yazar\u0131n yaln\u0131zca \u015fu ya da bu sosyoloji problemi \u00fczerine de\u011fil, ayn\u0131 zamanda daha \u00e7o\u011funlukla filozoflar\u0131 me\u015fgul eden genel problemler \u2013ruhun maddeyle, bilincin do\u011fayla, akl\u0131n hissetme yetisiyle ili\u015fkisi- \u00fczerine d\u00fc\u015f\u00fcncelerine \u0131\u015f\u0131k tutuyor: Sosyolojinin felsefeyi hangi \u015fekilde ve ne \u00f6l\u00e7\u00fcde yeniden olu\u015fturdu\u011funu g\u00f6zler \u00f6n\u00fcne seriyor. \ufffcTan\u0131t\u0131m Metni<\/p>\n","protected":false},"excerpt":{"rendered":"<p>Emile Durkheim\u2019\u0131n belirli makalelerini bir araya getiren bu kitap, yazar\u0131n yaln\u0131zca \u015fu ya da bu sosyoloji problemi \u00fczerine de\u011fil, ayn\u0131 zamanda daha \u00e7o\u011funlukla filozoflar\u0131 me\u015fgul eden<span class=\"excerpt-hellip\"> [\u2026]<\/span><\/p>\n","protected":false},"featured_media":0,"template":"","meta":{"_monsterinsights_skip_tracking":false,"_monsterinsights_sitenote_active":false,"_monsterinsights_sitenote_note":"","_monsterinsights_sitenote_category":0},"product_brand":[],"product_cat":[12835,12324],"product_tag":[],"class_list":{"0":"post-703580","1":"product","2":"type-product","3":"status-publish","5":"product_cat-genel-sosyoloji","6":"product_cat-sosyoloji","7":"pa_tur-kitap","8":"pa_yayinevi-pinhan-yayincilik","9":"pa_yazar-emile-durkheim","11":"first","12":"instock","13":"sale","14":"shipping-taxable","15":"purchasable","16":"product-type-simple"},"_links":{"self":[{"href":"https:\/\/roveyayinevi.com.tr\/index.php\/wp-json\/wp\/v2\/product\/703580","targetHints":{"allow":["GET"]}}],"collection":[{"href":"https:\/\/roveyayinevi.com.tr\/index.php\/wp-json\/wp\/v2\/product"}],"about":[{"href":"https:\/\/roveyayinevi.com.tr\/index.php\/wp-json\/wp\/v2\/types\/product"}],"wp:attachment":[{"href":"https:\/\/roveyayinevi.com.tr\/index.php\/wp-json\/wp\/v2\/media?parent=703580"}],"wp:term":[{"taxonomy":"product_brand","embeddable":true,"href":"https:\/\/roveyayinevi.com.tr\/index.php\/wp-json\/wp\/v2\/product_brand?post=703580"},{"taxonomy":"product_cat","embeddable":true,"href":"https:\/\/roveyayinevi.com.tr\/index.php\/wp-json\/wp\/v2\/product_cat?post=703580"},{"taxonomy":"product_tag","embeddable":true,"href":"https:\/\/roveyayinevi.com.tr\/index.php\/wp-json\/wp\/v2\/product_tag?post=703580"}],"curies":[{"name":"wp","href":"https:\/\/api.w.org\/{rel}","templated":true}]}}