{"id":703576,"date":"2025-08-27T15:27:01","date_gmt":"2025-08-27T12:27:01","guid":{"rendered":"https:\/\/roveyayinevi.com.tr\/index.php\/urun\/uzaktaki\/"},"modified":"2026-04-16T02:12:40","modified_gmt":"2026-04-15T23:12:40","slug":"uzaktaki","status":"publish","type":"product","link":"https:\/\/roveyayinevi.com.tr\/index.php\/urun\/uzaktaki\/","title":{"rendered":"Uzaktaki"},"content":{"rendered":"<p>\u00c7a\u011fda\u015f Amerikan edebiyat\u0131n\u0131n \u00f6nemli temsilcisi Jonathan Franzen konu\u015fmalar, denemeler ve kitap ele\u015ftirilerinden olu\u015fan bu derlemeyle \u00e7ok y\u00f6nl\u00fcl\u00fc\u011f\u00fcn\u00fc bir kez daha ortaya koyuyor. Kitap ele\u015ftirisinden modern teknolojinin topluma etkilerine, yaban ku\u015f n\u00fcfusunu tehdit eden tehlikelerden geli\u015fmekte olan ekonomilere, aile ya\u015fam\u0131ndan yak\u0131n arkada\u015f\u0131 ve rakibi yazar David Foster Wallace\u2019\u0131n intihar\u0131 \u00fczerine d\u00fc\u015f\u00fcncelere kadar \u00e7ok \u00e7e\u015fitli konular\u0131n aras\u0131nda ustal\u0131kla gidip geliyor. <\/p>\n","protected":false},"excerpt":{"rendered":"<p>\u00c7a\u011fda\u015f Amerikan edebiyat\u0131n\u0131n \u00f6nemli temsilcisi Jonathan Franzen konu\u015fmalar, denemeler ve kitap ele\u015ftirilerinden olu\u015fan bu derlemeyle \u00e7ok y\u00f6nl\u00fcl\u00fc\u011f\u00fcn\u00fc bir kez daha ortaya koyuyor. Kitap ele\u015ftirisinden modern teknolojinin<span class=\"excerpt-hellip\"> [\u2026]<\/span><\/p>\n","protected":false},"featured_media":0,"template":"","meta":{"_monsterinsights_skip_tracking":false,"_monsterinsights_sitenote_active":false,"_monsterinsights_sitenote_note":"","_monsterinsights_sitenote_category":0},"product_brand":[],"product_cat":[12891,12291],"product_tag":[],"class_list":{"0":"post-703576","1":"product","2":"type-product","3":"status-publish","5":"product_cat-amerikan-edebiyati","6":"product_cat-edebiyat","7":"pa_tur-kitap","8":"pa_yayinevi-sel-yayincilik","9":"pa_yazar-jonathan-franzen","11":"first","12":"instock","13":"sale","14":"shipping-taxable","15":"purchasable","16":"product-type-simple"},"_links":{"self":[{"href":"https:\/\/roveyayinevi.com.tr\/index.php\/wp-json\/wp\/v2\/product\/703576","targetHints":{"allow":["GET"]}}],"collection":[{"href":"https:\/\/roveyayinevi.com.tr\/index.php\/wp-json\/wp\/v2\/product"}],"about":[{"href":"https:\/\/roveyayinevi.com.tr\/index.php\/wp-json\/wp\/v2\/types\/product"}],"wp:attachment":[{"href":"https:\/\/roveyayinevi.com.tr\/index.php\/wp-json\/wp\/v2\/media?parent=703576"}],"wp:term":[{"taxonomy":"product_brand","embeddable":true,"href":"https:\/\/roveyayinevi.com.tr\/index.php\/wp-json\/wp\/v2\/product_brand?post=703576"},{"taxonomy":"product_cat","embeddable":true,"href":"https:\/\/roveyayinevi.com.tr\/index.php\/wp-json\/wp\/v2\/product_cat?post=703576"},{"taxonomy":"product_tag","embeddable":true,"href":"https:\/\/roveyayinevi.com.tr\/index.php\/wp-json\/wp\/v2\/product_tag?post=703576"}],"curies":[{"name":"wp","href":"https:\/\/api.w.org\/{rel}","templated":true}]}}