{"id":703556,"date":"2025-08-27T15:26:51","date_gmt":"2025-08-27T12:26:51","guid":{"rendered":"https:\/\/roveyayinevi.com.tr\/index.php\/urun\/koroglu-antep-rivayeti\/"},"modified":"2026-04-16T02:12:39","modified_gmt":"2026-04-15T23:12:39","slug":"koroglu-antep-rivayeti","status":"publish","type":"product","link":"https:\/\/roveyayinevi.com.tr\/index.php\/urun\/koroglu-antep-rivayeti\/","title":{"rendered":"K\u00f6ro\u011flu &#8211; Antep Rivayeti"},"content":{"rendered":"<p>K\u00f6ro\u011flu destan\u0131 T\u00fcrk edebiyat\u0131n\u0131n en se\u00e7kin \u00f6rneklerindendir. K\u00f6ro\u011flu m\u00fccadelenin ve \u00f6zg\u00fcrl\u00fc\u011f\u00fcn sembol\u00fcd\u00fcr. Tarih boyunca K\u00f6ro\u011flu&#8217;yla ilgili t\u00fcrl\u00fc hikayeler anlat\u0131lm\u0131\u015f, bu hikayeler nesilden nesile aktar\u0131larak g\u00fcn\u00fcm\u00fcze kadar ula\u015fm\u0131\u015ft\u0131r. T\u00fcrk tarih ve k\u00fclt\u00fcr\u00fcn\u00fcn \u00f6nemli bir par\u00e7as\u0131 olan K\u00f6ro\u011flu&#8217;nun, halk ozan\u0131 olarak kendine has bir s\u00f6yleyi\u015fi vard\u0131r. <\/p>\n","protected":false},"excerpt":{"rendered":"<p>K\u00f6ro\u011flu destan\u0131 T\u00fcrk edebiyat\u0131n\u0131n en se\u00e7kin \u00f6rneklerindendir. K\u00f6ro\u011flu m\u00fccadelenin ve \u00f6zg\u00fcrl\u00fc\u011f\u00fcn sembol\u00fcd\u00fcr. Tarih boyunca K\u00f6ro\u011flu&#8217;yla ilgili t\u00fcrl\u00fc hikayeler anlat\u0131lm\u0131\u015f, bu hikayeler nesilden nesile aktar\u0131larak g\u00fcn\u00fcm\u00fcze kadar<span class=\"excerpt-hellip\"> [\u2026]<\/span><\/p>\n","protected":false},"featured_media":0,"template":"","meta":{"_monsterinsights_skip_tracking":false,"_monsterinsights_sitenote_active":false,"_monsterinsights_sitenote_note":"","_monsterinsights_sitenote_category":0},"product_brand":[],"product_cat":[12291,12711],"product_tag":[],"class_list":{"0":"post-703556","1":"product","2":"type-product","3":"status-publish","5":"product_cat-edebiyat","6":"product_cat-roman-oyku","7":"pa_tur-kitap","8":"pa_yayinevi-kaynak-yayinlari","9":"pa_yazar-huseyin-bayaz","11":"first","12":"instock","13":"sale","14":"shipping-taxable","15":"purchasable","16":"product-type-simple"},"_links":{"self":[{"href":"https:\/\/roveyayinevi.com.tr\/index.php\/wp-json\/wp\/v2\/product\/703556","targetHints":{"allow":["GET"]}}],"collection":[{"href":"https:\/\/roveyayinevi.com.tr\/index.php\/wp-json\/wp\/v2\/product"}],"about":[{"href":"https:\/\/roveyayinevi.com.tr\/index.php\/wp-json\/wp\/v2\/types\/product"}],"wp:attachment":[{"href":"https:\/\/roveyayinevi.com.tr\/index.php\/wp-json\/wp\/v2\/media?parent=703556"}],"wp:term":[{"taxonomy":"product_brand","embeddable":true,"href":"https:\/\/roveyayinevi.com.tr\/index.php\/wp-json\/wp\/v2\/product_brand?post=703556"},{"taxonomy":"product_cat","embeddable":true,"href":"https:\/\/roveyayinevi.com.tr\/index.php\/wp-json\/wp\/v2\/product_cat?post=703556"},{"taxonomy":"product_tag","embeddable":true,"href":"https:\/\/roveyayinevi.com.tr\/index.php\/wp-json\/wp\/v2\/product_tag?post=703556"}],"curies":[{"name":"wp","href":"https:\/\/api.w.org\/{rel}","templated":true}]}}