{"id":703553,"date":"2025-08-27T15:26:50","date_gmt":"2025-08-27T12:26:50","guid":{"rendered":"https:\/\/roveyayinevi.com.tr\/index.php\/urun\/essiz-dinopedi\/"},"modified":"2026-04-16T02:12:39","modified_gmt":"2026-04-15T23:12:39","slug":"essiz-dinopedi","status":"publish","type":"product","link":"https:\/\/roveyayinevi.com.tr\/index.php\/urun\/essiz-dinopedi\/","title":{"rendered":"E\u015fsiz Dinopedi"},"content":{"rendered":"<p>\u015eimdiye kadar yap\u0131lm\u0131\u015f en kapsaml\u0131 dinozor ansiklopedisi E\u015fsiz Dino-pedi!\u00dcnl\u00fc dinozor ara\u015ft\u0131rmac\u0131lar\u0131n\u0131n hatalar\u0131, en g\u00fcncel bulgular ve ara\u015ft\u0131rmalar, uzman\u00e7izerlerin canland\u0131rmalar\u0131 ile bu kitapta hayat buluyor. En sevdi\u011finiz dinozorlar ne yerdi,nerede avlan\u0131r, nas\u0131l ya\u015farlard\u0131? Hepsi ve \u00e7ok daha fazlas\u0131 renkli \u00e7izimleri ile bu kitapta.\u00dcstelik \u015fimdiye kadar ke\u015ffedilmi\u015f t\u00fcm dinozorlar\u0131 s\u00f6zl\u00fck b\u00f6l\u00fcm\u00fcnde bulabilirsiniz.<\/p>\n","protected":false},"excerpt":{"rendered":"<p>\u015eimdiye kadar yap\u0131lm\u0131\u015f en kapsaml\u0131 dinozor ansiklopedisi E\u015fsiz Dino-pedi!\u00dcnl\u00fc dinozor ara\u015ft\u0131rmac\u0131lar\u0131n\u0131n hatalar\u0131, en g\u00fcncel bulgular ve ara\u015ft\u0131rmalar, uzman\u00e7izerlerin canland\u0131rmalar\u0131 ile bu kitapta hayat buluyor. En sevdi\u011finiz<span class=\"excerpt-hellip\"> [\u2026]<\/span><\/p>\n","protected":false},"featured_media":0,"template":"","meta":{"_monsterinsights_skip_tracking":false,"_monsterinsights_sitenote_active":false,"_monsterinsights_sitenote_note":"","_monsterinsights_sitenote_category":0},"product_brand":[],"product_cat":[12492,12274],"product_tag":[],"class_list":{"0":"post-703553","1":"product","2":"type-product","3":"status-publish","5":"product_cat-bilmece-bulmaca","6":"product_cat-cocuk-ve-genclik-kitaplari","7":"pa_cilt-ciltli","8":"pa_tur-kitap","9":"pa_yayinevi-beta-kids","10":"pa_yazar-dino-don-lessem","12":"first","13":"instock","14":"sale","15":"shipping-taxable","16":"purchasable","17":"product-type-simple"},"_links":{"self":[{"href":"https:\/\/roveyayinevi.com.tr\/index.php\/wp-json\/wp\/v2\/product\/703553","targetHints":{"allow":["GET"]}}],"collection":[{"href":"https:\/\/roveyayinevi.com.tr\/index.php\/wp-json\/wp\/v2\/product"}],"about":[{"href":"https:\/\/roveyayinevi.com.tr\/index.php\/wp-json\/wp\/v2\/types\/product"}],"wp:attachment":[{"href":"https:\/\/roveyayinevi.com.tr\/index.php\/wp-json\/wp\/v2\/media?parent=703553"}],"wp:term":[{"taxonomy":"product_brand","embeddable":true,"href":"https:\/\/roveyayinevi.com.tr\/index.php\/wp-json\/wp\/v2\/product_brand?post=703553"},{"taxonomy":"product_cat","embeddable":true,"href":"https:\/\/roveyayinevi.com.tr\/index.php\/wp-json\/wp\/v2\/product_cat?post=703553"},{"taxonomy":"product_tag","embeddable":true,"href":"https:\/\/roveyayinevi.com.tr\/index.php\/wp-json\/wp\/v2\/product_tag?post=703553"}],"curies":[{"name":"wp","href":"https:\/\/api.w.org\/{rel}","templated":true}]}}