{"id":703548,"date":"2025-08-27T15:26:48","date_gmt":"2025-08-27T12:26:48","guid":{"rendered":"https:\/\/roveyayinevi.com.tr\/index.php\/urun\/uygur-turkleri-tarihi\/"},"modified":"2026-04-16T02:12:39","modified_gmt":"2026-04-15T23:12:39","slug":"uygur-turkleri-tarihi","status":"publish","type":"product","link":"https:\/\/roveyayinevi.com.tr\/index.php\/urun\/uygur-turkleri-tarihi\/","title":{"rendered":"Uygur T\u00fcrkleri Tarihi"},"content":{"rendered":"<p>B\u00fct\u00fcn \u00e7al\u0131\u015fmalar\u0131m\u0131zda oldu\u011fu \u00fczere, Uygur T\u00fcrkleri Tarihi\u2019nde de fazla dolamba\u00e7l\u0131 yollara ka\u00e7madan ve okuyucular\u0131 laf kalabal\u0131\u011f\u0131 i\u00e7erisinde bo\u011fmadan, en k\u0131sa bi\u00e7imde, bir vakitler devletimizi idare eden, bizlere say\u0131s\u0131z \u015fan ve \u015f\u00f6hretler kazand\u0131ran Uygur atalar\u0131m\u0131z\u0131 anlatmaya \u00f6zen g\u00f6sterdik. Nas\u0131l ki, K\u00f6k T\u00fcrk Kaganl\u0131\u011f\u0131 milli bir devlet yap\u0131s\u0131 h\u00fcviyetinde ve T\u00fcrk devlet te\u015fkilat\u0131n\u0131n olgunla\u015ft\u0131\u011f\u0131 bir b\u00fcnyeye sahip olmas\u0131 a\u00e7\u0131s\u0131ndan \u00f6nemli ise, Uygur T\u00fcrkleri de \u00f6zellikle T\u00fcrk k\u00fclt\u00fcr\u00fcne yapt\u0131klar\u0131 katk\u0131lardan dolay\u0131 bizim i\u00e7in m\u00fchimdir. Bilindi\u011fi \u00fczere Uygurlar, T\u00fcrklerde resim sanat\u0131n\u0131n, m\u00fczi\u011fin, heykeltra\u015fl\u0131\u011f\u0131n, kitap bas\u0131m\u0131n\u0131n, din anlay\u0131\u015f\u0131n\u0131n, ticaretin, yerle\u015fik hayat\u0131n  geli\u015fmesinde ve yay\u0131lmas\u0131nda \u00f6nc\u00fcl\u00fck ve arac\u0131l\u0131k yapm\u0131\u015flard\u0131r. Bununla beraber \u00d6t\u00fcken Uygur Kaganl\u0131\u011f\u0131 ve onun devam\u0131 olan Uygur hanl\u0131klar\u0131 bug\u00fcnk\u00fc b\u00fcy\u00fck T\u00fcrkistan\u2019\u0131n etnik ve k\u00fclt\u00fcrel yap\u0131s\u0131n\u0131n \u015fekillenmesinde de aktif rol oynad\u0131. T\u00fcrkistan\u2019daki T\u00fcrk boylar\u0131 etnik bak\u0131mdan \u015f\u00f6yle veya b\u00f6yle Uygur T\u00fcrkleriyle irtibatl\u0131 oldu\u011fu gibi, T\u00fcrk dili ve edebiyat\u0131 hususunda da onlar\u0131n tesiri alt\u0131nda kalm\u0131\u015flard\u0131r. <\/p>\n","protected":false},"excerpt":{"rendered":"<p>B\u00fct\u00fcn \u00e7al\u0131\u015fmalar\u0131m\u0131zda oldu\u011fu \u00fczere, Uygur T\u00fcrkleri Tarihi\u2019nde de fazla dolamba\u00e7l\u0131 yollara ka\u00e7madan ve okuyucular\u0131 laf kalabal\u0131\u011f\u0131 i\u00e7erisinde bo\u011fmadan, en k\u0131sa bi\u00e7imde, bir vakitler devletimizi idare eden,<span class=\"excerpt-hellip\"> [\u2026]<\/span><\/p>\n","protected":false},"featured_media":0,"template":"","meta":{"_monsterinsights_skip_tracking":false,"_monsterinsights_sitenote_active":false,"_monsterinsights_sitenote_note":"","_monsterinsights_sitenote_category":0},"product_brand":[],"product_cat":[12304,13650],"product_tag":[],"class_list":{"0":"post-703548","1":"product","2":"type-product","3":"status-publish","5":"product_cat-tarih","6":"product_cat-turk-tarihi-arastirmalari","7":"pa_cilt-ciltsiz","8":"pa_tur-kitap","9":"pa_yayinevi-berikan-yayinlari","10":"pa_yazar-saadettin-yagmur-gomec","12":"first","13":"instock","14":"sale","15":"shipping-taxable","16":"purchasable","17":"product-type-simple"},"_links":{"self":[{"href":"https:\/\/roveyayinevi.com.tr\/index.php\/wp-json\/wp\/v2\/product\/703548","targetHints":{"allow":["GET"]}}],"collection":[{"href":"https:\/\/roveyayinevi.com.tr\/index.php\/wp-json\/wp\/v2\/product"}],"about":[{"href":"https:\/\/roveyayinevi.com.tr\/index.php\/wp-json\/wp\/v2\/types\/product"}],"wp:attachment":[{"href":"https:\/\/roveyayinevi.com.tr\/index.php\/wp-json\/wp\/v2\/media?parent=703548"}],"wp:term":[{"taxonomy":"product_brand","embeddable":true,"href":"https:\/\/roveyayinevi.com.tr\/index.php\/wp-json\/wp\/v2\/product_brand?post=703548"},{"taxonomy":"product_cat","embeddable":true,"href":"https:\/\/roveyayinevi.com.tr\/index.php\/wp-json\/wp\/v2\/product_cat?post=703548"},{"taxonomy":"product_tag","embeddable":true,"href":"https:\/\/roveyayinevi.com.tr\/index.php\/wp-json\/wp\/v2\/product_tag?post=703548"}],"curies":[{"name":"wp","href":"https:\/\/api.w.org\/{rel}","templated":true}]}}