{"id":703544,"date":"2025-08-27T15:26:46","date_gmt":"2025-08-27T12:26:46","guid":{"rendered":"https:\/\/roveyayinevi.com.tr\/index.php\/urun\/sana-gul-bahcesi-vadetmedim\/"},"modified":"2026-04-16T02:12:39","modified_gmt":"2026-04-15T23:12:39","slug":"sana-gul-bahcesi-vadetmedim","status":"publish","type":"product","link":"https:\/\/roveyayinevi.com.tr\/index.php\/urun\/sana-gul-bahcesi-vadetmedim\/","title":{"rendered":"Sana G\u00fcl Bah\u00e7esi Vadetmedim"},"content":{"rendered":"<p>\u0130lk kez yay\u0131nland\u0131\u011f\u0131 1989\u2019dan g\u00fcn\u00fcm\u00fcze bir ka\u00e7 ku\u015fa\u011f\u0131n ilgiyle okudu\u011fu Sana G\u00fcl Bah\u00e7esi Vadetmedim on alt\u0131nc\u0131 bas\u0131ma ula\u015ft\u0131. I\u00e7ine do\u011fdu\u011fu d\u00fcnyan\u0131n kurumlar\u0131yla ba\u011fda\u015fmay\u0131 \u00f6\u011frenemeyen, ileti\u015fimsizli\u011fin karanl\u0131\u011f\u0131nda ya\u015fayan on alt\u0131 ya\u015f\u0131ndaki bir gen\u00e7 k\u0131z\u0131n \u00f6yk\u00fcs\u00fc&#8230; Sana G\u00fcl Bah\u00e7esi Vadetmedim, delili\u011fi, resmi tan\u0131m\u0131yla ak\u0131l hastal\u0131\u011f\u0131n\u0131 anlat\u0131yor: Deborah kimlik kavram\u0131n\u0131 yitirip i\u00e7ine kapanm\u0131\u015f, zengin d\u00fc\u015flemi ve mizah duygusuyla yaratt\u0131\u011f\u0131 kendi d\u00fc\u015fsel d\u00fcnyas\u0131na s\u0131\u011f\u0131nm\u0131\u015ft\u0131r. \u0130ki d\u00fcnyan\u0131n \u00e7at\u0131\u015fmaya ba\u015flamas\u0131, Deborah\u2019\u0131n ak\u0131l hastanesine d\u00fc\u015fme sine neden olur. B\u00f6ylece hastaneleri, doktorlar\u0131 vb. kurumlar\u0131yla toplumun kurtarma operasyonu ba\u015flayacakt\u0131r. Greenberg\u2019in kendi ya\u015fam\u0131ndan yola \u00e7\u0131karak yazd\u0131\u011f\u0131 kitap, ak\u0131l hastalar\u0131n\u0131n gizleri \u00fczerine pek \u00e7ok ipucu ta\u015f\u0131rken, toplumun yerle\u015fik de\u011fer yarg\u0131lar\u0131na \u00e7arp\u0131c\u0131 bir ele\u015ftiri de getiriyor, b\u00f6ylece normal kavram\u0131n\u0131 sorgulamaya g\u00f6t\u00fcr\u00fcyor bizi. <\/p>\n","protected":false},"excerpt":{"rendered":"<p>\u0130lk kez yay\u0131nland\u0131\u011f\u0131 1989\u2019dan g\u00fcn\u00fcm\u00fcze bir ka\u00e7 ku\u015fa\u011f\u0131n ilgiyle okudu\u011fu Sana G\u00fcl Bah\u00e7esi Vadetmedim on alt\u0131nc\u0131 bas\u0131ma ula\u015ft\u0131. I\u00e7ine do\u011fdu\u011fu d\u00fcnyan\u0131n kurumlar\u0131yla ba\u011fda\u015fmay\u0131 \u00f6\u011frenemeyen, ileti\u015fimsizli\u011fin karanl\u0131\u011f\u0131nda<span class=\"excerpt-hellip\"> [\u2026]<\/span><\/p>\n","protected":false},"featured_media":0,"template":"","meta":{"_monsterinsights_skip_tracking":false,"_monsterinsights_sitenote_active":false,"_monsterinsights_sitenote_note":"","_monsterinsights_sitenote_category":0},"product_brand":[],"product_cat":[12891,12291],"product_tag":[],"class_list":{"0":"post-703544","1":"product","2":"type-product","3":"status-publish","5":"product_cat-amerikan-edebiyati","6":"product_cat-edebiyat","7":"pa_cilt-ciltsiz","8":"pa_tur-kitap","9":"pa_yayinevi-metis-yayinlari","10":"pa_yazar-joanne-greenberg","12":"first","13":"instock","14":"sale","15":"shipping-taxable","16":"purchasable","17":"product-type-simple"},"_links":{"self":[{"href":"https:\/\/roveyayinevi.com.tr\/index.php\/wp-json\/wp\/v2\/product\/703544","targetHints":{"allow":["GET"]}}],"collection":[{"href":"https:\/\/roveyayinevi.com.tr\/index.php\/wp-json\/wp\/v2\/product"}],"about":[{"href":"https:\/\/roveyayinevi.com.tr\/index.php\/wp-json\/wp\/v2\/types\/product"}],"wp:attachment":[{"href":"https:\/\/roveyayinevi.com.tr\/index.php\/wp-json\/wp\/v2\/media?parent=703544"}],"wp:term":[{"taxonomy":"product_brand","embeddable":true,"href":"https:\/\/roveyayinevi.com.tr\/index.php\/wp-json\/wp\/v2\/product_brand?post=703544"},{"taxonomy":"product_cat","embeddable":true,"href":"https:\/\/roveyayinevi.com.tr\/index.php\/wp-json\/wp\/v2\/product_cat?post=703544"},{"taxonomy":"product_tag","embeddable":true,"href":"https:\/\/roveyayinevi.com.tr\/index.php\/wp-json\/wp\/v2\/product_tag?post=703544"}],"curies":[{"name":"wp","href":"https:\/\/api.w.org\/{rel}","templated":true}]}}