{"id":703541,"date":"2025-08-27T15:26:45","date_gmt":"2025-08-27T12:26:45","guid":{"rendered":"https:\/\/roveyayinevi.com.tr\/index.php\/urun\/mehdi-mesih\/"},"modified":"2026-04-16T02:12:39","modified_gmt":"2026-04-15T23:12:39","slug":"mehdi-mesih","status":"publish","type":"product","link":"https:\/\/roveyayinevi.com.tr\/index.php\/urun\/mehdi-mesih\/","title":{"rendered":"Mehdi Mesih"},"content":{"rendered":"<p>Deccal Dindarm\u0131\u015f kitab\u0131nda Deccal&#8217;in kimli\u011fini ve zamane dincilerini yazan Nazif Ay, bu kez k\u00f6t\u00fcl\u00fc\u011fe kar\u015f\u0131 iyili\u011fin temsilcileri olan Mehdi ile Mesih&#8217;i de\u015fifre ediyor. Nostradamus&#8217;un bile kay\u0131ts\u0131z kalamad\u0131\u011f\u0131, gelece\u011fini haber verdi\u011fi Mehdi, art\u0131k s\u0131r olmaktan \u00e7\u0131k\u0131yor. Mustafa Kemal Atat\u00fcrk&#8217;e y\u00fcklenmeye \u00e7al\u0131\u015f\u0131lan ilahi misyon nedir? Atat\u00fcrk&#8217;e y\u00f6nelik Deccallik iftiras\u0131 ne anlama geliyor? Satanizm&#8217;in kurucusu, o\u011fluna ni\u00e7in   Atat\u00fcrk   ad\u0131n\u0131 verdi?   T\u00fcrk Papa   ve onun idamdan kurtard\u0131\u011f\u0131 T\u00fcrk siyaset\u00e7isi kimdir? Tayyip Erdo\u011fan beklenen kurtar\u0131c\u0131 m\u0131? \u0130sa Mesih ne zaman g\u00f6kten inip Armageddon Sava\u015f\u0131&#8217;n\u0131 ba\u015flatacak? <\/p>\n","protected":false},"excerpt":{"rendered":"<p>Deccal Dindarm\u0131\u015f kitab\u0131nda Deccal&#8217;in kimli\u011fini ve zamane dincilerini yazan Nazif Ay, bu kez k\u00f6t\u00fcl\u00fc\u011fe kar\u015f\u0131 iyili\u011fin temsilcileri olan Mehdi ile Mesih&#8217;i de\u015fifre ediyor. Nostradamus&#8217;un bile kay\u0131ts\u0131z<span class=\"excerpt-hellip\"> [\u2026]<\/span><\/p>\n","protected":false},"featured_media":0,"template":"","meta":{"_monsterinsights_skip_tracking":false,"_monsterinsights_sitenote_active":false,"_monsterinsights_sitenote_note":"","_monsterinsights_sitenote_category":0},"product_brand":[],"product_cat":[12346,12337],"product_tag":[],"class_list":{"0":"post-703541","1":"product","2":"type-product","3":"status-publish","5":"product_cat-derin-siyaset-komplo-teorileri","6":"product_cat-politika-siyaset","7":"pa_tur-kitap","8":"pa_yayinevi-kaynak-yayinlari","9":"pa_yazar-nazif-ay","11":"first","12":"instock","13":"sale","14":"shipping-taxable","15":"purchasable","16":"product-type-simple"},"_links":{"self":[{"href":"https:\/\/roveyayinevi.com.tr\/index.php\/wp-json\/wp\/v2\/product\/703541","targetHints":{"allow":["GET"]}}],"collection":[{"href":"https:\/\/roveyayinevi.com.tr\/index.php\/wp-json\/wp\/v2\/product"}],"about":[{"href":"https:\/\/roveyayinevi.com.tr\/index.php\/wp-json\/wp\/v2\/types\/product"}],"wp:attachment":[{"href":"https:\/\/roveyayinevi.com.tr\/index.php\/wp-json\/wp\/v2\/media?parent=703541"}],"wp:term":[{"taxonomy":"product_brand","embeddable":true,"href":"https:\/\/roveyayinevi.com.tr\/index.php\/wp-json\/wp\/v2\/product_brand?post=703541"},{"taxonomy":"product_cat","embeddable":true,"href":"https:\/\/roveyayinevi.com.tr\/index.php\/wp-json\/wp\/v2\/product_cat?post=703541"},{"taxonomy":"product_tag","embeddable":true,"href":"https:\/\/roveyayinevi.com.tr\/index.php\/wp-json\/wp\/v2\/product_tag?post=703541"}],"curies":[{"name":"wp","href":"https:\/\/api.w.org\/{rel}","templated":true}]}}

<p>Deccal Dindarmış kitabında Deccal&#8217;in kimliğini ve zamane dincilerini yazan Nazif Ay, bu kez kötülüğe karşı iyiliğin temsilcileri olan Mehdi ile Mesih&#8217;i deşifre ediyor. Nostradamus&#8217;un bile kayıtsız kalamadığı, geleceğini haber verdiği Mehdi, artık sır olmaktan çıkıyor. Mustafa Kemal Atatürk&#8217;e yüklenmeye çalışılan ilahi misyon nedir? Atatürk&#8217;e yönelik Deccallik iftirası ne anlama geliyor? Satanizm&#8217;in kurucusu, oğluna niçin   Atatürk   adını verdi?   Türk Papa   ve onun idamdan kurtardığı Türk siyasetçisi kimdir? Tayyip Erdoğan beklenen kurtarıcı mı? İsa Mesih ne zaman gökten inip Armageddon Savaşı&#8217;nı başlatacak? </p>

<p>Deccal Dindarmış kitabında Deccal&#8217;in kimliğini ve zamane dincilerini yazan Nazif Ay, bu kez kötülüğe karşı iyiliğin temsilcileri olan Mehdi ile Mesih&#8217;i deşifre ediyor. Nostradamus&#8217;un bile kayıtsız<span class="excerpt-hellip"> […]</span></p>
