{"id":703540,"date":"2025-08-27T15:26:45","date_gmt":"2025-08-27T12:26:45","guid":{"rendered":"https:\/\/roveyayinevi.com.tr\/index.php\/urun\/off-dilim\/"},"modified":"2026-04-16T02:12:39","modified_gmt":"2026-04-15T23:12:39","slug":"off-dilim","status":"publish","type":"product","link":"https:\/\/roveyayinevi.com.tr\/index.php\/urun\/off-dilim\/","title":{"rendered":"Off, Dilim!"},"content":{"rendered":"<p>Bur\u00e7in okumay\u0131 \u00f6\u011frendi\u011fini san\u0131yor ama bir AVM\u2019de g\u00f6rd\u00fc\u011f\u00fc yaz\u0131lar\u0131 okumaya kalk\u0131nca ablas\u0131 Bur\u00e7ak\u2019\u0131n alay konusu oluyor. Arkada\u015f\u0131ndan gelen mektubu da bir t\u00fcrl\u00fc okuyam\u0131yor. Neden? Okumay\u0131 \u00f6\u011frenmemi\u015f mi? Yoksa o yaz\u0131lar T\u00fcrk\u00e7e de\u011fil mi? Anlaml\u0131 olmas\u0131n\u0131 isterken kimler ne sa\u00e7ma laflar ediyorlar! Hangi \u00fcnl\u00fcler neler demi\u015f? Ya \u015fark\u0131 s\u00f6zleri? Reklamlar ne diyor, nas\u0131l diyor? Bur\u00e7in sizi birlikte d\u00fc\u015f\u00fcnmeye \u00e7a\u011f\u0131r\u0131yor: \u0130nsanlar\u0131n kendi dillerine yabanc\u0131la\u015fmas\u0131 ola\u011fan bir durum mu? T\u00fcrk\u00e7enin i\u00e7ine d\u00fc\u015f\u00fcr\u00fcld\u00fc\u011f\u00fc, ac\u0131kl\u0131 oldu\u011fu kadar g\u00fcl\u00fcn\u00e7 duruma hem \u00fcz\u00fclecek hem de kahkahalarla g\u00fcleceksiniz. <\/p>\n","protected":false},"excerpt":{"rendered":"<p>Bur\u00e7in okumay\u0131 \u00f6\u011frendi\u011fini san\u0131yor ama bir AVM\u2019de g\u00f6rd\u00fc\u011f\u00fc yaz\u0131lar\u0131 okumaya kalk\u0131nca ablas\u0131 Bur\u00e7ak\u2019\u0131n alay konusu oluyor. Arkada\u015f\u0131ndan gelen mektubu da bir t\u00fcrl\u00fc okuyam\u0131yor. Neden? Okumay\u0131 \u00f6\u011frenmemi\u015f<span class=\"excerpt-hellip\"> [\u2026]<\/span><\/p>\n","protected":false},"featured_media":0,"template":"","meta":{"_monsterinsights_skip_tracking":false,"_monsterinsights_sitenote_active":false,"_monsterinsights_sitenote_note":"","_monsterinsights_sitenote_category":0},"product_brand":[],"product_cat":[12275,12274],"product_tag":[],"class_list":{"0":"post-703540","1":"product","2":"type-product","3":"status-publish","5":"product_cat-6-12-yas-kitaplari","6":"product_cat-cocuk-ve-genclik-kitaplari","7":"pa_cilt-ciltsiz","8":"pa_tur-kitap","9":"pa_yayinevi-kirmizi-kedi-yayinevi","10":"pa_yazar-feyza-hepcilingirler","12":"first","13":"instock","14":"sale","15":"shipping-taxable","16":"purchasable","17":"product-type-simple"},"_links":{"self":[{"href":"https:\/\/roveyayinevi.com.tr\/index.php\/wp-json\/wp\/v2\/product\/703540","targetHints":{"allow":["GET"]}}],"collection":[{"href":"https:\/\/roveyayinevi.com.tr\/index.php\/wp-json\/wp\/v2\/product"}],"about":[{"href":"https:\/\/roveyayinevi.com.tr\/index.php\/wp-json\/wp\/v2\/types\/product"}],"wp:attachment":[{"href":"https:\/\/roveyayinevi.com.tr\/index.php\/wp-json\/wp\/v2\/media?parent=703540"}],"wp:term":[{"taxonomy":"product_brand","embeddable":true,"href":"https:\/\/roveyayinevi.com.tr\/index.php\/wp-json\/wp\/v2\/product_brand?post=703540"},{"taxonomy":"product_cat","embeddable":true,"href":"https:\/\/roveyayinevi.com.tr\/index.php\/wp-json\/wp\/v2\/product_cat?post=703540"},{"taxonomy":"product_tag","embeddable":true,"href":"https:\/\/roveyayinevi.com.tr\/index.php\/wp-json\/wp\/v2\/product_tag?post=703540"}],"curies":[{"name":"wp","href":"https:\/\/api.w.org\/{rel}","templated":true}]}}