{"id":703517,"date":"2025-08-27T15:26:35","date_gmt":"2025-08-27T12:26:35","guid":{"rendered":"https:\/\/roveyayinevi.com.tr\/index.php\/urun\/pierre-lotinin-mektuplari-ve-son-kitabi-turkler-ve-ermeniler\/"},"modified":"2026-04-16T02:12:38","modified_gmt":"2026-04-15T23:12:38","slug":"pierre-lotinin-mektuplari-ve-son-kitabi-turkler-ve-ermeniler","status":"publish","type":"product","link":"https:\/\/roveyayinevi.com.tr\/index.php\/urun\/pierre-lotinin-mektuplari-ve-son-kitabi-turkler-ve-ermeniler\/","title":{"rendered":"Pierre Loti\u2019nin Mektuplar\u0131 ve Son Kitab\u0131 : T\u00fcrkler ve Ermeniler"},"content":{"rendered":"<p>Pierre Loti\u2019nin T\u00fcrklere kar\u015f\u0131 ilgisi 1876\u2019dan sonra ba\u015flad\u0131\u011f\u0131 veya daha yo\u011fun hale geldi\u011fi tahmin edilebilir. Zira o tarihte Selanik Liman\u0131\u2019na gelen Frans\u0131z gemisinde bulunan Loti, iki bu\u00e7uk ay gibi uzun say\u0131labilecek bir s\u00fcre bu \u015fehirde kald\u0131. Selanik o tarihte Hristiyan, Yahudi ve M\u00fcsl\u00fcman unsurlar\u0131n -hala- bar\u0131\u015f i\u00e7inde i\u00e7 i\u00e7e ya\u015fad\u0131\u011f\u0131 bir \u015fehirdi. Burada yapt\u0131\u011f\u0131 gezintilerle Osmanl\u0131 toplumsal yap\u0131s\u0131n\u0131, bir\u00e7ok unsuruyla k\u0131yaslayarak anlamaya \u00e7al\u0131\u015ft\u0131\u011f\u0131 a\u00e7\u0131kt\u0131r. Ayn\u0131 y\u0131l -Eyl\u00fcl ay\u0131nda- \u0130stanbul\u2019a geldi ve burada on alt\u0131 ay kald\u0131. Bu s\u00fcre\u00e7te gezip g\u00f6rd\u00fc\u011f\u00fc yerler ilgisini \u00e7ekti ve T\u00fcrk toplumsal yap\u0131s\u0131n\u0131n etkisinde kalarak 1879\u2019da Aziyade adl\u0131 roman\u0131n\u0131 yay\u0131mlad\u0131. <\/p>\n","protected":false},"excerpt":{"rendered":"<p>Pierre Loti\u2019nin T\u00fcrklere kar\u015f\u0131 ilgisi 1876\u2019dan sonra ba\u015flad\u0131\u011f\u0131 veya daha yo\u011fun hale geldi\u011fi tahmin edilebilir. Zira o tarihte Selanik Liman\u0131\u2019na gelen Frans\u0131z gemisinde bulunan Loti, iki<span class=\"excerpt-hellip\"> [\u2026]<\/span><\/p>\n","protected":false},"featured_media":0,"template":"","meta":{"_monsterinsights_skip_tracking":false,"_monsterinsights_sitenote_active":false,"_monsterinsights_sitenote_note":"","_monsterinsights_sitenote_category":0},"product_brand":[],"product_cat":[12782,12291],"product_tag":[],"class_list":{"0":"post-703517","1":"product","2":"type-product","3":"status-publish","5":"product_cat-alman-edebiyati","6":"product_cat-edebiyat","7":"pa_tur-kitap","8":"pa_yayinevi-bilge-kultur-sanat","9":"pa_yazar-pierre-loti","11":"first","12":"instock","13":"sale","14":"shipping-taxable","15":"purchasable","16":"product-type-simple"},"_links":{"self":[{"href":"https:\/\/roveyayinevi.com.tr\/index.php\/wp-json\/wp\/v2\/product\/703517","targetHints":{"allow":["GET"]}}],"collection":[{"href":"https:\/\/roveyayinevi.com.tr\/index.php\/wp-json\/wp\/v2\/product"}],"about":[{"href":"https:\/\/roveyayinevi.com.tr\/index.php\/wp-json\/wp\/v2\/types\/product"}],"wp:attachment":[{"href":"https:\/\/roveyayinevi.com.tr\/index.php\/wp-json\/wp\/v2\/media?parent=703517"}],"wp:term":[{"taxonomy":"product_brand","embeddable":true,"href":"https:\/\/roveyayinevi.com.tr\/index.php\/wp-json\/wp\/v2\/product_brand?post=703517"},{"taxonomy":"product_cat","embeddable":true,"href":"https:\/\/roveyayinevi.com.tr\/index.php\/wp-json\/wp\/v2\/product_cat?post=703517"},{"taxonomy":"product_tag","embeddable":true,"href":"https:\/\/roveyayinevi.com.tr\/index.php\/wp-json\/wp\/v2\/product_tag?post=703517"}],"curies":[{"name":"wp","href":"https:\/\/api.w.org\/{rel}","templated":true}]}}