{"id":703515,"date":"2025-08-27T15:26:34","date_gmt":"2025-08-27T12:26:34","guid":{"rendered":"https:\/\/roveyayinevi.com.tr\/index.php\/urun\/bir-yaratilis-efsanesi\/"},"modified":"2026-04-16T02:12:38","modified_gmt":"2026-04-15T23:12:38","slug":"bir-yaratilis-efsanesi","status":"publish","type":"product","link":"https:\/\/roveyayinevi.com.tr\/index.php\/urun\/bir-yaratilis-efsanesi\/","title":{"rendered":"Bir Yarat\u0131l\u0131\u015f Efsanesi"},"content":{"rendered":"<p>G\u00f6zde renk, yerde mevsim yaratan yedi g\u00fcne\u015fin alt\u0131ndaYar\u0131s\u0131 madde, yar\u0131s\u0131 ruh, \u00f6yle bir d\u00fcnyayd\u0131 mekan&#8230;Kilimi ye\u015fil \u00e7ay\u0131r, \u00e7at\u0131s\u0131 g\u00f6k kubbeden obayd\u0131;Sesi Orhun Nehri ak\u0131\u015fl\u0131, rengi akbu\u011fdayd\u0131;D\u00f6rt yan\u0131 alk\u0131ml\u0131, \u00e7evreni yayd\u0131 mekan.Yaprak h\u0131\u015f\u0131rda\u015f\u0131r, kanat sesi duyulurAlageyik ko\u015fu\u015flu s\u0131r ormanlar\u0131nda;Z\u00fcmr\u00fct H\u00fcma u\u00e7u\u015flu semalar\u0131nda\u00d6zg\u00fcr nefesiydi bereketi, bite\u011fi.Ge\u00e7it vermez demir da\u011flar\u0131n\u0131nYollar\u0131na yaz\u0131l\u0131rd\u0131 bir destan&#8230; <\/p>\n","protected":false},"excerpt":{"rendered":"<p>G\u00f6zde renk, yerde mevsim yaratan yedi g\u00fcne\u015fin alt\u0131ndaYar\u0131s\u0131 madde, yar\u0131s\u0131 ruh, \u00f6yle bir d\u00fcnyayd\u0131 mekan&#8230;Kilimi ye\u015fil \u00e7ay\u0131r, \u00e7at\u0131s\u0131 g\u00f6k kubbeden obayd\u0131;Sesi Orhun Nehri ak\u0131\u015fl\u0131, rengi akbu\u011fdayd\u0131;D\u00f6rt<span class=\"excerpt-hellip\"> [\u2026]<\/span><\/p>\n","protected":false},"featured_media":0,"template":"","meta":{"_monsterinsights_skip_tracking":false,"_monsterinsights_sitenote_active":false,"_monsterinsights_sitenote_note":"","_monsterinsights_sitenote_category":0},"product_brand":[],"product_cat":[12718,12858],"product_tag":[],"class_list":{"0":"post-703515","1":"product","2":"type-product","3":"status-publish","5":"product_cat-din","6":"product_cat-mitolojiler","7":"pa_tur-kitap","8":"pa_yayinevi-otuken-nesriyat","9":"pa_yazar-osman-aktas","11":"first","12":"instock","13":"sale","14":"shipping-taxable","15":"purchasable","16":"product-type-simple"},"_links":{"self":[{"href":"https:\/\/roveyayinevi.com.tr\/index.php\/wp-json\/wp\/v2\/product\/703515","targetHints":{"allow":["GET"]}}],"collection":[{"href":"https:\/\/roveyayinevi.com.tr\/index.php\/wp-json\/wp\/v2\/product"}],"about":[{"href":"https:\/\/roveyayinevi.com.tr\/index.php\/wp-json\/wp\/v2\/types\/product"}],"wp:attachment":[{"href":"https:\/\/roveyayinevi.com.tr\/index.php\/wp-json\/wp\/v2\/media?parent=703515"}],"wp:term":[{"taxonomy":"product_brand","embeddable":true,"href":"https:\/\/roveyayinevi.com.tr\/index.php\/wp-json\/wp\/v2\/product_brand?post=703515"},{"taxonomy":"product_cat","embeddable":true,"href":"https:\/\/roveyayinevi.com.tr\/index.php\/wp-json\/wp\/v2\/product_cat?post=703515"},{"taxonomy":"product_tag","embeddable":true,"href":"https:\/\/roveyayinevi.com.tr\/index.php\/wp-json\/wp\/v2\/product_tag?post=703515"}],"curies":[{"name":"wp","href":"https:\/\/api.w.org\/{rel}","templated":true}]}}