{"id":703504,"date":"2025-08-27T15:26:30","date_gmt":"2025-08-27T12:26:30","guid":{"rendered":"https:\/\/roveyayinevi.com.tr\/index.php\/urun\/kolay-piyano-2-spiralli\/"},"modified":"2026-04-16T02:12:38","modified_gmt":"2026-04-15T23:12:38","slug":"kolay-piyano-2-spiralli","status":"publish","type":"product","link":"https:\/\/roveyayinevi.com.tr\/index.php\/urun\/kolay-piyano-2-spiralli\/","title":{"rendered":"Kolay Piyano &#8211; 2 (Spiralli)"},"content":{"rendered":"<p>\u00c7alg\u0131 e\u011fitimi \u00e7ocu\u011funuzu ya\u015fam\u0131 boyunca olumlu etkileyecek ba\u015fta akademik ve sosyal alanlarda olmak \u00fczere bir\u00e7ok disiplinde ba\u015far\u0131l\u0131 olmas\u0131n\u0131 sa\u011flayacak bir s\u00fcre\u00e7tir. Zihinsel kapasitede art\u0131\u015f, ritim duygusu ve reflekslerde geli\u015fme, sab\u0131r, yo\u011funla\u015fabilmede kolayl\u0131k, disiplinli \u00e7al\u0131\u015fma al\u0131\u015fkanl\u0131\u011f\u0131, birlikte i\u015f yapabilme yetene\u011fi gibi konularda, ilerleyen y\u0131llarda ya\u015fam\u0131n\u0131 kolayla\u015ft\u0131racak de\u011ferler kazand\u0131r\u0131r. Kolay Piyano dizisinin ikincisi olan elinizdeki metotta \u00e7ift diyezli maj\u00f6r ve min\u00f6r tonlara ve bu tonlar\u0131n tam kadanslar\u0131na kadar \u00e7al\u0131\u015f\u0131lm\u0131\u015ft\u0131r. Daha \u00fcst d\u00fczeyde armoni bilgisi, tonlar ve senfonik m\u00fczi\u011fin se\u00e7kin \u00f6rnekleri dizinin \u00fc\u00e7\u00fcnc\u00fc kitab\u0131na b\u0131rak\u0131lm\u0131\u015ft\u0131r. \u00d6\u011frenmenin ilk ad\u0131m\u0131 taklittir. \u00d6nce pratik, sonra teori gelir. Bu d\u00fc\u015f\u00fcnceler do\u011frultusunda \u00f6\u011frenciye \u00f6nce \u015fart olan temel bilgiler ve sevebilece\u011fi, prati\u011fini kuvvetlendirebilece\u011fi \u015fark\u0131lar \u00f6nerildi. Sonra da ton bilgisi verildi. Ton ve kadans \u00e7al\u0131\u015f\u0131rken daha basit par\u00e7alar kullanarak \u00f6\u011frencinin hedeflenen bilgileri daha kolay izleyebilmesi ye\u011flendi. Fark etti\u011finiz gibi, bu kitapta art\u0131k notalar\u0131 boyama yok. Buna kar\u015f\u0131l\u0131k Beyer, Hanon, Czerny ve Muammer Sun&#8217;un Solfej kitab\u0131 gibi teknik et\u00fcd kitaplar\u0131n\u0131 program\u0131n\u0131za ekleyerek \u00f6\u011frencinin kapasitesine g\u00f6re paralel bir uygulama ger\u00e7ekle\u015ftirmek yerinde olacakt\u0131r. <\/p>\n","protected":false},"excerpt":{"rendered":"<p>\u00c7alg\u0131 e\u011fitimi \u00e7ocu\u011funuzu ya\u015fam\u0131 boyunca olumlu etkileyecek ba\u015fta akademik ve sosyal alanlarda olmak \u00fczere bir\u00e7ok disiplinde ba\u015far\u0131l\u0131 olmas\u0131n\u0131 sa\u011flayacak bir s\u00fcre\u00e7tir. Zihinsel kapasitede art\u0131\u015f, ritim duygusu<span class=\"excerpt-hellip\"> [\u2026]<\/span><\/p>\n","protected":false},"featured_media":0,"template":"","meta":{"_monsterinsights_skip_tracking":false,"_monsterinsights_sitenote_active":false,"_monsterinsights_sitenote_note":"","_monsterinsights_sitenote_category":0},"product_brand":[],"product_cat":[14556,14557],"product_tag":[],"class_list":{"0":"post-703504","1":"product","2":"type-product","3":"status-publish","5":"product_cat-muzik","6":"product_cat-nota-kitaplari","7":"pa_cilt-ciltsiz","8":"pa_tur-kitap","9":"pa_yayinevi-alfa-yayinlari","10":"pa_yazar-sevinc-ereren","12":"first","13":"instock","14":"sale","15":"shipping-taxable","16":"purchasable","17":"product-type-simple"},"_links":{"self":[{"href":"https:\/\/roveyayinevi.com.tr\/index.php\/wp-json\/wp\/v2\/product\/703504","targetHints":{"allow":["GET"]}}],"collection":[{"href":"https:\/\/roveyayinevi.com.tr\/index.php\/wp-json\/wp\/v2\/product"}],"about":[{"href":"https:\/\/roveyayinevi.com.tr\/index.php\/wp-json\/wp\/v2\/types\/product"}],"wp:attachment":[{"href":"https:\/\/roveyayinevi.com.tr\/index.php\/wp-json\/wp\/v2\/media?parent=703504"}],"wp:term":[{"taxonomy":"product_brand","embeddable":true,"href":"https:\/\/roveyayinevi.com.tr\/index.php\/wp-json\/wp\/v2\/product_brand?post=703504"},{"taxonomy":"product_cat","embeddable":true,"href":"https:\/\/roveyayinevi.com.tr\/index.php\/wp-json\/wp\/v2\/product_cat?post=703504"},{"taxonomy":"product_tag","embeddable":true,"href":"https:\/\/roveyayinevi.com.tr\/index.php\/wp-json\/wp\/v2\/product_tag?post=703504"}],"curies":[{"name":"wp","href":"https:\/\/api.w.org\/{rel}","templated":true}]}}