{"id":703499,"date":"2025-08-27T15:26:27","date_gmt":"2025-08-27T12:26:27","guid":{"rendered":"https:\/\/roveyayinevi.com.tr\/index.php\/urun\/chp-yeni-oldu-mu-tuzuk-demokratiklesti-mi\/"},"modified":"2026-04-16T02:12:38","modified_gmt":"2026-04-15T23:12:38","slug":"chp-yeni-oldu-mu-tuzuk-demokratiklesti-mi","status":"publish","type":"product","link":"https:\/\/roveyayinevi.com.tr\/index.php\/urun\/chp-yeni-oldu-mu-tuzuk-demokratiklesti-mi\/","title":{"rendered":"CHP Yeni Oldu mu, T\u00fcz\u00fck Demokratikle\u015fti mi?"},"content":{"rendered":"<p>CHP Yeni Oldu mu? T\u00fcz\u00fck Demokratikle\u015fti mi?   Kitab\u0131 K\u0131l\u0131\u00e7daro\u011flu d\u00f6neminde CHP ger\u00e7ekten kendini yenileyebildi mi, Baykal d\u00f6neminden farkl\u0131 neler yap\u0131labildi, kurultaylarda verilen s\u00f6zler yerine getirilebildi mi, 12 Haziran 2011 genel se\u00e7imlerinde bekleneni neden yakalayamad\u0131, gibi sorulara yan\u0131t ararken i\u00e7 ve d\u0131\u015f siyasetin genel ak\u0131\u015f\u0131na da ayna tutmaktad\u0131r. Ayr\u0131ca Demokratik T\u00fcz\u00fck Kurultay\u0131&#8217;nda son \u015feklini alan t\u00fcz\u00fck\u00fcn ger\u00e7ekten demokratik bir \u00f6ze sahip olup olmad\u0131\u011f\u0131n\u0131 de\u011ferlendiren yazar T\u00fcrkiye&#8217;de ilk kez bu t\u00fcz\u00fck de\u011ferlendirmesiyle ve farkl\u0131 bir y\u00f6ntemle parti i\u00e7i demokrasi konusuna e\u011filiyor, ele\u015ftiriyor, \u00f6neriler sunuyor ve daha demokratik t\u00fcz\u00fck I\u00e7in okuyucular\u0131 da katk\u0131 sunmaya \u00e7a\u011f\u0131r\u0131yor. <\/p>\n","protected":false},"excerpt":{"rendered":"<p>CHP Yeni Oldu mu? T\u00fcz\u00fck Demokratikle\u015fti mi? Kitab\u0131 K\u0131l\u0131\u00e7daro\u011flu d\u00f6neminde CHP ger\u00e7ekten kendini yenileyebildi mi, Baykal d\u00f6neminden farkl\u0131 neler yap\u0131labildi, kurultaylarda verilen s\u00f6zler yerine getirilebildi mi,<span class=\"excerpt-hellip\"> [\u2026]<\/span><\/p>\n","protected":false},"featured_media":0,"template":"","meta":{"_monsterinsights_skip_tracking":false,"_monsterinsights_sitenote_active":false,"_monsterinsights_sitenote_note":"","_monsterinsights_sitenote_category":0},"product_brand":[],"product_cat":[13059,12337],"product_tag":[],"class_list":{"0":"post-703499","1":"product","2":"type-product","3":"status-publish","5":"product_cat-diger-politika-siyaset","6":"product_cat-politika-siyaset","7":"pa_tur-kitap","8":"pa_yayinevi-karinca-yayinlari","9":"pa_yazar-mesut-izgili","11":"first","12":"instock","13":"sale","14":"shipping-taxable","15":"purchasable","16":"product-type-simple"},"_links":{"self":[{"href":"https:\/\/roveyayinevi.com.tr\/index.php\/wp-json\/wp\/v2\/product\/703499","targetHints":{"allow":["GET"]}}],"collection":[{"href":"https:\/\/roveyayinevi.com.tr\/index.php\/wp-json\/wp\/v2\/product"}],"about":[{"href":"https:\/\/roveyayinevi.com.tr\/index.php\/wp-json\/wp\/v2\/types\/product"}],"wp:attachment":[{"href":"https:\/\/roveyayinevi.com.tr\/index.php\/wp-json\/wp\/v2\/media?parent=703499"}],"wp:term":[{"taxonomy":"product_brand","embeddable":true,"href":"https:\/\/roveyayinevi.com.tr\/index.php\/wp-json\/wp\/v2\/product_brand?post=703499"},{"taxonomy":"product_cat","embeddable":true,"href":"https:\/\/roveyayinevi.com.tr\/index.php\/wp-json\/wp\/v2\/product_cat?post=703499"},{"taxonomy":"product_tag","embeddable":true,"href":"https:\/\/roveyayinevi.com.tr\/index.php\/wp-json\/wp\/v2\/product_tag?post=703499"}],"curies":[{"name":"wp","href":"https:\/\/api.w.org\/{rel}","templated":true}]}}