{"id":703474,"date":"2025-08-27T15:26:17","date_gmt":"2025-08-27T12:26:17","guid":{"rendered":"https:\/\/roveyayinevi.com.tr\/index.php\/urun\/hazar-ve-karay-turkleri\/"},"modified":"2026-04-16T02:12:37","modified_gmt":"2026-04-15T23:12:37","slug":"hazar-ve-karay-turkleri","status":"publish","type":"product","link":"https:\/\/roveyayinevi.com.tr\/index.php\/urun\/hazar-ve-karay-turkleri\/","title":{"rendered":"Hazar ve Karay T\u00fcrkleri"},"content":{"rendered":"<p>Kaynak eserlerde Hazarlar\u0131n bir k\u0131sm\u0131n\u0131n Yahudili\u011fi kabul etti\u011fi haber verilmektedir. Baz\u0131 ara\u015ft\u0131rmac\u0131lar, verilen bu bilgileri de\u011ferlendirerek bug\u00fcnk\u00fc Do\u011fu Avrupa Yahudilerinin M.S. 8. y\u00fczy\u0131lda Yahudili\u011fi kabul etmi\u015f olan Hazarlar\u0131n \u00e7ocuklar\u0131 oldu\u011funu ileri s\u00fcrmektedirler. <\/p>\n","protected":false},"excerpt":{"rendered":"<p>Kaynak eserlerde Hazarlar\u0131n bir k\u0131sm\u0131n\u0131n Yahudili\u011fi kabul etti\u011fi haber verilmektedir. Baz\u0131 ara\u015ft\u0131rmac\u0131lar, verilen bu bilgileri de\u011ferlendirerek bug\u00fcnk\u00fc Do\u011fu Avrupa Yahudilerinin M.S. 8. y\u00fczy\u0131lda Yahudili\u011fi kabul etmi\u015f<span class=\"excerpt-hellip\"> [\u2026]<\/span><\/p>\n","protected":false},"featured_media":0,"template":"","meta":{"_monsterinsights_skip_tracking":false,"_monsterinsights_sitenote_active":false,"_monsterinsights_sitenote_note":"","_monsterinsights_sitenote_category":0},"product_brand":[],"product_cat":[12370,12304],"product_tag":[],"class_list":{"0":"post-703474","1":"product","2":"type-product","3":"status-publish","5":"product_cat-arastirma-inceleme","6":"product_cat-tarih","7":"pa_tur-kitap","8":"pa_yayinevi-bilge-kultur-sanat","9":"pa_yazar-saban-kuzgun","11":"first","12":"instock","13":"sale","14":"shipping-taxable","15":"purchasable","16":"product-type-simple"},"_links":{"self":[{"href":"https:\/\/roveyayinevi.com.tr\/index.php\/wp-json\/wp\/v2\/product\/703474","targetHints":{"allow":["GET"]}}],"collection":[{"href":"https:\/\/roveyayinevi.com.tr\/index.php\/wp-json\/wp\/v2\/product"}],"about":[{"href":"https:\/\/roveyayinevi.com.tr\/index.php\/wp-json\/wp\/v2\/types\/product"}],"wp:attachment":[{"href":"https:\/\/roveyayinevi.com.tr\/index.php\/wp-json\/wp\/v2\/media?parent=703474"}],"wp:term":[{"taxonomy":"product_brand","embeddable":true,"href":"https:\/\/roveyayinevi.com.tr\/index.php\/wp-json\/wp\/v2\/product_brand?post=703474"},{"taxonomy":"product_cat","embeddable":true,"href":"https:\/\/roveyayinevi.com.tr\/index.php\/wp-json\/wp\/v2\/product_cat?post=703474"},{"taxonomy":"product_tag","embeddable":true,"href":"https:\/\/roveyayinevi.com.tr\/index.php\/wp-json\/wp\/v2\/product_tag?post=703474"}],"curies":[{"name":"wp","href":"https:\/\/api.w.org\/{rel}","templated":true}]}}