{"id":703465,"date":"2025-08-27T15:26:14","date_gmt":"2025-08-27T12:26:14","guid":{"rendered":"https:\/\/roveyayinevi.com.tr\/index.php\/urun\/maskeli-ask\/"},"modified":"2026-04-16T02:12:37","modified_gmt":"2026-04-15T23:12:37","slug":"maskeli-ask","status":"publish","type":"product","link":"https:\/\/roveyayinevi.com.tr\/index.php\/urun\/maskeli-ask\/","title":{"rendered":"Maskeli A\u015fk"},"content":{"rendered":"<p>Sadece a\u015fk, bir kad\u0131n\u0131n maskesini d\u00fc\u015f\u00fcrebilir&#8230; Muhte\u015fem K\u0131zlarAz\u0131l\u0131 e\u015fk\u0131ya \u00e7etesi Muhte\u015fem K\u0131zlar g\u00fc\u00e7s\u00fczleri savunmak i\u00e7in Kuzey Yorkshire\u2019\u0131n yabani tepeleri ve vadilerinde at ko\u015fturmaktad\u0131r. Cesurca, Robin Hoodvari maceralara at\u0131lan bu kad\u0131nlar, topluma adalet getirmeye \u00e7al\u0131\u015f\u0131rken \u00fclkenin adalet sisteminden ka\u00e7abilecekler midir? Gizem Avc\u0131s\u0131Binba\u015f\u0131 Nick Falconer, Muhte\u015fem K\u0131zlar\u2019\u0131n maskesini d\u00fc\u015f\u00fcrmek \u00fczere Londra\u2019dan g\u00f6nderilmi\u015ftir. Ancak bir grup zalim kad\u0131n bulmay\u0131 beklerken kar\u015f\u0131s\u0131na dul bir han\u0131mefendi olan Marina Osborne \u00e7\u0131kar. Gen\u00e7 adam bu gizemli ve g\u00fczel kad\u0131n\u0131n, Muhte\u015fem K\u0131zlar\u2019dan biri oldu\u011funa inanamaz. \u00c7ekici asker, gen\u00e7 kad\u0131n\u0131n bedeni, ruhu ve s\u0131rlar\u0131n\u0131 ele ge\u00e7irmek i\u00e7in ikisini de yakan bir tutkuyla onu ba\u015ftan \u00e7\u0131karmaya \u00e7al\u0131\u015f\u0131rken kendi duygular\u0131na hakim olabilecek midir?\u201cMaskeli A\u015fk, \u00f6zg\u00fcrl\u00fck ve esaret kavramlar\u0131n\u0131, bunlar\u0131n insan kalbine neler yapabilece\u011fini sorgulayan, merak uyand\u0131r\u0131c\u0131 ve k\u0131\u015fk\u0131rt\u0131c\u0131 bir hikaye. Sempatik bir kad\u0131n, cesur bir erkek, macera ve gizem, kar\u015f\u0131 konulamaz \u00e7ekim ve \u015fehvet. Kesinlikle okunmal\u0131!\u201d &#8211; Romance Reader\u2019s Connection .<\/p>\n","protected":false},"excerpt":{"rendered":"<p>Sadece a\u015fk, bir kad\u0131n\u0131n maskesini d\u00fc\u015f\u00fcrebilir&#8230; Muhte\u015fem K\u0131zlarAz\u0131l\u0131 e\u015fk\u0131ya \u00e7etesi Muhte\u015fem K\u0131zlar g\u00fc\u00e7s\u00fczleri savunmak i\u00e7in Kuzey Yorkshire\u2019\u0131n yabani tepeleri ve vadilerinde at ko\u015fturmaktad\u0131r. Cesurca, Robin Hoodvari<span class=\"excerpt-hellip\"> [\u2026]<\/span><\/p>\n","protected":false},"featured_media":0,"template":"","meta":{"_monsterinsights_skip_tracking":false,"_monsterinsights_sitenote_active":false,"_monsterinsights_sitenote_note":"","_monsterinsights_sitenote_category":0},"product_brand":[],"product_cat":[12291,12711],"product_tag":[],"class_list":{"0":"post-703465","1":"product","2":"type-product","3":"status-publish","5":"product_cat-edebiyat","6":"product_cat-roman-oyku","7":"pa_cilt-ciltsiz","8":"pa_tur-kitap","9":"pa_yayinevi-pegasus-yayinlari","10":"pa_yazar-nicola-cornick","12":"first","13":"instock","14":"sale","15":"shipping-taxable","16":"purchasable","17":"product-type-simple"},"_links":{"self":[{"href":"https:\/\/roveyayinevi.com.tr\/index.php\/wp-json\/wp\/v2\/product\/703465","targetHints":{"allow":["GET"]}}],"collection":[{"href":"https:\/\/roveyayinevi.com.tr\/index.php\/wp-json\/wp\/v2\/product"}],"about":[{"href":"https:\/\/roveyayinevi.com.tr\/index.php\/wp-json\/wp\/v2\/types\/product"}],"wp:attachment":[{"href":"https:\/\/roveyayinevi.com.tr\/index.php\/wp-json\/wp\/v2\/media?parent=703465"}],"wp:term":[{"taxonomy":"product_brand","embeddable":true,"href":"https:\/\/roveyayinevi.com.tr\/index.php\/wp-json\/wp\/v2\/product_brand?post=703465"},{"taxonomy":"product_cat","embeddable":true,"href":"https:\/\/roveyayinevi.com.tr\/index.php\/wp-json\/wp\/v2\/product_cat?post=703465"},{"taxonomy":"product_tag","embeddable":true,"href":"https:\/\/roveyayinevi.com.tr\/index.php\/wp-json\/wp\/v2\/product_tag?post=703465"}],"curies":[{"name":"wp","href":"https:\/\/api.w.org\/{rel}","templated":true}]}}