{"id":703451,"date":"2025-08-27T15:26:07","date_gmt":"2025-08-27T12:26:07","guid":{"rendered":"https:\/\/roveyayinevi.com.tr\/index.php\/urun\/ya-allahin-sevdikleri\/"},"modified":"2026-04-16T02:12:37","modified_gmt":"2026-04-15T23:12:37","slug":"ya-allahin-sevdikleri","status":"publish","type":"product","link":"https:\/\/roveyayinevi.com.tr\/index.php\/urun\/ya-allahin-sevdikleri\/","title":{"rendered":"Ya Allah\u2019\u0131n Sevdikleri!"},"content":{"rendered":"<p>Vel\u00eelerden birisi, bir g\u00fcn c\u00e2minin avlusunda otururken yan\u0131na bir zat gelir. Kendisine \u201c\u0130\u00e7eride Abd\u00fcrrezzak Hoca Efendi g\u00fczelce vaaz veriyor, sen niye dinlemezsin?\u201d diye sorar. <\/p>\n","protected":false},"excerpt":{"rendered":"<p>Vel\u00eelerden birisi, bir g\u00fcn c\u00e2minin avlusunda otururken yan\u0131na bir zat gelir. Kendisine \u201c\u0130\u00e7eride Abd\u00fcrrezzak Hoca Efendi g\u00fczelce vaaz veriyor, sen niye dinlemezsin?\u201d diye sorar.<\/p>\n","protected":false},"featured_media":0,"template":"","meta":{"_monsterinsights_skip_tracking":false,"_monsterinsights_sitenote_active":false,"_monsterinsights_sitenote_note":"","_monsterinsights_sitenote_category":0},"product_brand":[],"product_cat":[12718,12719,12720],"product_tag":[],"class_list":{"0":"post-703451","1":"product","2":"type-product","3":"status-publish","5":"product_cat-din","6":"product_cat-islam","7":"product_cat-tasavvuf-mezhepler-tarikatlar","8":"pa_tur-kitap","9":"pa_yayinevi-nefes-yayincilik","10":"pa_yazar-cemalnur-sargut","12":"first","13":"instock","14":"sale","15":"shipping-taxable","16":"purchasable","17":"product-type-simple"},"_links":{"self":[{"href":"https:\/\/roveyayinevi.com.tr\/index.php\/wp-json\/wp\/v2\/product\/703451","targetHints":{"allow":["GET"]}}],"collection":[{"href":"https:\/\/roveyayinevi.com.tr\/index.php\/wp-json\/wp\/v2\/product"}],"about":[{"href":"https:\/\/roveyayinevi.com.tr\/index.php\/wp-json\/wp\/v2\/types\/product"}],"wp:attachment":[{"href":"https:\/\/roveyayinevi.com.tr\/index.php\/wp-json\/wp\/v2\/media?parent=703451"}],"wp:term":[{"taxonomy":"product_brand","embeddable":true,"href":"https:\/\/roveyayinevi.com.tr\/index.php\/wp-json\/wp\/v2\/product_brand?post=703451"},{"taxonomy":"product_cat","embeddable":true,"href":"https:\/\/roveyayinevi.com.tr\/index.php\/wp-json\/wp\/v2\/product_cat?post=703451"},{"taxonomy":"product_tag","embeddable":true,"href":"https:\/\/roveyayinevi.com.tr\/index.php\/wp-json\/wp\/v2\/product_tag?post=703451"}],"curies":[{"name":"wp","href":"https:\/\/api.w.org\/{rel}","templated":true}]}}