{"id":703446,"date":"2025-08-27T15:26:05","date_gmt":"2025-08-27T12:26:05","guid":{"rendered":"https:\/\/roveyayinevi.com.tr\/index.php\/urun\/korsan-sandigi\/"},"modified":"2026-04-16T02:12:37","modified_gmt":"2026-04-15T23:12:37","slug":"korsan-sandigi","status":"publish","type":"product","link":"https:\/\/roveyayinevi.com.tr\/index.php\/urun\/korsan-sandigi\/","title":{"rendered":"Korsan Sand\u0131\u011f\u0131"},"content":{"rendered":"<p>\u201c\u015eol cengi g\u00f6rm\u00fc\u015f\u00fcz kim g\u00f6rmemi\u015ftir dide-i derya\u201dO cengi g\u00f6rm\u00fc\u015f\u00fcz ki g\u00f6rmemi\u015ftir denizin g\u00f6zleri <\/p>\n","protected":false},"excerpt":{"rendered":"<p>\u201c\u015eol cengi g\u00f6rm\u00fc\u015f\u00fcz kim g\u00f6rmemi\u015ftir dide-i derya\u201dO cengi g\u00f6rm\u00fc\u015f\u00fcz ki g\u00f6rmemi\u015ftir denizin g\u00f6zleri<\/p>\n","protected":false},"featured_media":0,"template":"","meta":{"_monsterinsights_skip_tracking":false,"_monsterinsights_sitenote_active":false,"_monsterinsights_sitenote_note":"","_monsterinsights_sitenote_category":0},"product_brand":[],"product_cat":[12370,12304],"product_tag":[],"class_list":{"0":"post-703446","1":"product","2":"type-product","3":"status-publish","5":"product_cat-arastirma-inceleme","6":"product_cat-tarih","7":"pa_tur-kitap","8":"pa_yayinevi-kirmizi-kedi-yayinevi","9":"pa_yazar-alper-uygur","11":"first","12":"instock","13":"sale","14":"shipping-taxable","15":"purchasable","16":"product-type-simple"},"_links":{"self":[{"href":"https:\/\/roveyayinevi.com.tr\/index.php\/wp-json\/wp\/v2\/product\/703446","targetHints":{"allow":["GET"]}}],"collection":[{"href":"https:\/\/roveyayinevi.com.tr\/index.php\/wp-json\/wp\/v2\/product"}],"about":[{"href":"https:\/\/roveyayinevi.com.tr\/index.php\/wp-json\/wp\/v2\/types\/product"}],"wp:attachment":[{"href":"https:\/\/roveyayinevi.com.tr\/index.php\/wp-json\/wp\/v2\/media?parent=703446"}],"wp:term":[{"taxonomy":"product_brand","embeddable":true,"href":"https:\/\/roveyayinevi.com.tr\/index.php\/wp-json\/wp\/v2\/product_brand?post=703446"},{"taxonomy":"product_cat","embeddable":true,"href":"https:\/\/roveyayinevi.com.tr\/index.php\/wp-json\/wp\/v2\/product_cat?post=703446"},{"taxonomy":"product_tag","embeddable":true,"href":"https:\/\/roveyayinevi.com.tr\/index.php\/wp-json\/wp\/v2\/product_tag?post=703446"}],"curies":[{"name":"wp","href":"https:\/\/api.w.org\/{rel}","templated":true}]}}