{"id":703437,"date":"2025-08-27T15:26:01","date_gmt":"2025-08-27T12:26:01","guid":{"rendered":"https:\/\/roveyayinevi.com.tr\/index.php\/urun\/kizil-gokler-altinda-kizil-denizler\/"},"modified":"2026-02-03T02:21:17","modified_gmt":"2026-02-02T23:21:17","slug":"kizil-gokler-altinda-kizil-denizler","status":"publish","type":"product","link":"https:\/\/roveyayinevi.com.tr\/index.php\/urun\/kizil-gokler-altinda-kizil-denizler\/","title":{"rendered":"K\u0131z\u0131l G\u00f6kler Alt\u0131nda K\u0131z\u0131l Denizler"},"content":{"rendered":"<p>&#8220;Canl\u0131, orijinal ve \u00e7ekici. Muhte\u015fem bir \u015fekilde yaz\u0131lm\u0131\u015f.&#8221; George R.R. Martin   \u201cFazla s\u00f6ze gerek yok, bu kitaba bay\u0131ld\u0131m.\u201d Patrick Rothfuss   \u201cBizi tarih kitaplar\u0131nda ararsan en fazla sat\u0131r aralar\u0131nda bulabilirsin. Yok e\u011fer efsanelerde ararsan i\u015fte orada \u00f6v\u00fcld\u00fc\u011f\u00fcm\u00fcz\u00fc g\u00f6rebilirsin.\u201d Usta h\u0131rs\u0131z ve do*land\u0131r\u0131c\u0131 Locke Lamora ile \u00f6l\u00fcmc\u00fcll\u00fc\u011f\u00fcnden hi\u00e7bir \u015fey kaybetmemi\u015f Jean Tannen, evlerinin ve ge\u00e7mi\u015flerinin enkaz\u0131ndan ka\u00e7m\u0131\u015f, Camorr\u2019un Belas\u0131 ise Camorr\u2019suz kalm\u0131\u015ft\u0131r. Ancak oradan oraya s\u00fcr\u00fcklenmek Centilmen Pi\u00e7ler i\u00e7in bile bir se\u00e7enek de\u011fildir, onlar da en iyi yapt\u0131klar\u0131 i\u015fe geri d\u00f6nerler\u2026 Bu kez hedefleri Tal Verrar \u015fehir devleti ve \u015fehrin en korunakl\u0131, g\u00f6rkemli binas\u0131 G\u00fcnahane\u2019dir. G\u00f6r\u00fcp g\u00f6r\u00fclebilecek en b\u00fcy\u00fck kumarhane olan ve oradan bir tek sikke \u00e7al\u0131p hayatta kalan\u0131n olmad\u0131\u011f\u0131 G\u00fcnahane, Locke\u2019un direnemeyece\u011fi t\u00fcrden bir hedeftir\u2026 \u2026 fakat Locke\u2019un kusursuz su\u00e7unun beklemesi gerekmektedir.   \u00c7oksatan serisi Centilmen Pi\u00e7\u2019in ikinci kitab\u0131nda Scott Lynch, a\u00e7\u0131k denizlerin ve en al\u00e7ak\u00e7as\u0131ndan kurnazl\u0131klar\u0131n eksik olmad\u0131\u011f\u0131 s\u00fcr\u00fckleyici \u00f6yk\u00fcs\u00fcn\u00fc, k\u0131r\u0131lma noktas\u0131na kadar s\u0131nanan bir dostlu\u011fu anlatarak dokuyor ve sars\u0131c\u0131 kalemiyle okurlar\u0131n hayal d\u00fcnyas\u0131n\u0131 alabora etmeye devam ediyor. <\/p>\n","protected":false},"excerpt":{"rendered":"<p>&#8220;Canl\u0131, orijinal ve \u00e7ekici. Muhte\u015fem bir \u015fekilde yaz\u0131lm\u0131\u015f.&#8221; George R.R. Martin \u201cFazla s\u00f6ze gerek yok, bu kitaba bay\u0131ld\u0131m.\u201d Patrick Rothfuss \u201cBizi tarih kitaplar\u0131nda ararsan en fazla<span class=\"excerpt-hellip\"> [\u2026]<\/span><\/p>\n","protected":false},"featured_media":0,"template":"","meta":{"_monsterinsights_skip_tracking":false,"_monsterinsights_sitenote_active":false,"_monsterinsights_sitenote_note":"","_monsterinsights_sitenote_category":0},"product_brand":[],"product_cat":[12291,12711],"product_tag":[],"class_list":{"0":"post-703437","1":"product","2":"type-product","3":"status-publish","5":"product_cat-edebiyat","6":"product_cat-roman-oyku","7":"pa_cilt-ciltsiz","8":"pa_tur-kitap","9":"pa_yayinevi-ithaki-yayinlari","10":"pa_yazar-scott-lynch","12":"first","13":"instock","14":"sale","15":"shipping-taxable","16":"purchasable","17":"product-type-simple"},"_links":{"self":[{"href":"https:\/\/roveyayinevi.com.tr\/index.php\/wp-json\/wp\/v2\/product\/703437","targetHints":{"allow":["GET"]}}],"collection":[{"href":"https:\/\/roveyayinevi.com.tr\/index.php\/wp-json\/wp\/v2\/product"}],"about":[{"href":"https:\/\/roveyayinevi.com.tr\/index.php\/wp-json\/wp\/v2\/types\/product"}],"wp:attachment":[{"href":"https:\/\/roveyayinevi.com.tr\/index.php\/wp-json\/wp\/v2\/media?parent=703437"}],"wp:term":[{"taxonomy":"product_brand","embeddable":true,"href":"https:\/\/roveyayinevi.com.tr\/index.php\/wp-json\/wp\/v2\/product_brand?post=703437"},{"taxonomy":"product_cat","embeddable":true,"href":"https:\/\/roveyayinevi.com.tr\/index.php\/wp-json\/wp\/v2\/product_cat?post=703437"},{"taxonomy":"product_tag","embeddable":true,"href":"https:\/\/roveyayinevi.com.tr\/index.php\/wp-json\/wp\/v2\/product_tag?post=703437"}],"curies":[{"name":"wp","href":"https:\/\/api.w.org\/{rel}","templated":true}]}}