{"id":703399,"date":"2025-08-27T15:25:03","date_gmt":"2025-08-27T12:25:03","guid":{"rendered":"https:\/\/roveyayinevi.com.tr\/index.php\/urun\/hegemonya-ve-politik-toplum\/"},"modified":"2026-04-16T02:12:36","modified_gmt":"2026-04-15T23:12:36","slug":"hegemonya-ve-politik-toplum","status":"publish","type":"product","link":"https:\/\/roveyayinevi.com.tr\/index.php\/urun\/hegemonya-ve-politik-toplum\/","title":{"rendered":"Hegemonya ve Politik Toplum"},"content":{"rendered":"<p>20. y\u00fczy\u0131l\u0131n ilk yar\u0131s\u0131n\u0131n en \u00f6nemli Marksist d\u00fc\u015f\u00fcn\u00fcrlerinden biri olan Antonio Gramsci, \u0130talya&#8217;da fa\u015fizmin iktidara geldi\u011fi, \u0130talya&#8217;n\u0131n d\u00fc\u015f\u00fcnce d\u00fcnyas\u0131n\u0131 d\u00f6rt koldan ku\u015fat\u0131p yava\u015f yava\u015f sindirdi\u011fi karanl\u0131k g\u00fcnlerde proleter devrimin ve insanca bir ya\u015fam\u0131n olana\u011f\u0131n\u0131 aram\u0131\u015f, t\u00fcm ya\u015fam enerjisini bu yola adam\u0131\u015f bir eylem adam\u0131d\u0131r da. Onun bu \u00e7abalar\u0131n\u0131n mevyesi olan ve hapishanede ge\u00e7irdi\u011fi sekiz y\u0131l boyunca kaleme ald\u0131\u011f\u0131 notlardan olu\u015fan Hapishane Defterleri, gerek fa\u015fizmin ger\u00e7ek y\u00fcz\u00fcn\u00fc gerekse ortodoks Marksizmin eksikliklerini ve saplant\u0131lar\u0131n\u0131 if\u015fa eden bir me\u015fale olarak bug\u00fcn de yanmaya ve kapitalizmin evrildi\u011fi, toplumsal d\u00fczenin h\u0131zla de\u011fi\u015fti\u011fi bir d\u00fcnyada \u00e7a\u011fda\u015f d\u00fc\u015f\u00fcn\u00fcrlere k\u0131lavuzluk etmeye devam etmektedir. <\/p>\n","protected":false},"excerpt":{"rendered":"<p>20. y\u00fczy\u0131l\u0131n ilk yar\u0131s\u0131n\u0131n en \u00f6nemli Marksist d\u00fc\u015f\u00fcn\u00fcrlerinden biri olan Antonio Gramsci, \u0130talya&#8217;da fa\u015fizmin iktidara geldi\u011fi, \u0130talya&#8217;n\u0131n d\u00fc\u015f\u00fcnce d\u00fcnyas\u0131n\u0131 d\u00f6rt koldan ku\u015fat\u0131p yava\u015f yava\u015f sindirdi\u011fi karanl\u0131k<span class=\"excerpt-hellip\"> [\u2026]<\/span><\/p>\n","protected":false},"featured_media":0,"template":"","meta":{"_monsterinsights_skip_tracking":false,"_monsterinsights_sitenote_active":false,"_monsterinsights_sitenote_note":"","_monsterinsights_sitenote_category":0},"product_brand":[],"product_cat":[20351,12388],"product_tag":[],"class_list":{"0":"post-703399","1":"product","2":"type-product","3":"status-publish","5":"product_cat-dusunce","6":"product_cat-felsefe","7":"pa_tur-kitap","8":"pa_yayinevi-phoenix-yayinevi","9":"pa_yazar-mehmet-ozguden","11":"first","12":"instock","13":"sale","14":"shipping-taxable","15":"purchasable","16":"product-type-simple"},"_links":{"self":[{"href":"https:\/\/roveyayinevi.com.tr\/index.php\/wp-json\/wp\/v2\/product\/703399","targetHints":{"allow":["GET"]}}],"collection":[{"href":"https:\/\/roveyayinevi.com.tr\/index.php\/wp-json\/wp\/v2\/product"}],"about":[{"href":"https:\/\/roveyayinevi.com.tr\/index.php\/wp-json\/wp\/v2\/types\/product"}],"wp:attachment":[{"href":"https:\/\/roveyayinevi.com.tr\/index.php\/wp-json\/wp\/v2\/media?parent=703399"}],"wp:term":[{"taxonomy":"product_brand","embeddable":true,"href":"https:\/\/roveyayinevi.com.tr\/index.php\/wp-json\/wp\/v2\/product_brand?post=703399"},{"taxonomy":"product_cat","embeddable":true,"href":"https:\/\/roveyayinevi.com.tr\/index.php\/wp-json\/wp\/v2\/product_cat?post=703399"},{"taxonomy":"product_tag","embeddable":true,"href":"https:\/\/roveyayinevi.com.tr\/index.php\/wp-json\/wp\/v2\/product_tag?post=703399"}],"curies":[{"name":"wp","href":"https:\/\/api.w.org\/{rel}","templated":true}]}}