{"id":703392,"date":"2025-08-27T15:25:00","date_gmt":"2025-08-27T12:25:00","guid":{"rendered":"https:\/\/roveyayinevi.com.tr\/index.php\/urun\/yazilar-1935-3\/"},"modified":"2026-04-16T02:12:36","modified_gmt":"2026-04-15T23:12:36","slug":"yazilar-1935-3","status":"publish","type":"product","link":"https:\/\/roveyayinevi.com.tr\/index.php\/urun\/yazilar-1935-3\/","title":{"rendered":"Yaz\u0131lar (1935) 3"},"content":{"rendered":"<p>Yaz\u0131lar, N\u00e2z\u0131m Hikmet&#8217;in \u00e7ok y\u00f6nl\u00fc yazar ki\u015fili\u011fini farkl\u0131 bir boyutta sunuyor: Orhan Selim imzal\u0131 Ak\u015fam yaz\u0131lar\u0131nda \u0130stanbul&#8217;un, bug\u00fcn bile dirili\u011fini koruyan temel sorunlar\u0131n\u0131 irdelerken kendi ad\u0131yla ve \u00e7e\u015fitli takma adlarla \u0131rk\u00e7\u0131l\u0131\u011f\u0131n tarih\u00e7esinden \u00e7a\u011f\u0131n\u0131n sanat\u0131na, k\u00fclt\u00fcr\u00fcne, d\u0131\u015f politikas\u0131na ve kendi ser\u00fcvenli ya\u015fam\u0131na geni\u015f bir yelpazeden d\u00fcnyay\u0131 ku\u015fat\u0131yor&#8230; N\u00e2z\u0131m Hikmet K\u00fclliyat\u0131 n\u0131n d\u00fc\u015f\u00fcn damar\u0131&#8230;\ufffcTan\u0131t\u0131m Metni<\/p>\n","protected":false},"excerpt":{"rendered":"<p>Yaz\u0131lar, N\u00e2z\u0131m Hikmet&#8217;in \u00e7ok y\u00f6nl\u00fc yazar ki\u015fili\u011fini farkl\u0131 bir boyutta sunuyor: Orhan Selim imzal\u0131 Ak\u015fam yaz\u0131lar\u0131nda \u0130stanbul&#8217;un, bug\u00fcn bile dirili\u011fini koruyan temel sorunlar\u0131n\u0131 irdelerken kendi ad\u0131yla<span class=\"excerpt-hellip\"> [\u2026]<\/span><\/p>\n","protected":false},"featured_media":0,"template":"","meta":{"_monsterinsights_skip_tracking":false,"_monsterinsights_sitenote_active":false,"_monsterinsights_sitenote_note":"","_monsterinsights_sitenote_category":0},"product_brand":[],"product_cat":[12312,12304],"product_tag":[],"class_list":{"0":"post-703392","1":"product","2":"type-product","3":"status-publish","5":"product_cat-diger","6":"product_cat-tarih","7":"pa_cilt-ciltsiz","8":"pa_tur-kitap","9":"pa_yayinevi-yapi-kredi-yayinlari","10":"pa_yazar-nazim-hikmet-ran","12":"first","13":"instock","14":"sale","15":"shipping-taxable","16":"purchasable","17":"product-type-simple"},"_links":{"self":[{"href":"https:\/\/roveyayinevi.com.tr\/index.php\/wp-json\/wp\/v2\/product\/703392","targetHints":{"allow":["GET"]}}],"collection":[{"href":"https:\/\/roveyayinevi.com.tr\/index.php\/wp-json\/wp\/v2\/product"}],"about":[{"href":"https:\/\/roveyayinevi.com.tr\/index.php\/wp-json\/wp\/v2\/types\/product"}],"wp:attachment":[{"href":"https:\/\/roveyayinevi.com.tr\/index.php\/wp-json\/wp\/v2\/media?parent=703392"}],"wp:term":[{"taxonomy":"product_brand","embeddable":true,"href":"https:\/\/roveyayinevi.com.tr\/index.php\/wp-json\/wp\/v2\/product_brand?post=703392"},{"taxonomy":"product_cat","embeddable":true,"href":"https:\/\/roveyayinevi.com.tr\/index.php\/wp-json\/wp\/v2\/product_cat?post=703392"},{"taxonomy":"product_tag","embeddable":true,"href":"https:\/\/roveyayinevi.com.tr\/index.php\/wp-json\/wp\/v2\/product_tag?post=703392"}],"curies":[{"name":"wp","href":"https:\/\/api.w.org\/{rel}","templated":true}]}}