{"id":703391,"date":"2025-08-27T15:25:00","date_gmt":"2025-08-27T12:25:00","guid":{"rendered":"https:\/\/roveyayinevi.com.tr\/index.php\/urun\/bilinmeyen-bir-kadinin-mektubu-2\/"},"modified":"2026-04-16T02:12:36","modified_gmt":"2026-04-15T23:12:36","slug":"bilinmeyen-bir-kadinin-mektubu-2","status":"publish","type":"product","link":"https:\/\/roveyayinevi.com.tr\/index.php\/urun\/bilinmeyen-bir-kadinin-mektubu-2\/","title":{"rendered":"Bilinmeyen Bir Kad\u0131n\u0131n Mektubu"},"content":{"rendered":"<p>Bir hayale, bir vehme, bir s\u00f6ze b\u00fct\u00fcn bir \u00f6m\u00fcr feda edilebilir mi? Peki ya kar\u015f\u0131l\u0131k beklemeden duyulan bir sevgiye?\u201c\u00c7ocu\u011fum \u00f6ld\u00fc d\u00fcn\u201d diye ba\u015fl\u0131yor Bilinmeyen Bir Kad\u0131n\u0131n Mektubu\u2026 Acaba sevdi\u011finden ba\u015fka g\u00f6z\u00fc hi\u00e7bir \u015feyi g\u00f6rmeyen b\u00f6yle bir kad\u0131n\u0131n neleri g\u00f6ze alabilece\u011finin bir s\u0131n\u0131r\u0131 var m\u0131d\u0131r? Hele bir de bu ki\u015fi sevdi\u011fini herkesten daha iyi tan\u0131yorsa\u2026 Ve gene bu kad\u0131n\u0131n umursamaz, \u00e7apk\u0131n, e\u011flenmeyi seven ama birini sevmek, ona ba\u011flanmak ve en \u00f6nemlisi birinin kaderinden sorumlu olmak noktas\u0131nda g\u00fcd\u00fck kalm\u0131\u015f bir insan\u0131 sevmesi ve onunla birlikte olmas\u0131 a\u011f\u0131r bir bedel kar\u015f\u0131l\u0131\u011f\u0131 oluyorsa\u2026 Peki, b\u00f6yle bir bedeli \u00f6demeye de\u011fer mi?Bir yanda say\u0131s\u0131z g\u00f6n\u00fcl maceras\u0131 olan, ama sevgiyi, ba\u011fl\u0131l\u0131\u011f\u0131 ya\u015fama \u015fans\u0131 belki de hi\u00e7 ger\u00e7ekle\u015fmeyecek bir adam, di\u011fer yanda sevdi\u011fi ki\u015fi u\u011fruna kendi hayat\u0131ndan bile vazge\u00e7en bir kad\u0131n\u2026Melodrama yakla\u015fan havas\u0131yla biraz abart\u0131l\u0131 gibi g\u00f6r\u00fcnse de, Zweig\u2019\u0131n ak\u0131c\u0131 ve g\u00fc\u00e7l\u00fc anlat\u0131m\u0131yla g\u00fcn\u00fcm\u00fczde art\u0131k ya\u015fanmas\u0131na pek de ihtimal verilmeyen ge\u00e7mi\u015fte ya\u015fanan a\u015fklara bir a\u011f\u0131tt\u0131r belki de bu g\u00fczel hikaye\u2026 \ufffcTan\u0131t\u0131m Metni<\/p>\n","protected":false},"excerpt":{"rendered":"<p>Bir hayale, bir vehme, bir s\u00f6ze b\u00fct\u00fcn bir \u00f6m\u00fcr feda edilebilir mi? Peki ya kar\u015f\u0131l\u0131k beklemeden duyulan bir sevgiye?\u201c\u00c7ocu\u011fum \u00f6ld\u00fc d\u00fcn\u201d diye ba\u015fl\u0131yor Bilinmeyen Bir Kad\u0131n\u0131n<span class=\"excerpt-hellip\"> [\u2026]<\/span><\/p>\n","protected":false},"featured_media":0,"template":"","meta":{"_monsterinsights_skip_tracking":false,"_monsterinsights_sitenote_active":false,"_monsterinsights_sitenote_note":"","_monsterinsights_sitenote_category":0},"product_brand":[],"product_cat":[12782,12291],"product_tag":[],"class_list":{"0":"post-703391","1":"product","2":"type-product","3":"status-publish","5":"product_cat-alman-edebiyati","6":"product_cat-edebiyat","7":"pa_cilt-ciltsiz","8":"pa_tur-kitap","9":"pa_yayinevi-dogu-bati-yayinlari","10":"pa_yazar-stefan-zweig","12":"first","13":"instock","14":"sale","15":"shipping-taxable","16":"purchasable","17":"product-type-simple"},"_links":{"self":[{"href":"https:\/\/roveyayinevi.com.tr\/index.php\/wp-json\/wp\/v2\/product\/703391","targetHints":{"allow":["GET"]}}],"collection":[{"href":"https:\/\/roveyayinevi.com.tr\/index.php\/wp-json\/wp\/v2\/product"}],"about":[{"href":"https:\/\/roveyayinevi.com.tr\/index.php\/wp-json\/wp\/v2\/types\/product"}],"wp:attachment":[{"href":"https:\/\/roveyayinevi.com.tr\/index.php\/wp-json\/wp\/v2\/media?parent=703391"}],"wp:term":[{"taxonomy":"product_brand","embeddable":true,"href":"https:\/\/roveyayinevi.com.tr\/index.php\/wp-json\/wp\/v2\/product_brand?post=703391"},{"taxonomy":"product_cat","embeddable":true,"href":"https:\/\/roveyayinevi.com.tr\/index.php\/wp-json\/wp\/v2\/product_cat?post=703391"},{"taxonomy":"product_tag","embeddable":true,"href":"https:\/\/roveyayinevi.com.tr\/index.php\/wp-json\/wp\/v2\/product_tag?post=703391"}],"curies":[{"name":"wp","href":"https:\/\/api.w.org\/{rel}","templated":true}]}}