{"id":703386,"date":"2025-08-27T15:24:58","date_gmt":"2025-08-27T12:24:58","guid":{"rendered":"https:\/\/roveyayinevi.com.tr\/index.php\/urun\/doyumsuz-zevkler\/"},"modified":"2026-04-12T02:14:52","modified_gmt":"2026-04-11T23:14:52","slug":"doyumsuz-zevkler","status":"publish","type":"product","link":"https:\/\/roveyayinevi.com.tr\/index.php\/urun\/doyumsuz-zevkler\/","title":{"rendered":"Doyumsuz Zevkler"},"content":{"rendered":"<p>Leydi Hero Batten\u2019\u0131n hayat\u0131 kusursuzdur\u2026Wakefield D\u00fck\u00fc\u2019n\u00fcn g\u00fczel karde\u015fi Leydi Hero Batten, bir han\u0131mefendinin isteyebilece\u011fi her \u015feye sahiptir. M\u00fckemmel bir ni\u015fanl\u0131s\u0131 vard\u0131r; asl\u0131nda Mandeville Markisi biraz s\u0131k\u0131c\u0131 ve mizah anlay\u0131\u015f\u0131 olmayan bir adamd\u0131r ama Hero bunu umursamaz. Ta ki Marki\u2019nin k\u00f6t\u00fc \u015f\u00f6hretli karde\u015fiyle tan\u0131\u015fana kadar\u2026Lord Griffin Reading m\u00fckemmellikten \u00e7ok uzakt\u0131r, t\u00fcm Londra onun en berbat alemlerde zaman ge\u00e7irdi\u011fini bilir ama gen\u00e7 adam halinden memnundur. Tan\u0131\u015ft\u0131klar\u0131nda Hero ondan hi\u00e7 ho\u015flanmaz; Griffin ise yard\u0131msever ve kusursuz gen\u00e7 kad\u0131n\u0131n sadece a\u011fabeyi i\u00e7in de\u011fil, t\u00fcm sosyete i\u00e7in fazla m\u00fckemmel oldu\u011funu d\u00fc\u015f\u00fcn\u00fcr. Hero\u2019nun d\u00fc\u011f\u00fcn g\u00fcn\u00fc giderek yakla\u015fsa da, Griffin\u2019le giri\u015ftikleri s\u00f6z d\u00fcellosu i\u00e7lerinde bir ate\u015f yakar. Peki, bu ate\u015fte kusursuz a\u015fk\u0131 bulabilecekler midir? \u201cHoyt\u2019un romanlar\u0131nda insan\u0131 a\u015fk\u0131n b\u00fcy\u00fcs\u00fcne inand\u0131ran bir \u015feyler var.\u201d- RT Book Reviews\u201cElizabeth Hoyt \u00e7ekici karakterleri, heyecan verici konular\u0131 ve zeka dolu diyaloglar\u0131yla sanat\u0131n\u0131 m\u00fckemmel icra ediyor.\u201d- Publishers Weekly<\/p>\n","protected":false},"excerpt":{"rendered":"<p>Leydi Hero Batten\u2019\u0131n hayat\u0131 kusursuzdur\u2026Wakefield D\u00fck\u00fc\u2019n\u00fcn g\u00fczel karde\u015fi Leydi Hero Batten, bir han\u0131mefendinin isteyebilece\u011fi her \u015feye sahiptir. M\u00fckemmel bir ni\u015fanl\u0131s\u0131 vard\u0131r; asl\u0131nda Mandeville Markisi biraz s\u0131k\u0131c\u0131<span class=\"excerpt-hellip\"> [\u2026]<\/span><\/p>\n","protected":false},"featured_media":0,"template":"","meta":{"_monsterinsights_skip_tracking":false,"_monsterinsights_sitenote_active":false,"_monsterinsights_sitenote_note":"","_monsterinsights_sitenote_category":0},"product_brand":[],"product_cat":[12291,12711],"product_tag":[],"class_list":{"0":"post-703386","1":"product","2":"type-product","3":"status-publish","5":"product_cat-edebiyat","6":"product_cat-roman-oyku","7":"pa_cilt-ciltsiz","8":"pa_tur-kitap","9":"pa_yayinevi-pegasus-yayinlari","10":"pa_yazar-elizabeth-hoyt","12":"first","13":"instock","14":"sale","15":"shipping-taxable","16":"purchasable","17":"product-type-simple"},"_links":{"self":[{"href":"https:\/\/roveyayinevi.com.tr\/index.php\/wp-json\/wp\/v2\/product\/703386","targetHints":{"allow":["GET"]}}],"collection":[{"href":"https:\/\/roveyayinevi.com.tr\/index.php\/wp-json\/wp\/v2\/product"}],"about":[{"href":"https:\/\/roveyayinevi.com.tr\/index.php\/wp-json\/wp\/v2\/types\/product"}],"wp:attachment":[{"href":"https:\/\/roveyayinevi.com.tr\/index.php\/wp-json\/wp\/v2\/media?parent=703386"}],"wp:term":[{"taxonomy":"product_brand","embeddable":true,"href":"https:\/\/roveyayinevi.com.tr\/index.php\/wp-json\/wp\/v2\/product_brand?post=703386"},{"taxonomy":"product_cat","embeddable":true,"href":"https:\/\/roveyayinevi.com.tr\/index.php\/wp-json\/wp\/v2\/product_cat?post=703386"},{"taxonomy":"product_tag","embeddable":true,"href":"https:\/\/roveyayinevi.com.tr\/index.php\/wp-json\/wp\/v2\/product_tag?post=703386"}],"curies":[{"name":"wp","href":"https:\/\/api.w.org\/{rel}","templated":true}]}}