{"id":703384,"date":"2025-08-27T15:24:57","date_gmt":"2025-08-27T12:24:57","guid":{"rendered":"https:\/\/roveyayinevi.com.tr\/index.php\/urun\/ismail-gaspirali-secilmis-eserleri-3\/"},"modified":"2026-04-16T02:12:35","modified_gmt":"2026-04-15T23:12:35","slug":"ismail-gaspirali-secilmis-eserleri-3","status":"publish","type":"product","link":"https:\/\/roveyayinevi.com.tr\/index.php\/urun\/ismail-gaspirali-secilmis-eserleri-3\/","title":{"rendered":"\u0130smail Gasp\u0131ral\u0131 Se\u00e7ilmi\u015f Eserleri : 3"},"content":{"rendered":"<p>\u0130smail Gasp\u0131ral\u0131\u2019n\u0131n 1883-1914 y\u0131llar\u0131 aras\u0131nda Terc\u00fcman gazetesinde yay\u0131mlanan dil, edebiyat ve seyahat konulu belli ba\u015fl\u0131 yaz\u0131lar\u0131, ilk defa bu kitapta bir araya gelmi\u015ftir. Gasp\u0131ral\u0131\u2019n\u0131n  Ortak T\u00fcrk Dili  (veya  Edeb\u00ee T\u00fcrk Dili ) hakk\u0131ndaki g\u00f6r\u00fc\u015f\u00fc genel olarak bilinse de, onun ni\u00e7in b\u00f6yle bir \u015feye l\u00fczum tam olarak anla\u015f\u0131lamam\u0131\u015ft\u0131r. Asl\u0131nda Gasp\u0131ral\u0131, Avrupa bilim ve tekni\u011fine, ortak T\u00fcrk k\u00fclt\u00fcr\u00fc ve T\u00fcrk diline dayal\u0131 modern bir T\u00fcrk kimli\u011fi olu\u015fturma (tek T\u00fcrk milliyeti) fikrindeydi. Bunu olu\u015fturabilmek i\u00e7in de T\u00fcrk d\u00fcnyas\u0131nda  Ortak Edeb\u00ee Dil e,  Ortak Modern Edebiyat a,  Ortak E\u011fitim e (Usul-i Cedid\u2019e) ihtiya\u00e7 oldu\u011funu d\u00fc\u015f\u00fcn\u00fcyordu. Yani onun ideali; tek millet, tek dil, tek k\u00fclt\u00fcr idi. Kitapraki  Dil  ve  Edebiyat  yaz\u0131lar\u0131, onun bu idealini bir b\u00fct\u00fcn olarak yans\u0131tmaktad\u0131r.  Seyahat Yaz\u0131lar\u0131  ise \u0130smail Gasp\u0131ral\u0131\u2019n\u0131n de\u011fi\u015fik zamanlarda, T\u00fcrkiye, T\u00fcrkistan, M\u0131s\u0131r, Hindistan gibi de\u011fi\u015fik yerlere yapt\u0131\u011f\u0131 yolculuklar\u0131n izlenimlerini yans\u0131tmaktad\u0131r. Bu yaz\u0131lar\u0131 da bize, \u00f6zellikle T\u00fcrk d\u00fcnyas\u0131, \u0130sl\u00e2m alemi hakk\u0131ndaki d\u00fc\u015f\u00fcncelerini derli toplu olarak \u00f6\u011frenme imk\u00e2n\u0131 verir. <\/p>\n","protected":false},"excerpt":{"rendered":"<p>\u0130smail Gasp\u0131ral\u0131\u2019n\u0131n 1883-1914 y\u0131llar\u0131 aras\u0131nda Terc\u00fcman gazetesinde yay\u0131mlanan dil, edebiyat ve seyahat konulu belli ba\u015fl\u0131 yaz\u0131lar\u0131, ilk defa bu kitapta bir araya gelmi\u015ftir. Gasp\u0131ral\u0131\u2019n\u0131n Ortak T\u00fcrk<span class=\"excerpt-hellip\"> [\u2026]<\/span><\/p>\n","protected":false},"featured_media":0,"template":"","meta":{"_monsterinsights_skip_tracking":false,"_monsterinsights_sitenote_active":false,"_monsterinsights_sitenote_note":"","_monsterinsights_sitenote_category":0},"product_brand":[],"product_cat":[12777,12291],"product_tag":[],"class_list":{"0":"post-703384","1":"product","2":"type-product","3":"status-publish","5":"product_cat-deneme","6":"product_cat-edebiyat","7":"pa_tur-kitap","8":"pa_yayinevi-otuken-nesriyat","9":"pa_yazar-ismail-gaspirali","11":"first","12":"instock","13":"sale","14":"shipping-taxable","15":"purchasable","16":"product-type-simple"},"_links":{"self":[{"href":"https:\/\/roveyayinevi.com.tr\/index.php\/wp-json\/wp\/v2\/product\/703384","targetHints":{"allow":["GET"]}}],"collection":[{"href":"https:\/\/roveyayinevi.com.tr\/index.php\/wp-json\/wp\/v2\/product"}],"about":[{"href":"https:\/\/roveyayinevi.com.tr\/index.php\/wp-json\/wp\/v2\/types\/product"}],"wp:attachment":[{"href":"https:\/\/roveyayinevi.com.tr\/index.php\/wp-json\/wp\/v2\/media?parent=703384"}],"wp:term":[{"taxonomy":"product_brand","embeddable":true,"href":"https:\/\/roveyayinevi.com.tr\/index.php\/wp-json\/wp\/v2\/product_brand?post=703384"},{"taxonomy":"product_cat","embeddable":true,"href":"https:\/\/roveyayinevi.com.tr\/index.php\/wp-json\/wp\/v2\/product_cat?post=703384"},{"taxonomy":"product_tag","embeddable":true,"href":"https:\/\/roveyayinevi.com.tr\/index.php\/wp-json\/wp\/v2\/product_tag?post=703384"}],"curies":[{"name":"wp","href":"https:\/\/api.w.org\/{rel}","templated":true}]}}