{"id":703357,"date":"2025-08-27T15:24:46","date_gmt":"2025-08-27T12:24:46","guid":{"rendered":"https:\/\/roveyayinevi.com.tr\/index.php\/urun\/bir-avuc-sinema-yazisi\/"},"modified":"2026-04-16T02:12:35","modified_gmt":"2026-04-15T23:12:35","slug":"bir-avuc-sinema-yazisi","status":"publish","type":"product","link":"https:\/\/roveyayinevi.com.tr\/index.php\/urun\/bir-avuc-sinema-yazisi\/","title":{"rendered":"Bir Avu\u00e7 Sinema Yaz\u0131s\u0131"},"content":{"rendered":"<p>Bir Avu\u00e7 Sinema Yaz\u0131s\u0131 yazar\u0131n farkl\u0131 film t\u00fcrlerine ve \u00e7o\u011funlukla \u00fczerinde-en az\u0131ndan \u00fclkemizde- fazla s\u00f6z s\u00f6ylenmemi\u015f yap\u0131tlara y\u00f6nelik yorum\/\u00e7\u00f6z\u00fcmleme yaz\u0131lar\u0131ndan olu\u015fuyor.1970&#8217;li y\u0131llarda ABD&#8217;yi kas\u0131p kavurmu\u015f hardcore f\u0131rt\u0131nas\u0131n\u0131n kutsal \u00fc\u00e7l\u00fcs\u00fc Deep Throat, The Devil in Miss. Jones ve Behind the Green Door&#8217;dan Charles Bronson&#8217;u aksiyon filmlerinin en \u00f6nemli y\u0131ld\u0131zlar\u0131ndan birisi yapan Death Wish&#8217;e, yak\u0131n zamana kadar ancak kesintili ve s\u0131n\u0131rl\u0131 olarak izlenebilmi\u015f, en rahats\u0131z edici seri katil filmlerinden birisi olarak kabul edilen Henry: Portrait of a Serial Killer&#8217;dan, Ye\u015fil\u00e7am end\u00fcstrisinin 1974-80 aras\u0131 d\u00f6neminde ortaya \u00e7\u0131km\u0131\u015f ama art\u0131k ad\u0131 bile an\u0131lmak istenmeyen yaramaz \u00e7ocu\u011fu erotik-komedi t\u00fcr\u00fcn\u00fcn \u00fcr\u00fcn\u00fc &#8220;malum&#8221; filmlere, oradan belki ahir zaman e\u015fk\u0131yalar\u0131 olarak da yorumlanabilecek The Blues Brothers&#8217;a oradan Amerikan sinemas\u0131n\u0131n k\u00fclt y\u00f6netmenlerinden Sam Peckinpah&#8217;\u0131n en \u00e7ok sahiplendi\u011fi filmi Bring Me the Head of Alfredo Garcia&#8217;ya, oradan da Zeki \u00d6kten&#8217;in Kemal Sunal deste\u011fine ra\u011fmen yeterli gi\u015fe yapamayan ama \u00fclkemizde ya\u015fanm\u0131\u015f-bitmi\u015f gibi g\u00f6r\u00fcnen Yeni Ger\u00e7ek\u00e7ilik Ak\u0131m\u0131&#8217;na g\u00fc\u00e7l\u00fc bir katk\u0131 sa\u011flayan D\u00fctt\u00fcr\u00fc D\u00fcnya&#8217;s\u0131na ve Nuri Bilge Ceylan&#8217;\u0131n belki de bir spagetti\/western \u00e7al\u0131\u015fmas\u0131 olarak da g\u00f6r\u00fclebilecek Bir Zamanlar Anadolu&#8217;da bu yelpazenin i\u00e7indeki \u00e7al\u0131\u015fmalar aras\u0131nda yer al\u0131yor. <\/p>\n","protected":false},"excerpt":{"rendered":"<p>Bir Avu\u00e7 Sinema Yaz\u0131s\u0131 yazar\u0131n farkl\u0131 film t\u00fcrlerine ve \u00e7o\u011funlukla \u00fczerinde-en az\u0131ndan \u00fclkemizde- fazla s\u00f6z s\u00f6ylenmemi\u015f yap\u0131tlara y\u00f6nelik yorum\/\u00e7\u00f6z\u00fcmleme yaz\u0131lar\u0131ndan olu\u015fuyor.1970&#8217;li y\u0131llarda ABD&#8217;yi kas\u0131p kavurmu\u015f hardcore<span class=\"excerpt-hellip\"> [\u2026]<\/span><\/p>\n","protected":false},"featured_media":0,"template":"","meta":{"_monsterinsights_skip_tracking":false,"_monsterinsights_sitenote_active":false,"_monsterinsights_sitenote_note":"","_monsterinsights_sitenote_category":0},"product_brand":[],"product_cat":[12409,12408],"product_tag":[],"class_list":{"0":"post-703357","1":"product","2":"type-product","3":"status-publish","5":"product_cat-fotograf-sinema-tiyatro","6":"product_cat-sanat","7":"pa_cilt-ciltsiz","8":"pa_tur-kitap","9":"pa_yayinevi-nika-yayinevi","10":"pa_yazar-orhun-yakin","12":"first","13":"instock","14":"sale","15":"shipping-taxable","16":"purchasable","17":"product-type-simple"},"_links":{"self":[{"href":"https:\/\/roveyayinevi.com.tr\/index.php\/wp-json\/wp\/v2\/product\/703357","targetHints":{"allow":["GET"]}}],"collection":[{"href":"https:\/\/roveyayinevi.com.tr\/index.php\/wp-json\/wp\/v2\/product"}],"about":[{"href":"https:\/\/roveyayinevi.com.tr\/index.php\/wp-json\/wp\/v2\/types\/product"}],"wp:attachment":[{"href":"https:\/\/roveyayinevi.com.tr\/index.php\/wp-json\/wp\/v2\/media?parent=703357"}],"wp:term":[{"taxonomy":"product_brand","embeddable":true,"href":"https:\/\/roveyayinevi.com.tr\/index.php\/wp-json\/wp\/v2\/product_brand?post=703357"},{"taxonomy":"product_cat","embeddable":true,"href":"https:\/\/roveyayinevi.com.tr\/index.php\/wp-json\/wp\/v2\/product_cat?post=703357"},{"taxonomy":"product_tag","embeddable":true,"href":"https:\/\/roveyayinevi.com.tr\/index.php\/wp-json\/wp\/v2\/product_tag?post=703357"}],"curies":[{"name":"wp","href":"https:\/\/api.w.org\/{rel}","templated":true}]}}