{"id":703346,"date":"2025-08-27T15:24:42","date_gmt":"2025-08-27T12:24:42","guid":{"rendered":"https:\/\/roveyayinevi.com.tr\/index.php\/urun\/civisi-cikmis-dunya\/"},"modified":"2026-04-16T02:12:35","modified_gmt":"2026-04-15T23:12:35","slug":"civisi-cikmis-dunya","status":"publish","type":"product","link":"https:\/\/roveyayinevi.com.tr\/index.php\/urun\/civisi-cikmis-dunya\/","title":{"rendered":"\u00c7ivisi \u00c7\u0131km\u0131\u015f D\u00fcnya"},"content":{"rendered":"<p>Bu kitab\u0131 yazmamdaki ama\u00e7, (&#8230;) ge\u00e7 kal\u0131nd\u0131\u011f\u0131n\u0131, ama \u00e7ok ge\u00e7 kal\u0131nmad\u0131\u011f\u0131n\u0131 s\u00f6ylemek. \u00c7\u00f6k\u00fc\u015f\u00fc ve gerilemeyi \u00f6nlemek amac\u0131yla b\u00fct\u00fcn g\u00fcc\u00fcm\u00fczle harekete ge\u00e7menin bir intihar, bir su\u00e7 oldu\u011funu s\u00f6ylemek. (&#8230;) D\u00fc\u015f\u00fcnce ve davran\u0131\u015f al\u0131\u015fkanl\u0131klar\u0131m\u0131z\u0131 k\u00f6k\u00fcnden de\u011fi\u015ftirme, hayali ger\u00e7ekliklerimizi k\u00f6k\u00fcnden de\u011fi\u015ftirme ve \u00f6ncelikler \u00f6l\u00e7e\u011fimizi yeniden olu\u015fturma cesaretinin g\u00f6sterilmesi gerekti\u011fini dile getirmek. Okurlar\u0131n daha \u00e7ok tarihsel romanlar\u0131yla tan\u0131d\u0131\u011f\u0131 Amin Maalouf, bu kez medeniyetler \u00e7at\u0131\u015fmas\u0131 ad\u0131yla an\u0131lan ve d\u00fcnyadaki b\u00fct\u00fcn k\u00fclt\u00fcrler ve halklar\u0131n gelece\u011fini tehdit eden politikalara kar\u015f\u0131, -ya\u015fam\u0131n devaml\u0131l\u0131\u011f\u0131n\u0131n olmazsa olmaz\u0131 olarak g\u00f6rd\u00fc\u011f\u00fc -ho\u015fg\u00f6r\u00fc \u00e7\u0131\u011fl\u0131\u011f\u0131n\u0131 yeniden duymaya davet ediyor insanl\u0131\u011f\u0131. \u00c7ivisi \u00c7\u0131km\u0131\u015f D\u00fcnya bir yandan k\u00fcresel \u0131s\u0131nma, iklim de\u011fi\u015fiklikleri ve do\u011fal felaketler,bir yandan da yanl\u0131\u015f ve \u00e7\u0131karc\u0131 politikalar\u0131n do\u011furdu\u011fu ekonomik ve siyasal krizlerle m\u00fccadele eden insanl\u0131k i\u00e7in bir yol haritas\u0131; i\u00e7inde ya\u015fad\u0131\u011f\u0131m\u0131z ho\u015fg\u00f6r\u00fc \u00e7a\u011f\u0131nda, her ye\u015fe ra\u011fmen birbirimize sayg\u0131 duymay\u0131 ve birlikte ya\u015famay\u0131 ba\u015farmak isteyenler i\u00e7in bir t\u00fcr pusula.<\/p>\n","protected":false},"excerpt":{"rendered":"<p>Bu kitab\u0131 yazmamdaki ama\u00e7, (&#8230;) ge\u00e7 kal\u0131nd\u0131\u011f\u0131n\u0131, ama \u00e7ok ge\u00e7 kal\u0131nmad\u0131\u011f\u0131n\u0131 s\u00f6ylemek. \u00c7\u00f6k\u00fc\u015f\u00fc ve gerilemeyi \u00f6nlemek amac\u0131yla b\u00fct\u00fcn g\u00fcc\u00fcm\u00fczle harekete ge\u00e7menin bir intihar, bir su\u00e7 oldu\u011funu<span class=\"excerpt-hellip\"> [\u2026]<\/span><\/p>\n","protected":false},"featured_media":0,"template":"","meta":{"_monsterinsights_skip_tracking":false,"_monsterinsights_sitenote_active":false,"_monsterinsights_sitenote_note":"","_monsterinsights_sitenote_category":0},"product_brand":[],"product_cat":[12777,12291],"product_tag":[],"class_list":{"0":"post-703346","1":"product","2":"type-product","3":"status-publish","5":"product_cat-deneme","6":"product_cat-edebiyat","7":"pa_cilt-ciltsiz","8":"pa_tur-kitap","9":"pa_yayinevi-yapi-kredi-yayinlari","10":"pa_yazar-amin-maalouf","12":"first","13":"instock","14":"sale","15":"shipping-taxable","16":"purchasable","17":"product-type-simple"},"_links":{"self":[{"href":"https:\/\/roveyayinevi.com.tr\/index.php\/wp-json\/wp\/v2\/product\/703346","targetHints":{"allow":["GET"]}}],"collection":[{"href":"https:\/\/roveyayinevi.com.tr\/index.php\/wp-json\/wp\/v2\/product"}],"about":[{"href":"https:\/\/roveyayinevi.com.tr\/index.php\/wp-json\/wp\/v2\/types\/product"}],"wp:attachment":[{"href":"https:\/\/roveyayinevi.com.tr\/index.php\/wp-json\/wp\/v2\/media?parent=703346"}],"wp:term":[{"taxonomy":"product_brand","embeddable":true,"href":"https:\/\/roveyayinevi.com.tr\/index.php\/wp-json\/wp\/v2\/product_brand?post=703346"},{"taxonomy":"product_cat","embeddable":true,"href":"https:\/\/roveyayinevi.com.tr\/index.php\/wp-json\/wp\/v2\/product_cat?post=703346"},{"taxonomy":"product_tag","embeddable":true,"href":"https:\/\/roveyayinevi.com.tr\/index.php\/wp-json\/wp\/v2\/product_tag?post=703346"}],"curies":[{"name":"wp","href":"https:\/\/api.w.org\/{rel}","templated":true}]}}