{"id":703330,"date":"2025-08-27T15:24:35","date_gmt":"2025-08-27T12:24:35","guid":{"rendered":"https:\/\/roveyayinevi.com.tr\/index.php\/urun\/gizemli-ada\/"},"modified":"2026-04-16T02:12:34","modified_gmt":"2026-04-15T23:12:34","slug":"gizemli-ada","status":"publish","type":"product","link":"https:\/\/roveyayinevi.com.tr\/index.php\/urun\/gizemli-ada\/","title":{"rendered":"Gizemli Ada"},"content":{"rendered":"<p>Sa\u00e7\u0131n\u0131n rengi y\u00fcz\u00fcnden K\u0131z\u0131l Tomas lakab\u0131yla an\u0131lan, harita kullanmay\u0131 ve pusula okumay\u0131 son derece iyi bilen \u00e7etenin reisi ve geminin kaptan\u0131 gibi davranmay\u0131 tercih eden Tomas; g\u00f6zl\u00fc\u011f\u00fc ve yan\u0131ndan asla ay\u0131rmad\u0131\u011f\u0131 kitaplar\u0131yla Ak\u0131ll\u0131 Vili; kat\u0131r kadar inat\u00e7\u0131, cicili bicili k\u0131z elbiselerinden hi\u00e7 hazzetmeyen ve ekibin en cesuru, Korkusuz Mari. Tabii ki deneyimli bir &#8220;korsan papa\u011fan\u0131&#8221; olan Bay Karamsar&#8217;\u0131 da unutmamak laz\u0131m&#8230;\u0130\u015fte Korsanlar \u00c7etesi!Ya\u015fad\u0131klar\u0131 bir dizi talihsizli\u011fin ard\u0131ndan, kahramanlar\u0131m\u0131z \u0131ss\u0131z bir adaya \u00e7\u0131kmak zorunda kal\u0131yor. Sabah kalkt\u0131klar\u0131nda b\u00fct\u00fcn e\u015fyalar\u0131n\u0131n \u00e7al\u0131nd\u0131\u011f\u0131n\u0131 g\u00f6r\u00fcnce b\u00fcy\u00fck bir \u015fa\u015fk\u0131nl\u0131k ya\u015fay\u0131p aday\u0131 ara\u015ft\u0131rmaya koyuluyorlar. Onlar\u0131 bekleyen b\u00fcy\u00fck bir s\u00fcrpriz var.Haydi vira! \u015eimdi denize a\u00e7\u0131lma vakti!<\/p>\n","protected":false},"excerpt":{"rendered":"<p>Sa\u00e7\u0131n\u0131n rengi y\u00fcz\u00fcnden K\u0131z\u0131l Tomas lakab\u0131yla an\u0131lan, harita kullanmay\u0131 ve pusula okumay\u0131 son derece iyi bilen \u00e7etenin reisi ve geminin kaptan\u0131 gibi davranmay\u0131 tercih eden Tomas;<span class=\"excerpt-hellip\"> [\u2026]<\/span><\/p>\n","protected":false},"featured_media":0,"template":"","meta":{"_monsterinsights_skip_tracking":false,"_monsterinsights_sitenote_active":false,"_monsterinsights_sitenote_note":"","_monsterinsights_sitenote_category":0},"product_brand":[],"product_cat":[12274,12284],"product_tag":[],"class_list":{"0":"post-703330","1":"product","2":"type-product","3":"status-publish","5":"product_cat-cocuk-ve-genclik-kitaplari","6":"product_cat-hikayeler","7":"pa_cilt-ciltsiz","8":"pa_tur-kitap","9":"pa_yayinevi-1001-cicek-kitaplar","10":"pa_yazar-juliette-parachini-deny","12":"first","13":"instock","14":"sale","15":"shipping-taxable","16":"purchasable","17":"product-type-simple"},"_links":{"self":[{"href":"https:\/\/roveyayinevi.com.tr\/index.php\/wp-json\/wp\/v2\/product\/703330","targetHints":{"allow":["GET"]}}],"collection":[{"href":"https:\/\/roveyayinevi.com.tr\/index.php\/wp-json\/wp\/v2\/product"}],"about":[{"href":"https:\/\/roveyayinevi.com.tr\/index.php\/wp-json\/wp\/v2\/types\/product"}],"wp:attachment":[{"href":"https:\/\/roveyayinevi.com.tr\/index.php\/wp-json\/wp\/v2\/media?parent=703330"}],"wp:term":[{"taxonomy":"product_brand","embeddable":true,"href":"https:\/\/roveyayinevi.com.tr\/index.php\/wp-json\/wp\/v2\/product_brand?post=703330"},{"taxonomy":"product_cat","embeddable":true,"href":"https:\/\/roveyayinevi.com.tr\/index.php\/wp-json\/wp\/v2\/product_cat?post=703330"},{"taxonomy":"product_tag","embeddable":true,"href":"https:\/\/roveyayinevi.com.tr\/index.php\/wp-json\/wp\/v2\/product_tag?post=703330"}],"curies":[{"name":"wp","href":"https:\/\/api.w.org\/{rel}","templated":true}]}}