{"id":703317,"date":"2025-08-27T15:24:29","date_gmt":"2025-08-27T12:24:29","guid":{"rendered":"https:\/\/roveyayinevi.com.tr\/index.php\/urun\/jules-verne-oykuler-2\/"},"modified":"2026-04-16T02:12:34","modified_gmt":"2026-04-15T23:12:34","slug":"jules-verne-oykuler-2","status":"publish","type":"product","link":"https:\/\/roveyayinevi.com.tr\/index.php\/urun\/jules-verne-oykuler-2\/","title":{"rendered":"Jules Verne \u00d6yk\u00fcler 2"},"content":{"rendered":"<p>Jules Verne&#8217;in, T\u00fcrk\u00e7ede daha \u00f6nce yay\u0131mlanmam\u0131\u015f yedi heyecanl\u0131 \u00f6yk\u00fcs\u00fcn\u00fc birinci kitapta okuyucuyla bulu\u015fturan yay\u0131nevimiz, serinin ikinci kitab\u0131 olan &#8220;Jules Verne \u00d6yk\u00fcler 2&#8243;de, yepyeni sekiz \u00f6yk\u00fcyle sizlerle&#8230; Saat\u00e7i Zacharius Usta ile \u015fa\u015f\u0131r\u0131rken, isyanc\u0131 tayfalarla bilinmedik diyarlara gideceksiniz. Marki Anselme des Tilleuls&#8217;\u00fcn Evlili\u011fi ve Ablukadan Zorla Ge\u00e7i\u015f, bir taraftan sizi g\u00fcl\u00fcmsetirken di\u011fer taraftan bir gen\u00e7 k\u0131z\u0131n cesaret \u00f6yk\u00fcs\u00fcne tan\u0131k olacaks\u0131n\u0131z.  Jules Verne \u00d6yk\u00fcler 1 ve 2 kitaplar\u0131ndan sonra 3&#8217;\u00fc beklemek i\u00e7in sab\u0131rs\u0131zlanacaks\u0131n\u0131z&#8230; <\/p>\n","protected":false},"excerpt":{"rendered":"<p>Jules Verne&#8217;in, T\u00fcrk\u00e7ede daha \u00f6nce yay\u0131mlanmam\u0131\u015f yedi heyecanl\u0131 \u00f6yk\u00fcs\u00fcn\u00fc birinci kitapta okuyucuyla bulu\u015fturan yay\u0131nevimiz, serinin ikinci kitab\u0131 olan &#8220;Jules Verne \u00d6yk\u00fcler 2&#8243;de, yepyeni sekiz \u00f6yk\u00fcyle sizlerle&#8230;<span class=\"excerpt-hellip\"> [\u2026]<\/span><\/p>\n","protected":false},"featured_media":0,"template":"","meta":{"_monsterinsights_skip_tracking":false,"_monsterinsights_sitenote_active":false,"_monsterinsights_sitenote_note":"","_monsterinsights_sitenote_category":0},"product_brand":[],"product_cat":[12275,12274],"product_tag":[],"class_list":{"0":"post-703317","1":"product","2":"type-product","3":"status-publish","5":"product_cat-6-12-yas-kitaplari","6":"product_cat-cocuk-ve-genclik-kitaplari","7":"pa_cilt-ciltsiz","8":"pa_tur-kitap","9":"pa_yayinevi-elma-yayinevi","10":"pa_yazar-jules-verne","12":"first","13":"instock","14":"sale","15":"shipping-taxable","16":"purchasable","17":"product-type-simple"},"_links":{"self":[{"href":"https:\/\/roveyayinevi.com.tr\/index.php\/wp-json\/wp\/v2\/product\/703317","targetHints":{"allow":["GET"]}}],"collection":[{"href":"https:\/\/roveyayinevi.com.tr\/index.php\/wp-json\/wp\/v2\/product"}],"about":[{"href":"https:\/\/roveyayinevi.com.tr\/index.php\/wp-json\/wp\/v2\/types\/product"}],"wp:attachment":[{"href":"https:\/\/roveyayinevi.com.tr\/index.php\/wp-json\/wp\/v2\/media?parent=703317"}],"wp:term":[{"taxonomy":"product_brand","embeddable":true,"href":"https:\/\/roveyayinevi.com.tr\/index.php\/wp-json\/wp\/v2\/product_brand?post=703317"},{"taxonomy":"product_cat","embeddable":true,"href":"https:\/\/roveyayinevi.com.tr\/index.php\/wp-json\/wp\/v2\/product_cat?post=703317"},{"taxonomy":"product_tag","embeddable":true,"href":"https:\/\/roveyayinevi.com.tr\/index.php\/wp-json\/wp\/v2\/product_tag?post=703317"}],"curies":[{"name":"wp","href":"https:\/\/api.w.org\/{rel}","templated":true}]}}