{"id":703297,"date":"2025-08-27T15:24:22","date_gmt":"2025-08-27T12:24:22","guid":{"rendered":"https:\/\/roveyayinevi.com.tr\/index.php\/urun\/kadin-beyni-erkek-beyni\/"},"modified":"2026-04-16T02:12:34","modified_gmt":"2026-04-15T23:12:34","slug":"kadin-beyni-erkek-beyni","status":"publish","type":"product","link":"https:\/\/roveyayinevi.com.tr\/index.php\/urun\/kadin-beyni-erkek-beyni\/","title":{"rendered":"Kad\u0131n Beyni Erkek Beyni"},"content":{"rendered":"<p>Bu kitab\u0131 okudu\u011funuzda beyninizin cinsiyeti hakk\u0131nda bir\u00e7ok detay\u0131 \u00f6\u011freneceksiniz. Kad\u0131nlar ve erkekler aras\u0131ndaki farklar\u0131, kar\u015f\u0131 cinsin sizi k\u0131zd\u0131ran, g\u00fcld\u00fcren hatta \u015fa\u015f\u0131rtan bir\u00e7ok tepkisinin nedenini anlayacaks\u0131n\u0131z.  Serkan Karaismailo\u011flu&#8217;nun bilimsel bir o kadar da mizahi anlat\u0131m\u0131yla Kad\u0131n Beyni Erkek Beyni\u2026  -Erkekler neden dinlemez? Acaba beyinlerimizin i\u015fitmeden sorumlu b\u00f6lgeleri birbirinden farkl\u0131 m\u0131? -Kad\u0131nlar \u00e7ok mu konu\u015fur? Kad\u0131nlardaki &#8220;d\u0131r d\u0131r&#8221; kavram\u0131 ger\u00e7ek midir ve alt\u0131nda yatan sinirbilimsel a\u00e7\u0131klama nedir? -&#8220;Beni hi\u00e7 anlam\u0131yorsun&#8221; s\u00f6z\u00fcn\u00fc duymayan erkek var m\u0131d\u0131r? Peki, kad\u0131nlar bu isyanlar\u0131nda ne kadar hakl\u0131lar? -Erkekler mi yan\u0131l\u0131yor, yoksa kad\u0131nlar\u0131 tatmin etmek ger\u00e7ekten de imk\u00e2ns\u0131z m\u0131d\u0131r?  -S\u00f6z konusu erkeklerin mutlulu\u011fu oldu\u011funda kavanoz kapaklar\u0131 neden \u00f6nem kazan\u0131r? -Hayat\u0131n renklerini ayn\u0131 \u015fekilde mi g\u00f6r\u00fcyoruz? Yani dore ve lamenin asl\u0131nda birer renk oldu\u011funu bilen ka\u00e7 erkek var? -Kad\u0131nlar \u00f6zel g\u00fcnleri asla unutmazken erkekler nas\u0131l bu kadar kolay unuturlar? -Bir insan\u0131n sadece parmaklar\u0131na bakarak beyni hakk\u0131nda nas\u0131l bilgi sahibi olabilirsiniz? <\/p>\n","protected":false},"excerpt":{"rendered":"<p>Bu kitab\u0131 okudu\u011funuzda beyninizin cinsiyeti hakk\u0131nda bir\u00e7ok detay\u0131 \u00f6\u011freneceksiniz. Kad\u0131nlar ve erkekler aras\u0131ndaki farklar\u0131, kar\u015f\u0131 cinsin sizi k\u0131zd\u0131ran, g\u00fcld\u00fcren hatta \u015fa\u015f\u0131rtan bir\u00e7ok tepkisinin nedenini anlayacaks\u0131n\u0131z. Serkan<span class=\"excerpt-hellip\"> [\u2026]<\/span><\/p>\n","protected":false},"featured_media":0,"template":"","meta":{"_monsterinsights_skip_tracking":false,"_monsterinsights_sitenote_active":false,"_monsterinsights_sitenote_note":"","_monsterinsights_sitenote_category":0},"product_brand":[],"product_cat":[26396,13488],"product_tag":[],"class_list":{"0":"post-703297","1":"product","2":"type-product","3":"status-publish","5":"product_cat-kadin-erkek-iliskileri","6":"product_cat-toplum-ve-insan","7":"pa_cilt-ciltsiz","8":"pa_tur-kitap","9":"pa_yayinevi-elma-yayinevi","10":"pa_yazar-serkan-karaismailoglu","12":"first","13":"instock","14":"sale","15":"shipping-taxable","16":"purchasable","17":"product-type-simple"},"_links":{"self":[{"href":"https:\/\/roveyayinevi.com.tr\/index.php\/wp-json\/wp\/v2\/product\/703297","targetHints":{"allow":["GET"]}}],"collection":[{"href":"https:\/\/roveyayinevi.com.tr\/index.php\/wp-json\/wp\/v2\/product"}],"about":[{"href":"https:\/\/roveyayinevi.com.tr\/index.php\/wp-json\/wp\/v2\/types\/product"}],"wp:attachment":[{"href":"https:\/\/roveyayinevi.com.tr\/index.php\/wp-json\/wp\/v2\/media?parent=703297"}],"wp:term":[{"taxonomy":"product_brand","embeddable":true,"href":"https:\/\/roveyayinevi.com.tr\/index.php\/wp-json\/wp\/v2\/product_brand?post=703297"},{"taxonomy":"product_cat","embeddable":true,"href":"https:\/\/roveyayinevi.com.tr\/index.php\/wp-json\/wp\/v2\/product_cat?post=703297"},{"taxonomy":"product_tag","embeddable":true,"href":"https:\/\/roveyayinevi.com.tr\/index.php\/wp-json\/wp\/v2\/product_tag?post=703297"}],"curies":[{"name":"wp","href":"https:\/\/api.w.org\/{rel}","templated":true}]}}