{"id":703285,"date":"2025-08-27T15:24:17","date_gmt":"2025-08-27T12:24:17","guid":{"rendered":"https:\/\/roveyayinevi.com.tr\/index.php\/urun\/middlesex\/"},"modified":"2026-04-16T02:12:33","modified_gmt":"2026-04-15T23:12:33","slug":"middlesex","status":"publish","type":"product","link":"https:\/\/roveyayinevi.com.tr\/index.php\/urun\/middlesex\/","title":{"rendered":"Middlesex"},"content":{"rendered":"<p>2003 Pul\u0131tzer Edebiyat \u00d6d\u00fcl\u00fc&#8221;21. Y\u00dcZYILIN EN \u0130Y\u0130 12 ROMANI&#8221; se\u00e7kisinde (BBC&#8217;nin 2015 y\u0131l\u0131nda d\u00fcnyan\u0131n \u00f6nde gelen kitap ele\u015ftirmenleri aras\u0131nda yapt\u0131\u011f\u0131 anketin sonucu)&#8221;\u00d6LMEDEN \u00d6NCE OKUMANIZ GEREKEN 1001 K\u0130TAP\u201dtan biriBen iki kez do\u011fdum: \u0130lkinde 1960 y\u0131l\u0131n\u0131n Ocak ay\u0131nda, Detroit i\u00e7in inan\u0131lmaz derecede dumans\u0131z bir g\u00fcnde k\u0131z olarak ve daha sonra tekrar 1974 y\u0131l\u0131n\u0131n A\u011fustos ay\u0131nda Petoskey&#8217;de bir acil klini\u011finde, ama bu defa ergenlik \u00e7a\u011f\u0131nda bir delikanl\u0131 olarak.  Bu c\u00fcmleyle ba\u015fl\u0131yor, i\u00e7inde bulundu\u011fumuz y\u00fczy\u0131l\u0131n en b\u00fcy\u00fck romanlar\u0131n biri olarak g\u00f6sterilen Middlesex. Ku\u015faklar boyunca ondan ona ge\u00e7ip sonunda k\u00fc\u00e7\u00fck bir k\u0131z\u0131n, Calliope Stephanides&#8217;in bedeninde \u00e7i\u00e7eklenen bozuk bir genin hikayesi bu. Genin yolculu\u011funun sonland\u0131\u011f\u0131 yerde, Calliope&#8217;nin kendi yolculu\u011fu ba\u015fl\u0131yor, kar\u015f\u0131s\u0131nda ise o yaman soru: Bizi biz yapan \u015fey nedir; genlerimiz mi, se\u00e7imlerimiz mi? Ve b\u00f6ylece dinlemeye ba\u015fl\u0131yoruz Stephanides ailesinin Osmanl\u0131 Bursas\u0131&#8217;ndan Henry Ford&#8217;un Detroit&#8217;ine uzanan, \u00e7a\u011f\u0131n t\u00fcm gelgitlerinden nasibini alm\u0131\u015f seksen y\u0131ll\u0131k b\u00fcy\u00fcleyici \u00f6yk\u00fcs\u00fcn\u00fc. Koza Han, \u0130zmir yang\u0131n\u0131, hayalleri ta\u015f\u0131yan d\u00f6k\u00fck gemiler, fabrika dumanlar\u0131 alt\u0131nda k\u0131p\u0131rdanan Detroit, i\u00e7ki yasa\u011f\u0131, ayaklanmalar, onca hayal k\u0131r\u0131kl\u0131\u011f\u0131na ra\u011fmen t\u00fckenmeyen olas\u0131l\u0131klar\u2026 Sonunda birle\u015fip Calliope Stephanides&#8217;i olu\u015fturacak t\u00fcm par\u00e7alar.  Eugenides dokuz y\u0131lda yazd\u0131\u011f\u0131 Middlesex&#8217;te \u00fc\u00e7 ku\u015fak ve iki k\u0131taya yay\u0131lm\u0131\u015f bir aile hik\u00e2yesini tabulara ve dogmalara alayc\u0131 bir dille kar\u015f\u0131 \u00e7\u0131karak, inan\u0131lmaz bir ak\u0131c\u0131l\u0131kla anlat\u0131yor. Bug\u00fcne kadar 35 dilde yay\u0131mlanan ve \u00fc\u00e7 milyonun \u00fcst\u00fcnde okura ula\u015fan Middlesex, bir modern zamanlar destan\u0131. Ve t\u00fcm destanlar gibi, kahramanlar\u0131n\u0131n hikayesinden \u00e7ok daha fazlas\u0131n\u0131 s\u00f6yl\u00fcyor bize. (Tan\u0131t\u0131m B\u00fclteninden) <\/p>\n","protected":false},"excerpt":{"rendered":"<p>2003 Pul\u0131tzer Edebiyat \u00d6d\u00fcl\u00fc&#8221;21. Y\u00dcZYILIN EN \u0130Y\u0130 12 ROMANI&#8221; se\u00e7kisinde (BBC&#8217;nin 2015 y\u0131l\u0131nda d\u00fcnyan\u0131n \u00f6nde gelen kitap ele\u015ftirmenleri aras\u0131nda yapt\u0131\u011f\u0131 anketin sonucu)&#8221;\u00d6LMEDEN \u00d6NCE OKUMANIZ GEREKEN 1001<span class=\"excerpt-hellip\"> [\u2026]<\/span><\/p>\n","protected":false},"featured_media":0,"template":"","meta":{"_monsterinsights_skip_tracking":false,"_monsterinsights_sitenote_active":false,"_monsterinsights_sitenote_note":"","_monsterinsights_sitenote_category":0},"product_brand":[],"product_cat":[12718,18102,12719],"product_tag":[],"class_list":{"0":"post-703285","1":"product","2":"type-product","3":"status-publish","5":"product_cat-din","6":"product_cat-edebiyat-roman","7":"product_cat-islam","8":"pa_cilt-ciltsiz","9":"pa_tur-kitap","10":"pa_yayinevi-domingo-yayinevi","11":"pa_yazar-jeffrey-eugenides","13":"first","14":"instock","15":"sale","16":"shipping-taxable","17":"purchasable","18":"product-type-simple"},"_links":{"self":[{"href":"https:\/\/roveyayinevi.com.tr\/index.php\/wp-json\/wp\/v2\/product\/703285","targetHints":{"allow":["GET"]}}],"collection":[{"href":"https:\/\/roveyayinevi.com.tr\/index.php\/wp-json\/wp\/v2\/product"}],"about":[{"href":"https:\/\/roveyayinevi.com.tr\/index.php\/wp-json\/wp\/v2\/types\/product"}],"wp:attachment":[{"href":"https:\/\/roveyayinevi.com.tr\/index.php\/wp-json\/wp\/v2\/media?parent=703285"}],"wp:term":[{"taxonomy":"product_brand","embeddable":true,"href":"https:\/\/roveyayinevi.com.tr\/index.php\/wp-json\/wp\/v2\/product_brand?post=703285"},{"taxonomy":"product_cat","embeddable":true,"href":"https:\/\/roveyayinevi.com.tr\/index.php\/wp-json\/wp\/v2\/product_cat?post=703285"},{"taxonomy":"product_tag","embeddable":true,"href":"https:\/\/roveyayinevi.com.tr\/index.php\/wp-json\/wp\/v2\/product_tag?post=703285"}],"curies":[{"name":"wp","href":"https:\/\/api.w.org\/{rel}","templated":true}]}}