{"id":703272,"date":"2025-08-27T15:24:12","date_gmt":"2025-08-27T12:24:12","guid":{"rendered":"https:\/\/roveyayinevi.com.tr\/index.php\/urun\/bilimsel-bakis\/"},"modified":"2026-04-16T02:12:33","modified_gmt":"2026-04-15T23:12:33","slug":"bilimsel-bakis","status":"publish","type":"product","link":"https:\/\/roveyayinevi.com.tr\/index.php\/urun\/bilimsel-bakis\/","title":{"rendered":"Bilimsel Bak\u0131\u015f"},"content":{"rendered":"<p>Bilimsel Bak\u0131\u015f\u2019ta Bertrand Russell bilimin ne oldu\u011funu a\u00e7\u0131kl\u0131yor, bilimi din ile sanat gibi \u00f6teki bilme bi\u00e7imlerinden nelerin ay\u0131rd\u0131\u011f\u0131 \u00fczerinde duruyor ve bilimsel toplumun gelece\u011fiyle ilgili \u00f6ng\u00f6r\u00fclerini payla\u015f\u0131yor. Russell\u2019a g\u00f6re bilim belli olgular\u0131 birbirine ba\u011flayan genel yasalar\u0131 ara\u015ft\u0131r\u0131r, bu anlamda, ancak soyut ve hayali bilgilere ula\u015fabilen di\u011fer bilme bi\u00e7imlerinden \u00fcst\u00fcnd\u00fcr. \ufffc<\/p>\n","protected":false},"excerpt":{"rendered":"<p>Bilimsel Bak\u0131\u015f\u2019ta Bertrand Russell bilimin ne oldu\u011funu a\u00e7\u0131kl\u0131yor, bilimi din ile sanat gibi \u00f6teki bilme bi\u00e7imlerinden nelerin ay\u0131rd\u0131\u011f\u0131 \u00fczerinde duruyor ve bilimsel toplumun gelece\u011fiyle ilgili \u00f6ng\u00f6r\u00fclerini<span class=\"excerpt-hellip\"> [\u2026]<\/span><\/p>\n","protected":false},"featured_media":0,"template":"","meta":{"_monsterinsights_skip_tracking":false,"_monsterinsights_sitenote_active":false,"_monsterinsights_sitenote_note":"","_monsterinsights_sitenote_category":0},"product_brand":[],"product_cat":[12389,12388],"product_tag":[],"class_list":{"0":"post-703272","1":"product","2":"type-product","3":"status-publish","5":"product_cat-diger-felsefe","6":"product_cat-felsefe","7":"pa_cilt-ciltsiz","8":"pa_tur-kitap","9":"pa_yayinevi-say-yayinlari","10":"pa_yazar-bertrand-russell","12":"first","13":"instock","14":"sale","15":"shipping-taxable","16":"purchasable","17":"product-type-simple"},"_links":{"self":[{"href":"https:\/\/roveyayinevi.com.tr\/index.php\/wp-json\/wp\/v2\/product\/703272","targetHints":{"allow":["GET"]}}],"collection":[{"href":"https:\/\/roveyayinevi.com.tr\/index.php\/wp-json\/wp\/v2\/product"}],"about":[{"href":"https:\/\/roveyayinevi.com.tr\/index.php\/wp-json\/wp\/v2\/types\/product"}],"wp:attachment":[{"href":"https:\/\/roveyayinevi.com.tr\/index.php\/wp-json\/wp\/v2\/media?parent=703272"}],"wp:term":[{"taxonomy":"product_brand","embeddable":true,"href":"https:\/\/roveyayinevi.com.tr\/index.php\/wp-json\/wp\/v2\/product_brand?post=703272"},{"taxonomy":"product_cat","embeddable":true,"href":"https:\/\/roveyayinevi.com.tr\/index.php\/wp-json\/wp\/v2\/product_cat?post=703272"},{"taxonomy":"product_tag","embeddable":true,"href":"https:\/\/roveyayinevi.com.tr\/index.php\/wp-json\/wp\/v2\/product_tag?post=703272"}],"curies":[{"name":"wp","href":"https:\/\/api.w.org\/{rel}","templated":true}]}}