{"id":703269,"date":"2025-08-27T15:24:11","date_gmt":"2025-08-27T12:24:11","guid":{"rendered":"https:\/\/roveyayinevi.com.tr\/index.php\/urun\/amerikada-demokrasi-1\/"},"modified":"2026-04-16T02:12:33","modified_gmt":"2026-04-15T23:12:33","slug":"amerikada-demokrasi-1","status":"publish","type":"product","link":"https:\/\/roveyayinevi.com.tr\/index.php\/urun\/amerikada-demokrasi-1\/","title":{"rendered":"Amerika&#8217;da Demokrasi 1"},"content":{"rendered":"<p>Tocqueville\u2019in ba\u015fyap\u0131t\u0131 Amerika\u2019da Demokrasi\u2019nin yerine konulabilecek pek az eser vard\u0131r. Bu b\u00fcy\u00fck yazar modern d\u00fcnyan\u0131n \u00e7ocukluk y\u0131llar\u0131n\u0131 yetkin bir g\u00f6zlem g\u00fcc\u00fc ve benzersiz bir \u00fcslupla anlat\u0131r. Siyaset biliminin bu opus magnum\u2019unda her ad\u0131mda ger\u00e7ekli\u011fin izi s\u00fcr\u00fcl\u00fcr; hak, hukuk, adalet ve \u00f6zg\u00fcrl\u00fcklere dair \u00e7arp\u0131c\u0131 tespitlerle, Avrupa ile Amerika aras\u0131nda \u00f6nemli kar\u015f\u0131la\u015ft\u0131rmalar yap\u0131l\u0131r. Amerika\u2019dan hareketle esasen Avrupa demokrasisi tart\u0131\u015f\u0131l\u0131r. Hen\u00fcz 1830\u2019lar\u0131n d\u00fcnyas\u0131nda Tocqueville demokrasinin ka\u00e7\u0131n\u0131lmaz bir bi\u00e7imde d\u00fcnyay\u0131 fethedece\u011fini ilan eder ve bunu \u00f6zg\u00fcrl\u00fckler i\u00e7in biricik imkan olarak sunar.<\/p>\n","protected":false},"excerpt":{"rendered":"<p>Tocqueville\u2019in ba\u015fyap\u0131t\u0131 Amerika\u2019da Demokrasi\u2019nin yerine konulabilecek pek az eser vard\u0131r. Bu b\u00fcy\u00fck yazar modern d\u00fcnyan\u0131n \u00e7ocukluk y\u0131llar\u0131n\u0131 yetkin bir g\u00f6zlem g\u00fcc\u00fc ve benzersiz bir \u00fcslupla anlat\u0131r.<span class=\"excerpt-hellip\"> [\u2026]<\/span><\/p>\n","protected":false},"featured_media":0,"template":"","meta":{"_monsterinsights_skip_tracking":false,"_monsterinsights_sitenote_active":false,"_monsterinsights_sitenote_note":"","_monsterinsights_sitenote_category":0},"product_brand":[],"product_cat":[12337,14706],"product_tag":[],"class_list":{"0":"post-703269","1":"product","2":"type-product","3":"status-publish","5":"product_cat-politika-siyaset","6":"product_cat-siyaset-bilimi","7":"pa_cilt-ciltsiz","8":"pa_tur-kitap","9":"pa_yayinevi-dogu-bati-yayinlari","10":"pa_yazar-alexis-de-tocqueville","12":"first","13":"instock","14":"sale","15":"shipping-taxable","16":"purchasable","17":"product-type-simple"},"_links":{"self":[{"href":"https:\/\/roveyayinevi.com.tr\/index.php\/wp-json\/wp\/v2\/product\/703269","targetHints":{"allow":["GET"]}}],"collection":[{"href":"https:\/\/roveyayinevi.com.tr\/index.php\/wp-json\/wp\/v2\/product"}],"about":[{"href":"https:\/\/roveyayinevi.com.tr\/index.php\/wp-json\/wp\/v2\/types\/product"}],"wp:attachment":[{"href":"https:\/\/roveyayinevi.com.tr\/index.php\/wp-json\/wp\/v2\/media?parent=703269"}],"wp:term":[{"taxonomy":"product_brand","embeddable":true,"href":"https:\/\/roveyayinevi.com.tr\/index.php\/wp-json\/wp\/v2\/product_brand?post=703269"},{"taxonomy":"product_cat","embeddable":true,"href":"https:\/\/roveyayinevi.com.tr\/index.php\/wp-json\/wp\/v2\/product_cat?post=703269"},{"taxonomy":"product_tag","embeddable":true,"href":"https:\/\/roveyayinevi.com.tr\/index.php\/wp-json\/wp\/v2\/product_tag?post=703269"}],"curies":[{"name":"wp","href":"https:\/\/api.w.org\/{rel}","templated":true}]}}