{"id":703248,"date":"2025-08-27T15:24:03","date_gmt":"2025-08-27T12:24:03","guid":{"rendered":"https:\/\/roveyayinevi.com.tr\/index.php\/urun\/elestirmenin-arzusu\/"},"modified":"2026-04-16T02:12:32","modified_gmt":"2026-04-15T23:12:32","slug":"elestirmenin-arzusu","status":"publish","type":"product","link":"https:\/\/roveyayinevi.com.tr\/index.php\/urun\/elestirmenin-arzusu\/","title":{"rendered":"Ele\u015ftirmenin Arzusu"},"content":{"rendered":"<p>Ele\u015ftirmenin Arzusu, nesnel ele\u015ftirinin \u00f6nde gelen isimlerinden H\u00fcseyin C\u00f6nt\u00fcrk\u2019\u00fcn yak\u0131n dostu Haluk Aker\u2019e 1968-2003 y\u0131llar\u0131 aras\u0131nda yazd\u0131\u011f\u0131 toplam 253 mektubu bir araya getiriyor. Bu mektuplar C\u00f6nt\u00fcrk\u2019\u00fcn edebiyattan koptu\u011fu d\u00fc\u015f\u00fcn\u00fclen son y\u0131llar\u0131nda edebiyat tutkusunun, \u00e7al\u0131\u015fmalar\u0131n\u0131 yay\u0131mlama arzusu ve heyecan\u0131 bulma umudunun nas\u0131l s\u00fcrd\u00fc\u011f\u00fcn\u00fc g\u00f6steriyor. Onun edebiyat olaylar\u0131na ve edebiyat\u00e7\u0131lara ili\u015fkin g\u00f6r\u00fc\u015flerini, divan edebiyat\u0131na olan derin ilgisini yans\u0131tt\u0131\u011f\u0131 kadar d\u00f6nemin edebiyat ortam\u0131na da \u0131\u015f\u0131k tutuyor. <\/p>\n","protected":false},"excerpt":{"rendered":"<p>Ele\u015ftirmenin Arzusu, nesnel ele\u015ftirinin \u00f6nde gelen isimlerinden H\u00fcseyin C\u00f6nt\u00fcrk\u2019\u00fcn yak\u0131n dostu Haluk Aker\u2019e 1968-2003 y\u0131llar\u0131 aras\u0131nda yazd\u0131\u011f\u0131 toplam 253 mektubu bir araya getiriyor. Bu mektuplar C\u00f6nt\u00fcrk\u2019\u00fcn<span class=\"excerpt-hellip\"> [\u2026]<\/span><\/p>\n","protected":false},"featured_media":0,"template":"","meta":{"_monsterinsights_skip_tracking":false,"_monsterinsights_sitenote_active":false,"_monsterinsights_sitenote_note":"","_monsterinsights_sitenote_category":0},"product_brand":[],"product_cat":[13701,12291],"product_tag":[],"class_list":{"0":"post-703248","1":"product","2":"type-product","3":"status-publish","5":"product_cat-ani-mektup-gunluk","6":"product_cat-edebiyat","7":"pa_cilt-ciltsiz","8":"pa_tur-kitap","9":"pa_yayinevi-yapi-kredi-yayinlari","10":"pa_yazar-huseyin-conturk","12":"first","13":"instock","14":"sale","15":"shipping-taxable","16":"purchasable","17":"product-type-simple"},"_links":{"self":[{"href":"https:\/\/roveyayinevi.com.tr\/index.php\/wp-json\/wp\/v2\/product\/703248","targetHints":{"allow":["GET"]}}],"collection":[{"href":"https:\/\/roveyayinevi.com.tr\/index.php\/wp-json\/wp\/v2\/product"}],"about":[{"href":"https:\/\/roveyayinevi.com.tr\/index.php\/wp-json\/wp\/v2\/types\/product"}],"wp:attachment":[{"href":"https:\/\/roveyayinevi.com.tr\/index.php\/wp-json\/wp\/v2\/media?parent=703248"}],"wp:term":[{"taxonomy":"product_brand","embeddable":true,"href":"https:\/\/roveyayinevi.com.tr\/index.php\/wp-json\/wp\/v2\/product_brand?post=703248"},{"taxonomy":"product_cat","embeddable":true,"href":"https:\/\/roveyayinevi.com.tr\/index.php\/wp-json\/wp\/v2\/product_cat?post=703248"},{"taxonomy":"product_tag","embeddable":true,"href":"https:\/\/roveyayinevi.com.tr\/index.php\/wp-json\/wp\/v2\/product_tag?post=703248"}],"curies":[{"name":"wp","href":"https:\/\/api.w.org\/{rel}","templated":true}]}}