{"id":703239,"date":"2025-08-27T15:24:00","date_gmt":"2025-08-27T12:24:00","guid":{"rendered":"https:\/\/roveyayinevi.com.tr\/index.php\/urun\/aci-bilgi\/"},"modified":"2026-04-16T02:12:32","modified_gmt":"2026-04-15T23:12:32","slug":"aci-bilgi","status":"publish","type":"product","link":"https:\/\/roveyayinevi.com.tr\/index.php\/urun\/aci-bilgi\/","title":{"rendered":"Ac\u0131 Bilgi"},"content":{"rendered":"<p>\u201cYaz\u0131 hayat de\u011fildir, imgelem \u00fcr\u00fcn\u00fc ger\u00e7e\u011fin ta kendisi de\u011fildir, hik\u00e2ye deneyim de\u011fildir, gezmek gezmek(ten ibaret) de\u011fildir, yazmak gezmek, gezinmek, kaybolmak, bulmak ve bulu\u015fmakt\u0131r: Ben buraya ondan geldim.\u201d EN\u0130S BATUR 1995\u2019ten bu yana pe\u015fpe\u015fe yolculuk metinleri yay\u0131mlanan Enis Batur\u2019un bu kitab\u0131 bir yol roman\u0131: D\u00fc\u015f\u00fcn, imgenin, g\u00f6zlemin i\u00e7i\u00e7e ge\u00e7ti\u011fi, hik\u00e2yeden hik\u00e2yeye s\u0131\u00e7rayarak, sahici mi kurmaca m\u0131 oldu\u011fu kestirilemeyen bir  Zaman-Uzam kesitinin i\u00e7inde okura izini kaybettiren bir anlat\u0131. <\/p>\n","protected":false},"excerpt":{"rendered":"<p>\u201cYaz\u0131 hayat de\u011fildir, imgelem \u00fcr\u00fcn\u00fc ger\u00e7e\u011fin ta kendisi de\u011fildir, hik\u00e2ye deneyim de\u011fildir, gezmek gezmek(ten ibaret) de\u011fildir, yazmak gezmek, gezinmek, kaybolmak, bulmak ve bulu\u015fmakt\u0131r: Ben buraya ondan<span class=\"excerpt-hellip\"> [\u2026]<\/span><\/p>\n","protected":false},"featured_media":0,"template":"","meta":{"_monsterinsights_skip_tracking":false,"_monsterinsights_sitenote_active":false,"_monsterinsights_sitenote_note":"","_monsterinsights_sitenote_category":0},"product_brand":[],"product_cat":[12291,12292],"product_tag":[],"class_list":{"0":"post-703239","1":"product","2":"type-product","3":"status-publish","5":"product_cat-edebiyat","6":"product_cat-turk-edebiyati","7":"pa_cilt-ciltsiz","8":"pa_tur-kitap","9":"pa_yayinevi-kirmizi-kedi-yayinevi","10":"pa_yazar-enis-batur","12":"first","13":"instock","14":"sale","15":"shipping-taxable","16":"purchasable","17":"product-type-simple"},"_links":{"self":[{"href":"https:\/\/roveyayinevi.com.tr\/index.php\/wp-json\/wp\/v2\/product\/703239","targetHints":{"allow":["GET"]}}],"collection":[{"href":"https:\/\/roveyayinevi.com.tr\/index.php\/wp-json\/wp\/v2\/product"}],"about":[{"href":"https:\/\/roveyayinevi.com.tr\/index.php\/wp-json\/wp\/v2\/types\/product"}],"wp:attachment":[{"href":"https:\/\/roveyayinevi.com.tr\/index.php\/wp-json\/wp\/v2\/media?parent=703239"}],"wp:term":[{"taxonomy":"product_brand","embeddable":true,"href":"https:\/\/roveyayinevi.com.tr\/index.php\/wp-json\/wp\/v2\/product_brand?post=703239"},{"taxonomy":"product_cat","embeddable":true,"href":"https:\/\/roveyayinevi.com.tr\/index.php\/wp-json\/wp\/v2\/product_cat?post=703239"},{"taxonomy":"product_tag","embeddable":true,"href":"https:\/\/roveyayinevi.com.tr\/index.php\/wp-json\/wp\/v2\/product_tag?post=703239"}],"curies":[{"name":"wp","href":"https:\/\/api.w.org\/{rel}","templated":true}]}}