{"id":703226,"date":"2025-08-27T15:23:11","date_gmt":"2025-08-27T12:23:11","guid":{"rendered":"https:\/\/roveyayinevi.com.tr\/index.php\/urun\/yasanmis-oykulerle-aile-terapisi\/"},"modified":"2026-04-16T02:12:32","modified_gmt":"2026-04-15T23:12:32","slug":"yasanmis-oykulerle-aile-terapisi","status":"publish","type":"product","link":"https:\/\/roveyayinevi.com.tr\/index.php\/urun\/yasanmis-oykulerle-aile-terapisi\/","title":{"rendered":"Ya\u015fanm\u0131\u015f \u00d6yk\u00fclerle Aile Terapisi"},"content":{"rendered":"<p>Bir kad\u0131n i\u00e7in duygusal ihtiya\u00e7 asl\u0131nda her \u015feyden \u00f6nce gelir. Sevilmeyen kad\u0131n h\u0131r\u00e7\u0131nd\u0131r. Sevilen kad\u0131n \u015f\u0131mar\u0131r, \u015f\u0131maran kad\u0131n mutludur. Kad\u0131n mutluysa herkes mutludur. <\/p>\n","protected":false},"excerpt":{"rendered":"<p>Bir kad\u0131n i\u00e7in duygusal ihtiya\u00e7 asl\u0131nda her \u015feyden \u00f6nce gelir. Sevilmeyen kad\u0131n h\u0131r\u00e7\u0131nd\u0131r. Sevilen kad\u0131n \u015f\u0131mar\u0131r, \u015f\u0131maran kad\u0131n mutludur. Kad\u0131n mutluysa herkes mutludur.<\/p>\n","protected":false},"featured_media":0,"template":"","meta":{"_monsterinsights_skip_tracking":false,"_monsterinsights_sitenote_active":false,"_monsterinsights_sitenote_note":"","_monsterinsights_sitenote_category":0},"product_brand":[],"product_cat":[26396,13488],"product_tag":[],"class_list":{"0":"post-703226","1":"product","2":"type-product","3":"status-publish","5":"product_cat-kadin-erkek-iliskileri","6":"product_cat-toplum-ve-insan","7":"pa_tur-kitap","8":"pa_yayinevi-hayat-yayinlari","9":"pa_yazar-selahattin-yaylamaz","11":"first","12":"instock","13":"sale","14":"shipping-taxable","15":"purchasable","16":"product-type-simple"},"_links":{"self":[{"href":"https:\/\/roveyayinevi.com.tr\/index.php\/wp-json\/wp\/v2\/product\/703226","targetHints":{"allow":["GET"]}}],"collection":[{"href":"https:\/\/roveyayinevi.com.tr\/index.php\/wp-json\/wp\/v2\/product"}],"about":[{"href":"https:\/\/roveyayinevi.com.tr\/index.php\/wp-json\/wp\/v2\/types\/product"}],"wp:attachment":[{"href":"https:\/\/roveyayinevi.com.tr\/index.php\/wp-json\/wp\/v2\/media?parent=703226"}],"wp:term":[{"taxonomy":"product_brand","embeddable":true,"href":"https:\/\/roveyayinevi.com.tr\/index.php\/wp-json\/wp\/v2\/product_brand?post=703226"},{"taxonomy":"product_cat","embeddable":true,"href":"https:\/\/roveyayinevi.com.tr\/index.php\/wp-json\/wp\/v2\/product_cat?post=703226"},{"taxonomy":"product_tag","embeddable":true,"href":"https:\/\/roveyayinevi.com.tr\/index.php\/wp-json\/wp\/v2\/product_tag?post=703226"}],"curies":[{"name":"wp","href":"https:\/\/api.w.org\/{rel}","templated":true}]}}