{"id":703207,"date":"2025-08-27T15:23:03","date_gmt":"2025-08-27T12:23:03","guid":{"rendered":"https:\/\/roveyayinevi.com.tr\/index.php\/urun\/oteki-mehmed-akif-vaiz\/"},"modified":"2026-04-16T02:12:32","modified_gmt":"2026-04-15T23:12:32","slug":"oteki-mehmed-akif-vaiz","status":"publish","type":"product","link":"https:\/\/roveyayinevi.com.tr\/index.php\/urun\/oteki-mehmed-akif-vaiz\/","title":{"rendered":"\u00d6teki Mehmed Akif : Vaiz"},"content":{"rendered":"<p>Mehmed Akif ile Y\u00fczle\u015fmek Uydurulmu\u015f Mehmed Akif&#8217;e Kar\u015f\u0131 Ger\u00e7ek Mehmed Akif Mehmed Akif&#8217;i ara\u015ft\u0131rd\u0131k\u00e7a onunla ilgili \u00fcst\u00fc \u00f6rt\u00fclm\u00fc\u015f, anlat\u0131lmam\u0131\u015f veya \u00e7arp\u0131t\u0131lm\u0131\u015f pek \u00e7ok ba\u015fka ger\u00e7ekle kar\u015f\u0131la\u015ft\u0131m. Ara\u015ft\u0131rmalar\u0131m sonunda g\u00f6rd\u00fc\u011f\u00fcm -y\u0131llarca belli \u00e7evrelerin tekelinde kal\u0131p olabildi\u011fince s\u00f6m\u00fcr\u00fclm\u00fc\u015f o bildi\u011fimiz Mehmed Akif&#8217;e pek benzemeyen ve bug\u00fcne kadar pek anlat\u0131lmam\u0131\u015f \u00f6teki Mehmed Akif&#8217;ti\u2026 <\/p>\n","protected":false},"excerpt":{"rendered":"<p>Mehmed Akif ile Y\u00fczle\u015fmek Uydurulmu\u015f Mehmed Akif&#8217;e Kar\u015f\u0131 Ger\u00e7ek Mehmed Akif Mehmed Akif&#8217;i ara\u015ft\u0131rd\u0131k\u00e7a onunla ilgili \u00fcst\u00fc \u00f6rt\u00fclm\u00fc\u015f, anlat\u0131lmam\u0131\u015f veya \u00e7arp\u0131t\u0131lm\u0131\u015f pek \u00e7ok ba\u015fka ger\u00e7ekle kar\u015f\u0131la\u015ft\u0131m.<span class=\"excerpt-hellip\"> [\u2026]<\/span><\/p>\n","protected":false},"featured_media":0,"template":"","meta":{"_monsterinsights_skip_tracking":false,"_monsterinsights_sitenote_active":false,"_monsterinsights_sitenote_note":"","_monsterinsights_sitenote_category":0},"product_brand":[],"product_cat":[14009,12291],"product_tag":[],"class_list":{"0":"post-703207","1":"product","2":"type-product","3":"status-publish","5":"product_cat-biyografi-otobiyografi-edebiyat","6":"product_cat-edebiyat","7":"pa_cilt-ciltsiz","8":"pa_tur-kitap","9":"pa_yayinevi-inkilap-kitabevi","10":"pa_yazar-sinan-meydan","12":"first","13":"instock","14":"sale","15":"shipping-taxable","16":"purchasable","17":"product-type-simple"},"_links":{"self":[{"href":"https:\/\/roveyayinevi.com.tr\/index.php\/wp-json\/wp\/v2\/product\/703207","targetHints":{"allow":["GET"]}}],"collection":[{"href":"https:\/\/roveyayinevi.com.tr\/index.php\/wp-json\/wp\/v2\/product"}],"about":[{"href":"https:\/\/roveyayinevi.com.tr\/index.php\/wp-json\/wp\/v2\/types\/product"}],"wp:attachment":[{"href":"https:\/\/roveyayinevi.com.tr\/index.php\/wp-json\/wp\/v2\/media?parent=703207"}],"wp:term":[{"taxonomy":"product_brand","embeddable":true,"href":"https:\/\/roveyayinevi.com.tr\/index.php\/wp-json\/wp\/v2\/product_brand?post=703207"},{"taxonomy":"product_cat","embeddable":true,"href":"https:\/\/roveyayinevi.com.tr\/index.php\/wp-json\/wp\/v2\/product_cat?post=703207"},{"taxonomy":"product_tag","embeddable":true,"href":"https:\/\/roveyayinevi.com.tr\/index.php\/wp-json\/wp\/v2\/product_tag?post=703207"}],"curies":[{"name":"wp","href":"https:\/\/api.w.org\/{rel}","templated":true}]}}

Öteki Mehmed Akif : Vaiz

<p>Mehmed Akif ile Yüzleşmek Uydurulmuş Mehmed Akif&#8217;e Karşı Gerçek Mehmed Akif Mehmed Akif&#8217;i araştırdıkça onunla ilgili üstü örtülmüş, anlatılmamış veya çarpıtılmış pek çok başka gerçekle karşılaştım. Araştırmalarım sonunda gördüğüm -yıllarca belli çevrelerin tekelinde kalıp olabildiğince sömürülmüş o bildiğimiz Mehmed Akif&#8217;e pek benzemeyen ve bugüne kadar pek anlatılmamış öteki Mehmed Akif&#8217;ti… </p>

<p>Mehmed Akif ile Yüzleşmek Uydurulmuş Mehmed Akif&#8217;e Karşı Gerçek Mehmed Akif Mehmed Akif&#8217;i araştırdıkça onunla ilgili üstü örtülmüş, anlatılmamış veya çarpıtılmış pek çok başka gerçekle karşılaştım.<span class="excerpt-hellip"> […]</span></p>
