{"id":703202,"date":"2025-08-27T15:23:01","date_gmt":"2025-08-27T12:23:01","guid":{"rendered":"https:\/\/roveyayinevi.com.tr\/index.php\/urun\/150-belgede-ermeni-meselesi\/"},"modified":"2026-04-16T02:12:32","modified_gmt":"2026-04-15T23:12:32","slug":"150-belgede-ermeni-meselesi","status":"publish","type":"product","link":"https:\/\/roveyayinevi.com.tr\/index.php\/urun\/150-belgede-ermeni-meselesi\/","title":{"rendered":"150 Belgede Ermeni Meselesi"},"content":{"rendered":"<p>Ermeni meselesi hakk\u0131ndaki tart\u0131\u015fmalar y\u0131llard\u0131r s\u00fcr\u00fcyor. Mehmet Perin\u00e7ek, Rus ar\u015fivlerinde y\u00fcr\u00fctt\u00fc\u011f\u00fc titiz \u00e7al\u0131\u015fmalar sonucunda buldu\u011fu belgelerle, bu tart\u0131\u015fmalara \u00e7ok \u00f6nemli katk\u0131larda bulunuyor. Rus Devlet Ar\u015fivlerinden 150 Belgede Ermeni Meselesi bu konuda en zengin kaynak durumundaki Rus ar\u015fivlerinden 150 belgeyi orjinalleriyle birlikte okuyuculara sunuyor. Ermeniler Osmanl\u0131 \u0130mparatorlu\u011fu&#8217;nda hangi \u015fartlarda ya\u015f\u0131yorlard\u0131? \u00c7arl\u0131k Rusyas\u0131&#8217;n\u0131n, \u0130ngiltere&#8217;nin ve Fransa&#8217;n\u0131n Ermeni meselesindeki rolleri neydi? Rus askeri mahkemeleri Birinci D\u00fcnya Sava\u015f\u0131&#8217;nda Ermenileri neden yarg\u0131lad\u0131? \u00c7arl\u0131k generalleri Ermeni \u00e7eteleri hakk\u0131nda neler diyordu? Ermenistan&#8217;\u0131n ilk ba\u015fbakan\u0131, Ta\u015fnak Partisi i\u00e7in haz\u0131rlad\u0131\u011f\u0131 raporda ne yazd\u0131? Bol\u015feviklerin Ermeni meselesindeki tavr\u0131 neydi? Mehmet Perin\u00e7ek&#8217;in \u00c7arl\u0131k generallerinin \u00e7ok gizli raporlar\u0131n\u0131, Ermeni yetkililerin yaz\u0131\u015fmalar\u0131n\u0131, Sovyet Polisb\u00fcrosu&#8217;nun tutanaklar\u0131n\u0131 tarayarak buldu\u011fu belgeler sadece \u00fclkemizde de\u011fil, ba\u015fta Rusya ve \u0130ran olmak \u00fczere b\u00fct\u00fcn d\u00fcnyada tart\u0131\u015fma yarat\u0131yor. <\/p>\n","protected":false},"excerpt":{"rendered":"<p>Ermeni meselesi hakk\u0131ndaki tart\u0131\u015fmalar y\u0131llard\u0131r s\u00fcr\u00fcyor. Mehmet Perin\u00e7ek, Rus ar\u015fivlerinde y\u00fcr\u00fctt\u00fc\u011f\u00fc titiz \u00e7al\u0131\u015fmalar sonucunda buldu\u011fu belgelerle, bu tart\u0131\u015fmalara \u00e7ok \u00f6nemli katk\u0131larda bulunuyor. Rus Devlet Ar\u015fivlerinden 150<span class=\"excerpt-hellip\"> [\u2026]<\/span><\/p>\n","protected":false},"featured_media":0,"template":"","meta":{"_monsterinsights_skip_tracking":false,"_monsterinsights_sitenote_active":false,"_monsterinsights_sitenote_note":"","_monsterinsights_sitenote_category":0},"product_brand":[],"product_cat":[13656,12337],"product_tag":[],"class_list":{"0":"post-703202","1":"product","2":"type-product","3":"status-publish","5":"product_cat-azinliklar-etnik-sorunlar","6":"product_cat-politika-siyaset","7":"pa_cilt-ciltsiz","8":"pa_tur-kitap","9":"pa_yayinevi-kirmizi-kedi-yayinevi","10":"pa_yazar-mehmet-perincek","12":"first","13":"instock","14":"sale","15":"shipping-taxable","16":"purchasable","17":"product-type-simple"},"_links":{"self":[{"href":"https:\/\/roveyayinevi.com.tr\/index.php\/wp-json\/wp\/v2\/product\/703202","targetHints":{"allow":["GET"]}}],"collection":[{"href":"https:\/\/roveyayinevi.com.tr\/index.php\/wp-json\/wp\/v2\/product"}],"about":[{"href":"https:\/\/roveyayinevi.com.tr\/index.php\/wp-json\/wp\/v2\/types\/product"}],"wp:attachment":[{"href":"https:\/\/roveyayinevi.com.tr\/index.php\/wp-json\/wp\/v2\/media?parent=703202"}],"wp:term":[{"taxonomy":"product_brand","embeddable":true,"href":"https:\/\/roveyayinevi.com.tr\/index.php\/wp-json\/wp\/v2\/product_brand?post=703202"},{"taxonomy":"product_cat","embeddable":true,"href":"https:\/\/roveyayinevi.com.tr\/index.php\/wp-json\/wp\/v2\/product_cat?post=703202"},{"taxonomy":"product_tag","embeddable":true,"href":"https:\/\/roveyayinevi.com.tr\/index.php\/wp-json\/wp\/v2\/product_tag?post=703202"}],"curies":[{"name":"wp","href":"https:\/\/api.w.org\/{rel}","templated":true}]}}

<p>Ermeni meselesi hakkındaki tartışmalar yıllardır sürüyor. Mehmet Perinçek, Rus arşivlerinde yürüttüğü titiz çalışmalar sonucunda bulduğu belgelerle, bu tartışmalara çok önemli katkılarda bulunuyor. Rus Devlet Arşivlerinden 150 Belgede Ermeni Meselesi bu konuda en zengin kaynak durumundaki Rus arşivlerinden 150 belgeyi orjinalleriyle birlikte okuyuculara sunuyor. Ermeniler Osmanlı İmparatorluğu&#8217;nda hangi şartlarda yaşıyorlardı? Çarlık Rusyası&#8217;nın, İngiltere&#8217;nin ve Fransa&#8217;nın Ermeni meselesindeki rolleri neydi? Rus askeri mahkemeleri Birinci Dünya Savaşı&#8217;nda Ermenileri neden yargıladı? Çarlık generalleri Ermeni çeteleri hakkında neler diyordu? Ermenistan&#8217;ın ilk başbakanı, Taşnak Partisi için hazırladığı raporda ne yazdı? Bolşeviklerin Ermeni meselesindeki tavrı neydi? Mehmet Perinçek&#8217;in Çarlık generallerinin çok gizli raporlarını, Ermeni yetkililerin yazışmalarını, Sovyet Polisbürosu&#8217;nun tutanaklarını tarayarak bulduğu belgeler sadece ülkemizde değil, başta Rusya ve İran olmak üzere bütün dünyada tartışma yaratıyor. </p>

<p>Ermeni meselesi hakkındaki tartışmalar yıllardır sürüyor. Mehmet Perinçek, Rus arşivlerinde yürüttüğü titiz çalışmalar sonucunda bulduğu belgelerle, bu tartışmalara çok önemli katkılarda bulunuyor. Rus Devlet Arşivlerinden 150<span class="excerpt-hellip"> […]</span></p>
